-- https://www.phpmyadmin.net/
--
-- Czas generowania: 10 Lis 2022, 13:05
-- Wersja serwera: 10.5.17-MariaDB-cll-lve
-- Wersja PHP: 7.4.33

START TRANSACTION;



--
-- Baza danych: `rinoteqajx_prowadz`
--

-- --------------------------------------------------------

--
-- Struktura tabeli dla tabeli `admins`
--

CREATE TABLE `admins` (
  `admId` int(11) NOT NULL,
  `admEmail` varchar(80) NOT NULL,
  `admName` varchar(100) NOT NULL,
  `admPassword` varchar(40) NOT NULL,
  `admLastToken` int(11) NOT NULL,
  `admShortcuts` text NOT NULL,
  `admAppHeader` varchar(20) NOT NULL,
  `admRoot` varchar(1) NOT NULL,
  `admAppAlertsError` varchar(1) NOT NULL,
  `admAppAlertsSuccess` varchar(1) NOT NULL,
  `admPermissions` text NOT NULL
) ENGINE=MyISAM DEFAULT CHARSET=utf8;

--
-- Zrzut danych tabeli `admins`
--

INSERT INTO `admins` (`admId`, `admEmail`, `admName`, `admPassword`, `admLastToken`, `admShortcuts`, `admAppHeader`, `admRoot`, `admAppAlertsError`, `admAppAlertsSuccess`, `admPermissions`) VALUES
(1, 'bartoszswider@wp.pl', 'Bartosz Świder', '33b36392a2d9b012443c6b5cfb67713678f84943', 1, '[{\"link\":\"https:\\/\\/www.prowadzbezpiecznie.com.pl\\/reactor\\/table\\/view\\/?tid=55\",\"color\":\"#6ee80c\",\"size\":\"m\",\"icon\":\"glyphicon-align-justify\",\"x\":0,\"y\":0,\"title@pl\":\"Zestawy test\\u00f3w\",\"title@en\":\"\"}]', ' navbar-inverse', '1', '1', '0', '{\"texts\":[\"remove\",\"menu\",\"view\",\"add\",\"edit\",\"structure\"],\"categories\":[\"remove\",\"menu\",\"view\",\"add\",\"edit\",\"tree\"],\"admins\":[\"remove\",\"menu\",\"view\",\"add\",\"edit\",\"permissions\"],\"file_manager\":[\"remove\"],\"modules\":[\"remove\",\"menu\",\"view\",\"add\",\"edit\"],\"pages\":[\"remove\",\"sql\",\"menu\",\"view\",\"add\",\"edit\"],\"tables\":[\"remove\",\"menu\",\"view\",\"add\",\"edit\"],\"queries\":[\"remove\",\"menu\",\"view\",\"add\",\"edit\"],\"table_historia\":[\"remove\",\"view\",\"add\",\"edit\",\"select\"],\"table_users\":[\"remove\",\"view\",\"add\",\"edit\",\"select\"],\"table_zestawy\":[\"remove\",\"view\",\"add\",\"edit\",\"select\"]}'),
(2, 'adam@setmax.pl', 'Adam Sacha', '4ff31359eb87088ab845936c211eeb5d01894117', 0, '[]', ' navbar-inverse', '1', '1', '1', '{\"texts\":[\"remove\",\"menu\",\"view\",\"add\",\"edit\",\"structure\"],\"categories\":[\"remove\",\"sql\",\"menu\",\"view\",\"add\",\"edit\",\"structure\",\"tree\"],\"admins\":[\"remove\",\"menu\",\"view\",\"add\",\"edit\",\"structure\",\"permissions\"],\"file_manager\":[\"remove\"],\"modules\":[\"remove\",\"menu\",\"view\",\"add\",\"edit\",\"structure\"],\"pages\":[\"remove\",\"sql\",\"menu\",\"view\",\"add\",\"edit\",\"structure\"],\"tables\":[\"remove\",\"menu\",\"view\",\"add\",\"edit\",\"structure\"],\"queries\":[\"remove\",\"menu\",\"view\",\"add\",\"edit\"],\"table_galeria\":[\"remove\",\"view\",\"add\",\"edit\",\"structure\",\"select\"],\"table_historia\":[\"remove\",\"view\",\"add\",\"edit\",\"structure\",\"select\"],\"table_products\":[\"remove\",\"view\",\"add\",\"edit\",\"structure\",\"select\"],\"table_users\":[\"remove\",\"view\",\"add\",\"edit\",\"structure\",\"select\"],\"table_zestawy\":[\"remove\",\"view\",\"add\",\"edit\",\"structure\",\"select\"]}'),
(3, 'thebillek@gmail.com', 'Administrator', 'f61da942b42315ad35ca66b07813d4796e58fc69', 0, '[{\"link\":\"\\/reactor\\/table\\/view?tid=26\",\"color\":\"#428BCA\",\"size\":\"m\",\"icon\":\"glyphicon-qrcode\",\"x\":\"0\",\"y\":\"0\",\"title@pl\":\"Produkty\",\"title@en\":\"\",\"title@ru\":\"\",\"title@de\":\"\"},{\"link\":\"\\/reactor\\/categories\",\"color\":\"#6ad22f\",\"size\":\"m\",\"icon\":\"glyphicon-book\",\"x\":\"2\",\"y\":\"0\",\"title@pl\":\"Kategorie\",\"title@en\":\"\",\"title@ru\":\"\",\"title@de\":\"\"},{\"link\":\"\\/reactor\\/statystyki\",\"color\":\"#d32f2f\",\"size\":\"m\",\"icon\":\"glyphicon-signal\",\"x\":\"4\",\"y\":\"0\",\"title@pl\":\"STATYSTYKI\",\"title@en\":\"\",\"title@ru\":\"\",\"title@de\":\"\"},{\"link\":\"https:\\/\\/www.egamart.pl\\/reactor\\/table\\/view?tid=31\",\"color\":\"#000000\",\"size\":\"m\",\"icon\":\"glyphicon-flag\",\"x\":\"6\",\"y\":\"0\",\"title@pl\":\"Zam\\u00f3wienia\",\"title@en\":\"\"}]', ' navbar-inverse', '', '1', '1', '{\"texts\":[\"remove\",\"menu\",\"view\",\"add\",\"edit\",\"structure\"],\"categories\":[\"remove\",\"sql\",\"menu\",\"view\",\"add\",\"edit\",\"structure\",\"tree\"],\"admins\":[\"remove\",\"menu\",\"view\",\"add\",\"edit\",\"structure\",\"permissions\"],\"file_manager\":[\"remove\"],\"modules\":[\"remove\",\"menu\",\"view\",\"add\",\"edit\",\"structure\"],\"pages\":[\"remove\",\"sql\",\"menu\",\"view\",\"add\",\"edit\",\"structure\"],\"tables\":[\"remove\",\"menu\",\"view\",\"add\",\"edit\",\"structure\"],\"queries\":[\"remove\",\"menu\",\"view\",\"add\",\"edit\"],\"table_galeria\":[\"remove\",\"view\",\"add\",\"edit\",\"structure\",\"select\"],\"table_historia\":[\"remove\",\"view\",\"add\",\"edit\",\"structure\",\"select\"],\"table_products\":[\"remove\",\"view\",\"add\",\"edit\",\"structure\",\"select\"],\"table_users\":[\"remove\",\"view\",\"add\",\"edit\",\"structure\",\"select\"],\"table_zestawy\":[\"remove\",\"view\",\"add\",\"edit\",\"structure\",\"select\"]}');

-- --------------------------------------------------------

--
-- Struktura tabeli dla tabeli `adminTokens`
--

CREATE TABLE `adminTokens` (
  `atoAdmin_admId` int(11) NOT NULL,
  `atoCode` varchar(8) NOT NULL,
  `atoNumber` int(11) NOT NULL
) ENGINE=MyISAM DEFAULT CHARSET=utf8;

--
-- Zrzut danych tabeli `adminTokens`
--

INSERT INTO `adminTokens` (`atoAdmin_admId`, `atoCode`, `atoNumber`) VALUES
(1, '995181', 1),
(1, '263771', 2),
(1, '229321', 3),
(1, '249417', 4),
(1, '535320', 5),
(1, '681139', 6),
(1, '460456', 7),
(1, '262344', 8),
(1, '774932', 9),
(1, '196178', 10),
(1, '744846', 11),
(1, '749717', 12),
(1, '602103', 13),
(1, '167776', 14),
(1, '894940', 15),
(1, '862238', 16),
(1, '759606', 17),
(1, '506026', 18),
(1, '220542', 19),
(1, '617174', 20),
(1, '810529', 21),
(1, '537214', 22),
(1, '697334', 23),
(1, '723620', 24),
(1, '118450', 25),
(1, '481284', 26),
(1, '526378', 27),
(1, '620162', 28),
(1, '436280', 29),
(1, '688627', 30);

-- --------------------------------------------------------

--
-- Struktura tabeli dla tabeli `categories`
--

CREATE TABLE `categories` (
  `catId` int(11) NOT NULL,
  `catSlug@pl` varchar(200) NOT NULL,
  `catTitle@pl` varchar(200) NOT NULL,
  `catSlug@en` varchar(200) NOT NULL,
  `catTitle@en` varchar(200) NOT NULL,
  `catTemplate` varchar(80) NOT NULL,
  `catRoot` varchar(1) NOT NULL,
  `catParent_catId` int(11) NOT NULL,
  `catSequence` int(11) NOT NULL,
  `catStatus` varchar(1) NOT NULL,
  `catLanguages` varchar(300) NOT NULL,
  `cat#show_in_menu` varchar(255) NOT NULL DEFAULT '',
  `cat#xxx` varchar(255) NOT NULL DEFAULT '',
  `cat#ilustracja` varchar(255) NOT NULL DEFAULT '',
  `cat#typ` varchar(255) NOT NULL DEFAULT ''
) ENGINE=MyISAM DEFAULT CHARSET=utf8;

--
-- Zrzut danych tabeli `categories`
--

INSERT INTO `categories` (`catId`, `catSlug@pl`, `catTitle@pl`, `catSlug@en`, `catTitle@en`, `catTemplate`, `catRoot`, `catParent_catId`, `catSequence`, `catStatus`, `catLanguages`, `cat#show_in_menu`, `cat#xxx`, `cat#ilustracja`, `cat#typ`) VALUES
(1, 'start', 'START', 'home', 'Homepage', 'home.php', '1', 0, 3, '1', '', '', '', '', ''),
(10, 'regulamin', 'Regulamin', '', '', 'read.php', '', 0, 8, '1', '', ';footer_pomoc;', '', '', ''),
(12, 'kontakt', 'Kontakt', '', '', 'read.php', '', 0, 5, '1', '', ';footer_o_nas;', '', '', ''),
(90, 'wyniki', 'Wyniki', '', '', 'shop_category.php', '', 0, 10, '1', '', '', '', '', ''),
(32, 'profil', 'Profil', '', '', 'account.php', '', 0, 9, '1', '', ';main;;left;;footer_moje_konto;', '', '', ';marzyciel;;wolontariusz;'),
(37, 'resetuj-haslo', 'Resetuj hasło', '', '', 'account.php', '', 32, 3, '1', '', '', '', '', ''),
(35, 'logowanie', 'Logowanie', '', '', 'account.php', '', 32, 1, '1', '', ';footer_moje_konto;', '', '', ''),
(36, 'rejestracja', 'Rejestracja', '', '', 'account.php', '', 32, 2, '1', '', '', '', '', ''),
(285, 'wykonaj-test', 'Wykonaj test', '', '', 'prowadz_bezpiecznie.php', '', 0, 4, '1', '', ';main;', '', '', ''),
(203, 'polityka-cookies', 'Polityka cookies', '', '', 'read.php', '', 0, 7, '1', '', ';footer_pomoc;', '', '', ''),
(231, 'rodo', 'RODO', '', '', 'read.php', '', 0, 6, '1', '', ';footer;', '', '', ''),
(280, 'opis-aplikacji', 'Opis aplikacji', '', '', 'read.php', '', 0, 1, '1', '', ';main;', '', '', ''),
(281, 'jak-obsluzyc', 'Jak obsłużyć', '', '', 'read.php', '', 0, 2, '1', '', ';main;', '', '', ''),
(286, 'historia-testow', 'Historia testów', '', '', 'historia-testow.php', '', 32, 4, '1', '', '', '', '', '');

-- --------------------------------------------------------

--
-- Struktura tabeli dla tabeli `customFields`
--

CREATE TABLE `customFields` (
  `cfiId` int(11) NOT NULL,
  `cfiTable` varchar(30) NOT NULL,
  `cfiName` varchar(50) NOT NULL,
  `cfiTitle@pl` varchar(80) NOT NULL,
  `cfiTitle@en` varchar(80) NOT NULL,
  `cfiType` varchar(30) NOT NULL,
  `cfiDefaultValue` text NOT NULL,
  `cfiParameters` text NOT NULL,
  `cfiLanguage` varchar(1) NOT NULL,
  `cfiShowOnList` varchar(1) NOT NULL,
  `cfiSequence` int(11) NOT NULL,
  `cfiArrayField` varchar(80) NOT NULL
) ENGINE=MyISAM DEFAULT CHARSET=utf8;

--
-- Zrzut danych tabeli `customFields`
--

INSERT INTO `customFields` (`cfiId`, `cfiTable`, `cfiName`, `cfiTitle@pl`, `cfiTitle@en`, `cfiType`, `cfiDefaultValue`, `cfiParameters`, `cfiLanguage`, `cfiShowOnList`, `cfiSequence`, `cfiArrayField`) VALUES
(108, 'categories', 'show_in_menu', 'Pokazuj w menu', '', 'checkboxes', '', '{\"values\":[\"main\",\"left\",\"sg\",\"footer\",\"footer_pomoc\",\"footer_moje_konto\",\"footer_o_nas\"],\"labels\":[\"G\\u0142\\u00f3wne\",\"Lewe - Moje konto\",\"Strona Glowna - kafelki\",\"Stopka(Menu)\",\"Stopka(Pomoc)\",\"Stopka(Moje konto)\",\"Stopka(O nas)\"]}', '0', '', 1, ''),
(138, 'table_users', 'email', 'E-mail', '', 'text', '', '{\"length\":\"80\",\"size\":\"200\"}', '0', '', 1, ''),
(139, 'table_users', 'password', 'Hasło', '', 'password', '', '', '0', '', 2, ''),
(161, 'table_users', 'del_building_no', 'Numer budynku', '', 'text', '', '{\"length\":\"20\",\"size\":\"50\",\"formula\":\"\"}', '0', '', 8, ''),
(162, 'table_users', 'del_flat_no', 'Numer lokalu', '', 'text', '', '{\"length\":\"10\",\"size\":\"50\",\"formula\":\"\"}', '0', '', 9, ''),
(163, 'table_users', 'del_postal', 'Kod pocztowy', '', 'text', '', '{\"length\":\"6\",\"size\":\"90\",\"formula\":\"\"}', '0', '', 10, ''),
(164, 'table_users', 'del_city', 'Miasto', '', 'text', '', '{\"length\":\"100\",\"size\":\"200\",\"formula\":\"\"}', '0', '', 11, ''),
(160, 'table_users', 'del_street', 'Ulica', '', 'text', '', '{\"length\":\"200\",\"size\":\"300\",\"formula\":\"\"}', '0', '', 7, ''),
(159, 'table_users', 'del_name', 'Imię', '', 'text', '', '{\"length\":\"200\",\"size\":\"300\",\"formula\":\"\"}', '0', '', 6, ''),
(165, 'table_users', 'del_country', 'Kraj', '', 'text', '', '{\"length\":\"100\",\"size\":\"200\",\"formula\":\"\"}', '0', '', 12, ''),
(166, 'table_users', 'tab_delivery', 'Dane kontaktowe', '', 'tab', '', '', '0', '', 5, ''),
(362, 'categories', 'typ', 'Komu ma się pokazywać', '', 'checkboxes', '', '{\"values\":[\"marzyciel\",\"wolontariusz\"],\"labels\":[\"Marzyciel\",\"Wolontariusz\"]}', '0', '', 3, ''),
(381, 'table_zestawy', 't2_odpowiedz', 'T2 - Odpowiedź', '', 'text', '', '', '0', '', 7, ''),
(176, 'table_users', 'activation_key', 'Klucz aktywacyjny', '', 'text', '', '{\"length\":\"40\",\"size\":\"200\",\"formula\":\"\"}', '0', '', 3, ''),
(206, 'table_users', 'del_phone', 'Telefon', '', 'text', '', '{\"length\":\"20\",\"size\":\"150\",\"formula\":\"\"}', '0', '', 13, ''),
(234, 'tab\r\nle_orders', 'pos_attr_list', 'Atrybuty', '', 'keyvalue_ro', '', '', '0', '', 20, ''),
(264, 'pages', 'zajawka', 'Zajawka', 'Zajawka', 'htmlarea', '', '{\"editor\":\"advanced\",\"height\":\"100\"}', '0', '', 3, ''),
(262, 'pages', 'meta_slowa', 'Meta Slowa', '', 'text', '', '{\"length\":\"\",\"size\":\"\",\"formula\":\"\"}', '0', '', 7, ''),
(263, 'pages', 'meta_dane', 'Meta Dane', '', 'tab', '', '', '0', '', 4, ''),
(261, 'pages', 'meta_opis', 'Meta Opis', '', 'text', '', '{\"length\":\"\",\"size\":\"\",\"formula\":\"\"}', '0', '', 6, ''),
(260, 'pages', 'meta_tytul', 'Meta Tytul', '', 'text', '', '{\"length\":\"\",\"size\":\"\",\"formula\":\"\"}', '0', '', 5, ''),
(253, 'pages', 'obrazek', 'Obrazek', '', 'image', '', '', '0', '', 1, ''),
(254, 'categories', 'ilustracja', 'Ilustracja', '', 'image', '', '', '0', '', 2, ''),
(325, 'pages', 'data', 'Data', '', 'date', '', '', '0', '', 2, ''),
(382, 'table_zestawy', 't3_pytanie', 'T3 - Pytanie', '', 'text', '', '', '0', '', 8, ''),
(383, 'table_zestawy', 't3_obraz', 'T3 - Obrazek', '', 'image', '', '', '0', '', 9, ''),
(384, 'table_zestawy', 't3_odpowiedz', 'T3 - Odpowiedź', '', 'text', '', '', '0', '', 10, ''),
(324, 'table_users', 'rodo', 'Rodo', '', 'text', '', '{\"length\":\"\",\"size\":\"\",\"formula\":\"\"}', '0', '', 4, ''),
(380, 'table_zestawy', 't2_obraz', 'T2 - Krzyżówka', '', 'image', '', '', '0', '', 6, ''),
(379, 'table_zestawy', 't2_pytanie', 'T2 - Pytanie', '', 'text', '', '', '0', '', 5, ''),
(377, 'table_zestawy', 't1_znak', 'T1 - Znak', '', 'image', '', '', '0', '', 3, ''),
(378, 'table_zestawy', 't1_odpowiedz', 'T1 - Odpowiedz', '', 'text', '', '', '0', '', 4, ''),
(374, 'table_zestawy', 'nazwa', 'Nazwa', '', 'text', '', '', '0', '', 1, ''),
(376, 'table_zestawy', 't1_pytanie', 'T1 - Pytanie', '', 'text', '', '', '0', '', 2, ''),
(385, 'table_historia', 'uzytkownik', 'Użytkownik', '', 'rel_one2many', '', '{\"relationtotable\":\"table_users\",\"relationfield\":\"usr#del_name\"}', '0', '', 2, ''),
(386, 'table_historia', 'test1', 'Test 1', '', 'text', '', '', '0', '', 3, ''),
(387, 'table_historia', 'test2', 'Test 2', '', 'text', '', '', '0', '', 4, ''),
(388, 'table_historia', 'test3', 'Test 3', '', 'text', '', '', '0', '', 5, ''),
(389, 'table_historia', 'test4', 'Test4', '', 'text', '', '', '0', '', 6, ''),
(390, 'table_historia', 'test5', 'Test 5', '', 'text', '', '', '0', '', 7, ''),
(391, 'table_historia', 'test6', 'Test6', '', 'text', '', '', '0', '', 8, ''),
(392, 'table_historia', 'test7', 'Test 7', '', 'text', '', '', '0', '', 9, ''),
(393, 'table_historia', 'podsumowanie', 'Podsumowanie testu', '', 'text', '', '', '0', '', 10, ''),
(394, 'table_historia', 'data', 'Data', '', 'datetime', '', '', '0', '', 1, '');

-- --------------------------------------------------------

--
-- Struktura tabeli dla tabeli `grid`
--

CREATE TABLE `grid` (
  `griAdmin_admId` int(11) NOT NULL,
  `griTable` varchar(30) NOT NULL,
  `griFields` text NOT NULL
) ENGINE=MyISAM DEFAULT CHARSET=utf8;

--
-- Zrzut danych tabeli `grid`
--

INSERT INTO `grid` (`griAdmin_admId`, `griTable`, `griFields`) VALUES
(1, 'table_users', '{\"usrId\":{\"color\":\"\",\"show\":1},\"usr#email\":{\"color\":\"\",\"show\":1},\"usr#del_name\":{\"color\":\"\",\"show\":1}}'),
(1, 'tables', '{\"tabTitle\":{\"color\":\"\",\"show\":1}}'),
(1, 'admins', 'null'),
(1, 'categories', '{\"catId\":{\"show\":1,\"color\":\"\"},\"catTitle\":{\"show\":1,\"color\":\"\"},\"catSlug\":{\"show\":1,\"color\":\"\"},\"catTemplate\":{\"show\":0,\"color\":\"\"},\"cat#show_in_menu\":{\"show\":0,\"color\":\"\"}}'),
(1, 'pages', '{\"pagTitle\":{\"color\":\"\",\"show\":1},\"pagSlug\":{\"color\":\"\",\"show\":1}}'),
(1, 'texts', '{\"txtName\":{\"color\":\"\",\"show\":1}}'),
(2, 'admins', '{\"admId\":{\"show\":0,\"color\":\"\"},\"admName\":{\"show\":1,\"color\":\"\"},\"admEmail\":{\"show\":1,\"color\":\"\"},\"admPassword\":{\"show\":0,\"color\":\"\"},\"admTabAppearance\":{\"show\":0,\"color\":\"\"},\"admAppHeader\":{\"show\":0,\"color\":\"\"},\"admAppAlertsError\":{\"show\":0,\"color\":\"\"},\"admAppAlertsSuccess\":{\"show\":0,\"color\":\"\"}}'),
(3, 'modules', '{\"modName\":{\"color\":\"\",\"show\":1}}'),
(3, 'pages', '{\"pagTitle\":{\"color\":\"\",\"show\":1},\"pagSlug\":{\"color\":\"\",\"show\":1}}'),
(3, 'categories', '{\"catId\":{\"show\":1,\"color\":\"\"},\"catTitle\":{\"show\":1,\"color\":\"\"},\"catSlug\":{\"show\":1,\"color\":\"\"},\"catTemplate\":{\"show\":0,\"color\":\"\"},\"cat#show_in_menu\":{\"show\":0,\"color\":\"\"}}'),
(3, 'tables', '{\"tabTitle\":{\"color\":\"\",\"show\":1}}'),
(2, 'tables', '{\"tabTitle\":{\"color\":\"\",\"show\":1}}'),
(2, 'categories', '{\"catId\":{\"show\":1,\"color\":\"\"},\"catTitle\":{\"show\":1,\"color\":\"\"},\"catSlug\":{\"show\":1,\"color\":\"\"},\"catTemplate\":{\"show\":1,\"color\":\"\"},\"cat#show_in_menu\":{\"show\":1,\"color\":\"\"},\"cat#ilustracja\":{\"show\":0,\"color\":\"\"},\"cat#typ\":{\"show\":1,\"color\":\"\"}}'),
(1, 'table_historia', '{\"hisId\":{\"show\":1,\"color\":\"\"},\"his#data\":{\"show\":1,\"color\":\"\"},\"his#uzytkownik\":{\"show\":1,\"color\":\"\"},\"his#test1\":{\"show\":0,\"color\":\"\"},\"his#test2\":{\"show\":0,\"color\":\"\"},\"his#test3\":{\"show\":0,\"color\":\"\"},\"his#test4\":{\"show\":0,\"color\":\"\"},\"his#test5\":{\"show\":0,\"color\":\"\"},\"his#test6\":{\"show\":0,\"color\":\"\"},\"his#test7\":{\"show\":0,\"color\":\"\"},\"his#podsumowanie\":{\"show\":0,\"color\":\"\"}}'),
(2, 'queries', '{\"queName\":{\"color\":\"\",\"show\":1},\"queTitle\":{\"color\":\"\",\"show\":1}}'),
(2, 'modules', '{\"modName\":{\"color\":\"\",\"show\":1}}'),
(2, 'texts', '{\"txtName\":{\"color\":\"\",\"show\":1}}'),
(3, 'table_users', '{\"usrId\":{\"color\":\"\",\"show\":1},\"usr#email\":{\"color\":\"\",\"show\":1},\"usr#del_name\":{\"color\":\"\",\"show\":1}}'),
(2, 'pages', '{\"pagTitle\":{\"color\":\"\",\"show\":1},\"pagSlug\":{\"color\":\"\",\"show\":1}}'),
(1, 'queries', 'null'),
(1, 'modules', '{\"modName\":{\"color\":\"\",\"show\":1}}'),
(3, 'texts', '{\"txtName\":{\"color\":\"\",\"show\":1}}'),
(2, 'table_users', '{\"usrId\":{\"color\":\"\",\"show\":1},\"usr#email\":{\"color\":\"\",\"show\":1},\"usr#del_name\":{\"color\":\"\",\"show\":1}}'),
(2, 'table_zestawy', '{\"ztId\":{\"show\":1,\"color\":\"\"},\"zt#nazwa\":{\"show\":1,\"color\":\"\"},\"zt#t1_pytanie\":{\"show\":1,\"color\":\"\"},\"zt#t1_znak\":{\"show\":1,\"color\":\"\"},\"zt#t1_odpowiedz\":{\"show\":0,\"color\":\"\"},\"zt#t3_obraz\":{\"show\":0,\"color\":\"\"},\"zt#t2_pytanie\":{\"show\":1,\"color\":\"\"},\"zt#t2_obraz\":{\"show\":1,\"color\":\"\"},\"zt#t2_odpowiedz\":{\"show\":1,\"color\":\"\"},\"zt#t3_pytanie\":{\"show\":0,\"color\":\"\"},\"zt#t3_odpowiedz\":{\"show\":0,\"color\":\"\"}}'),
(3, 'table_zestawy', '{\"ztId\":{\"show\":1,\"color\":\"\"},\"zt#nazwa\":{\"show\":1,\"color\":\"\"},\"zt#t1_pytanie\":{\"show\":1,\"color\":\"\"},\"zt#t1_znak\":{\"show\":1,\"color\":\"\"},\"zt#t1_odpowiedz\":{\"show\":1,\"color\":\"\"},\"zt#t3_obraz\":null}'),
(3, 'admins', 'null'),
(1, 'table_zestawy', '{\"ztId\":{\"show\":1,\"color\":\"\"},\"zt#nazwa\":{\"show\":1,\"color\":\"\"},\"zt#t1_pytanie\":{\"show\":0,\"color\":\"\"},\"zt#t1_znak\":{\"show\":0,\"color\":\"\"},\"zt#t1_odpowiedz\":{\"show\":0,\"color\":\"\"},\"zt#t2_pytanie\":{\"show\":0,\"color\":\"\"},\"zt#t2_obraz\":{\"show\":0,\"color\":\"\"},\"zt#t2_odpowiedz\":{\"show\":0,\"color\":\"\"},\"zt#t3_pytanie\":{\"show\":0,\"color\":\"\"},\"zt#t3_obraz\":{\"show\":0,\"color\":\"\"},\"zt#t3_odpowiedz\":{\"show\":0,\"color\":\"\"}}'),
(5, 'table_users', '{\"usrId\":{\"color\":\"\",\"show\":1},\"usr#email\":{\"color\":\"\",\"show\":1},\"usr#del_name\":{\"color\":\"\",\"show\":1}}'),
(5, 'pages', '{\"pagTitle\":{\"color\":\"\",\"show\":1},\"pagSlug\":{\"color\":\"\",\"show\":1}}'),
(5, 'tables', '{\"tabTitle\":{\"color\":\"\",\"show\":1}}'),
(5, 'modules', '{\"modName\":{\"color\":\"\",\"show\":1},\"modTitle\":{\"color\":\"\",\"show\":1}}'),
(6, 'tables', '{\"tabTitle\":{\"color\":\"\",\"show\":1}}'),
(6, 'categories', '{\"catId\":{\"show\":1,\"color\":\"\"},\"catTitle\":{\"show\":1,\"color\":\"\"},\"catSlug\":{\"show\":1,\"color\":\"\"},\"catTemplate\":{\"show\":0,\"color\":\"\"},\"cat#show_in_menu\":{\"show\":0,\"color\":\"\"}}'),
(6, 'modules', '{\"modName\":{\"color\":\"\",\"show\":1},\"modTitle\":{\"color\":\"\",\"show\":1}}'),
(6, 'queries', 'null'),
(2, 'table_historia', '{\"hisId\":{\"show\":1,\"color\":\"\"},\"his#data\":{\"show\":1,\"color\":\"\"},\"his#uzytkownik\":{\"show\":1,\"color\":\"\"},\"his#test1\":{\"show\":0,\"color\":\"\"},\"his#test2\":{\"show\":0,\"color\":\"\"},\"his#test3\":{\"show\":0,\"color\":\"\"},\"his#test4\":{\"show\":0,\"color\":\"\"},\"his#test5\":{\"show\":0,\"color\":\"\"},\"his#test6\":{\"show\":0,\"color\":\"\"},\"his#test7\":{\"show\":0,\"color\":\"\"},\"his#podsumowanie\":{\"show\":1,\"color\":\"\"}}');

-- --------------------------------------------------------

--
-- Struktura tabeli dla tabeli `modules`
--

CREATE TABLE `modules` (
  `modId` int(11) NOT NULL,
  `modName` varchar(60) NOT NULL,
  `modModule` varchar(80) NOT NULL,
  `modTitle@pl` varchar(80) NOT NULL,
  `modTitle@en` varchar(80) NOT NULL,
  `modCategories` text NOT NULL,
  `modLanguages` text NOT NULL,
  `modStatus` varchar(1) NOT NULL
) ENGINE=MyISAM DEFAULT CHARSET=utf8;

--
-- Zrzut danych tabeli `modules`
--

INSERT INTO `modules` (`modId`, `modName`, `modModule`, `modTitle@pl`, `modTitle@en`, `modCategories`, `modLanguages`, `modStatus`) VALUES
(1, 'shop', 'shop', 'Sklep', '', '', '', '1'),
(14, 'contact_form', 'contact_form', 'Formularz kontaktowy', '', '', '', '1'),
(7, 'users', 'users', 'Użytkownicy', '', '', '', '1');

-- --------------------------------------------------------

--
-- Struktura tabeli dla tabeli `module_contact_form`
--

CREATE TABLE `module_contact_form` (
  `modConId` int(11) NOT NULL,
  `modConTemplate` text NOT NULL,
  `modConEmail` varchar(80) NOT NULL,
  `modConMailFrom` varchar(80) NOT NULL,
  `modConSubject` varchar(200) NOT NULL,
  `modConFields` varchar(200) NOT NULL,
  `modConReqFields` varchar(200) NOT NULL
) ENGINE=MyISAM DEFAULT CHARSET=utf8;

--
-- Zrzut danych tabeli `module_contact_form`
--

INSERT INTO `module_contact_form` (`modConId`, `modConTemplate`, `modConEmail`, `modConMailFrom`, `modConSubject`, `modConFields`, `modConReqFields`) VALUES
(14, 'Wiadomość ze strony internetowej.<br />\r\n<br />\r\nOd <strong>{name}</strong><br />\r\nAdres e-mail: <strong>{email}</strong><br />\r\n<br />\r\nWysłano dnia: <strong>{date}</strong><br />\r\n<br />\r\n<strong>{message}</strong>', 'pwa@prowadzbezpiecznie.com.pl', '{email}', 'Wiadomość: {subject}', ';email;;message;;subject;', ';email;;message;');

-- --------------------------------------------------------

--
-- Struktura tabeli dla tabeli `module_shop`
--

CREATE TABLE `module_shop` (
  `modShpId` int(11) NOT NULL,
  `modShpStatus` varchar(1) NOT NULL,
  `modShpCategories` text NOT NULL,
  `modShpLanguages` text NOT NULL,
  `modShpProductsTable` varchar(60) NOT NULL,
  `modShpFieldLabel` varchar(60) NOT NULL,
  `modShpFieldNetto` varchar(60) NOT NULL,
  `modShpFieldVAT` varchar(60) NOT NULL,
  `modShpFieldBrutto` varchar(60) NOT NULL,
  `modShpUsersTable` varchar(60) NOT NULL,
  `modShpUsersVariable` varchar(60) NOT NULL,
  `modShpShipments` text NOT NULL,
  `modShpFreeShipmentFrom` decimal(10,2) NOT NULL,
  `modShpOrderNumberFormat` varchar(40) NOT NULL,
  `modShpCurrentOrderNumber` int(11) NOT NULL,
  `modShpOrdersTable` varchar(60) NOT NULL,
  `modShpXFValidators` text NOT NULL,
  `modShpMailFrom` varchar(80) NOT NULL,
  `modShpStatusMessages` text NOT NULL,
  `modShpMailCC` varchar(80) NOT NULL,
  `modShpFieldAttrGroups` varchar(60) NOT NULL,
  `modShpFieldAttributes` varchar(60) NOT NULL,
  `modShpPayments` text NOT NULL
) ENGINE=MyISAM DEFAULT CHARSET=utf8;

--
-- Zrzut danych tabeli `module_shop`
--

INSERT INTO `module_shop` (`modShpId`, `modShpStatus`, `modShpCategories`, `modShpLanguages`, `modShpProductsTable`, `modShpFieldLabel`, `modShpFieldNetto`, `modShpFieldVAT`, `modShpFieldBrutto`, `modShpUsersTable`, `modShpUsersVariable`, `modShpShipments`, `modShpFreeShipmentFrom`, `modShpOrderNumberFormat`, `modShpCurrentOrderNumber`, `modShpOrdersTable`, `modShpXFValidators`, `modShpMailFrom`, `modShpStatusMessages`, `modShpMailCC`, `modShpFieldAttrGroups`, `modShpFieldAttributes`, `modShpPayments`) VALUES
(1, '1', '', '', '', 'prd#name', 'prd#price_netto', 'prd#vat', 'prd#price_brutto', 'table_users', 'users', '[{\"modShpShipment\":\"Kurier\",\"modShpShipmentMode\":\"only_once\",\"modShpShipmentPayment\":\"prepaid\",\"modShpShipmentNetto\":\"\",\"modShpShipmentVAT\":\"23\",\"modShpShipmentBrutto\":\"0.00\",\"modShpShipmentRanges\":\"JTdCJTIyMC0zMSUyMiUzQSUyMjE1LjAwJTIyJTJDJTIyMzItMjAwMCUyMiUzQSUyMjUwLjAwJTIyJTJDJTIyMjAwMS0zMDAwJTIyJTNBJTIyMTUwLjAwJTIyJTJDJTIyMjAwMDAtMjEwMDAlMjIlM0ElMjIxNTAwJTIyJTdE\",\"modShpShipmentFormula\":\"\"},{\"modShpShipment\":\"Odbi\\u00f3r osobisty\",\"modShpShipmentMode\":\"only_once\",\"modShpShipmentPayment\":\"prepaid\",\"modShpShipmentNetto\":\"\",\"modShpShipmentVAT\":\"23\",\"modShpShipmentBrutto\":\"0.00\",\"modShpShipmentRanges\":\"JTdCJTIyMC0yMDAwJTIyJTNBJTIyMCUyMiU3RA==\",\"modShpShipmentFormula\":\"\"},{\"modShpShipment\":\"Kurier - pobranie\",\"modShpShipmentMode\":\"only_once\",\"modShpShipmentPayment\":\"ondelivery\",\"modShpShipmentNetto\":\"\",\"modShpShipmentVAT\":\"23\",\"modShpShipmentBrutto\":\"0.00\",\"modShpShipmentRanges\":\"JTdCJTIyMC0zMSUyMiUzQSUyMjIwLjAwJTIyJTJDJTIyMzItMjAwMCUyMiUzQSUyMjU1LjAwJTIyJTJDJTIyMjAwMS0zMDAwJTIyJTNBJTIyMTYwLjAwJTIyJTJDJTIyMjAwMDAtMjEwMDAlMjIlM0ElMjIxNTAwJTIyJTdE\",\"modShpShipmentFormula\":\"\"},{\"modShpShipment\":\"Kurier\",\"modShpShipmentMode\":\"only_once\",\"modShpShipmentPayment\":\"p24\",\"modShpShipmentNetto\":\"\",\"modShpShipmentVAT\":\"23\",\"modShpShipmentBrutto\":\"0.00\",\"modShpShipmentRanges\":\"JTdCJTIyMC0zMSUyMiUzQSUyMjE1LjAwJTIyJTJDJTIyMzItMjAwMCUyMiUzQSUyMjUwLjAwJTIyJTJDJTIyMjAwMS0zMDAwJTIyJTNBJTIyMTUwJTIyJTJDJTIyMjAwMDAtMjEwMDAlMjIlM0ElMjIxNTAwJTIyJTdE\",\"modShpShipmentFormula\":\"\"},{\"modShpShipment\":\"Odbi\\u00f3r osobisty\",\"modShpShipmentMode\":\"only_once\",\"modShpShipmentPayment\":\"p24\",\"modShpShipmentNetto\":\" \",\"modShpShipmentVAT\":\"23\",\"modShpShipmentBrutto\":\"0.00\",\"modShpShipmentRanges\":\"JTdCJTIyMC0yMDAwJTIyJTNBJTIyMCUyMiU3RA==\",\"modShpShipmentFormula\":\"\"}]', '15000.00', 'ZAM/{NNN}/{MM}/{YYYY}', 650, '', '', 'pwa@prowadzbezpiecznie.com.pl', '[{\"modShpSMStatus\":\"nowy\",\"modShpSMSubject\":\"Nowe zam\\u00f3wienie: {order_number}\",\"modShpSMMessage\":\"@_REACTOR_BASE64_@JTNDcCUzRSUzQ3N0cm9uZyUzRVdpdGFteSUyMHNlcmRlY3puaWUlMjB3JTIwc2tsZXBpZSUzQyUyRnN0cm9uZyUzRSUzQyUyRnAlM0UlMEElMEElM0NwJTNFRHppJUM0JTk5a3VqZW15JTIwemElMjB6JUM1JTgybyVDNSVCQ2VuaWUlMjB6YW0lMjZvYWN1dGUlM0J3aWVuaWElMjAlM0NzdHJvbmclM0UlN0JvcmRlcl9udW1iZXIlN0QlM0MlMkZzdHJvbmclM0UuJTNDJTJGcCUzRSUwQSUwQSUzQ3AlM0UlMjZuYnNwJTNCJTNDJTJGcCUzRSUwQSUwQSUzQ3AlM0VUd29qZSUyMHphbSUyNm9hY3V0ZSUzQndpZW5pZSUzQSUzQyUyRnAlM0UlMEElMEElM0NwJTNFJTdCb3JkZXJfcG9zaXRpb25zJTdEJTNDJTJGcCUzRSUwQSUwQSUzQ3AlM0UlN0JvcmRlcl9zdW1tYXJ5JTdEJTNDJTJGcCUzRSUwQSUwQSUzQ3AlM0VaYXdpYWRvbWlteSUyMENpJUM0JTk5JTJDJTIwZ2R5JTIwVHdvamUlMjB6YW0lMjZvYWN1dGUlM0J3aWVuaWUlMjB6b3N0YW5pZSUyMHByenlqJUM0JTk5dGUlMjBkbyUyMHJlYWxpemFjamkuJTNDJTJGcCUzRSUwQSUwQSUzQ3AlM0UlMjZuYnNwJTNCJTNDJTJGcCUzRSUwQSUwQSUzQ3AlM0VQb3pkcmF3aWFteSUzQyUyRnAlM0UlMEElMEElM0NwJTNFJTI2bmJzcCUzQiUzQyUyRnAlM0UlMEElMEElM0NwJTNFJTI2bmJzcCUzQiUzQyUyRnAlM0UlMEElMEElM0NwJTNFJTI2bmJzcCUzQiUzQyUyRnAlM0UlMEElMEElM0NwJTNFJTI2bmJzcCUzQiUzQyUyRnAlM0UlMEElMEElM0NwJTNFJTI2bmJzcCUzQiUzQyUyRnAlM0UlMEElMEElM0NwJTNFJTI2bmJzcCUzQiUzQyUyRnAlM0UlMEElMEElM0NwJTNFJTI2bmJzcCUzQiUzQyUyRnAlM0UlMEElMEElM0NwJTNFJTI2bmJzcCUzQiUzQyUyRnAlM0UlMEElMEElM0NwJTNFJTI2bmJzcCUzQiUzQyUyRnAlM0UlMEElMEElM0NwJTNFJTI2bmJzcCUzQiUzQyUyRnAlM0UlMEElMEElM0NwJTNFJTI2bmJzcCUzQiUzQyUyRnAlM0UlMEElMEElM0NwJTNFJTI2bmJzcCUzQiUzQyUyRnAlM0UlMEElMEElM0NwJTNFJTI2bmJzcCUzQiUzQyUyRnAlM0UlMEElMEElM0NwJTNFJTI2bmJzcCUzQiUzQyUyRnAlM0UlMEElMEElM0NwJTNFJTI2bmJzcCUzQiUzQyUyRnAlM0UlMEElMEElM0NwJTNFJTI2bmJzcCUzQiUzQyUyRnAlM0UlMEE=\"},{\"modShpSMStatus\":\"w_trakcie\",\"modShpSMSubject\":\"Zmiana statusu zam\\u00f3wienia: {order_number} (w trakcie realizacji)\",\"modShpSMMessage\":\"@_REACTOR_BASE64_@JTNDcCUzRUluZm9ybXVqZW15JTJDJTIwJUM1JUJDZSUyMHphbSUyNm9hY3V0ZSUzQndpZW5pZSUyMCUzQ3N0cm9uZyUzRSU3Qm9yZGVyX251bWJlciU3RCUzQyUyRnN0cm9uZyUzRSUyQyUyMHpvc3RhJUM1JTgybyUyMHByenlqJUM0JTk5dGUlMjBkbyUyMHJlYWxpemFjamkuJTNDJTJGcCUzRSUwQSUwQSUzQ3AlM0UlN0JvcmRlcl9wb3NpdGlvbnMlN0QlM0MlMkZwJTNFJTBBJTBBJTNDcCUzRSU3Qm9yZGVyX3N1bW1hcnklN0QlM0MlMkZwJTNFJTBBJTBBJTNDcCUzRSUyNm5ic3AlM0IlM0MlMkZwJTNFJTBBJTBBJTNDcCUzRVphd2lhZG9taW15JTIwQ2klQzQlOTklMkMlMjBnZHklMjBUd29qZSUyMHphbSUyNm9hY3V0ZSUzQndpZW5pZSUyMHpvc3RhbmllJTIwd3lzJUM1JTgyYW5lJTIwJTNBKSUzQyUyRnAlM0UlMEElMEElM0NwJTNFJTI2bmJzcCUzQiUzQyUyRnAlM0UlMEElMEElM0NwJTNFUG96ZHJhd2lhbXklM0MlMkZwJTNFJTBBJTBBJTNDcCUzRSUyNm5ic3AlM0IlM0MlMkZwJTNFJTBBJTBBJTNDcCUzRSUyNm5ic3AlM0IlM0MlMkZwJTNFJTBBJTBBJTNDcCUzRSUyNm5ic3AlM0IlM0MlMkZwJTNFJTBBJTBBJTNDcCUzRSUyNm5ic3AlM0IlM0MlMkZwJTNFJTBBJTBBJTNDcCUzRSUyNm5ic3AlM0IlM0MlMkZwJTNFJTBBJTBBJTNDcCUzRSUyNm5ic3AlM0IlM0MlMkZwJTNFJTBBJTBBJTNDcCUzRSUyNm5ic3AlM0IlM0MlMkZwJTNFJTBBJTBBJTNDcCUzRSUyNm5ic3AlM0IlM0MlMkZwJTNFJTBBJTBBJTNDcCUzRSUyNm5ic3AlM0IlM0MlMkZwJTNFJTBBJTBBJTNDcCUzRSUyNm5ic3AlM0IlM0MlMkZwJTNFJTBBJTBBJTNDcCUzRSUyNm5ic3AlM0IlM0MlMkZwJTNFJTBBJTBBJTNDcCUzRSUyNm5ic3AlM0IlM0MlMkZwJTNFJTBBJTBBJTNDcCUzRSUyNm5ic3AlM0IlM0MlMkZwJTNFJTBBJTBBJTNDcCUzRSUyNm5ic3AlM0IlM0MlMkZwJTNFJTBB\"},{\"modShpSMStatus\":\"wyslany\",\"modShpSMSubject\":\"Zmiana statusu zam\\u00f3wienia: {order_number} (wys\\u0142ane)\",\"modShpSMMessage\":\"@_REACTOR_BASE64_@JTNDcCUzRUluZm9ybXVqZW15JTJDJTIwJUM1JUJDZSUyMHphbSUyNm9hY3V0ZSUzQndpZW5pZSUyMCUzQ3N0cm9uZyUzRSU3Qm9yZGVyX251bWJlciU3RCUzQyUyRnN0cm9uZyUzRSUyQyUyMHpvc3RhJUM1JTgybyUyMHd5cyVDNSU4MmFuZS4lM0MlMkZwJTNFJTBBJTBBJTNDcCUzRSU3Qm9yZGVyX3Bvc2l0aW9ucyU3RCUzQyUyRnAlM0UlMEElMEElM0NwJTNFJTdCb3JkZXJfc3VtbWFyeSU3RCUzQyUyRnAlM0UlMEElMEElM0NwJTNFJTI2bmJzcCUzQiUzQyUyRnAlM0UlMEElMEElM0NwJTNFUG96ZHJhd2lhbXklM0MlMkZwJTNFJTBBJTBBJTNDcCUzRSUyNm5ic3AlM0IlM0MlMkZwJTNFJTBB\"},{\"modShpSMStatus\":\"anulowany\",\"modShpSMSubject\":\"Zmiana statusu zam\\u00f3wienia: {order_number} (anulowane)\",\"modShpSMMessage\":\"@_REACTOR_BASE64_@\"}]', 'pwa@prowadzbezpiecznie.com.pl', 'prd#attributes_groups', 'prd#attributes', '[{\"modShpPayment\":\"Przelew tradycyjny\",\"modShpPaymentNetto\":\"\",\"modShpPaymentVAT\":\"23\",\"modShpPaymentBrutto\":\"0.00\"},{\"modShpPayment\":\"Pobranie - P\\u0142atno\\u015b\\u0107 przy odbiorze\",\"modShpPaymentNetto\":\"2.03\",\"modShpPaymentVAT\":\"23\",\"modShpPaymentBrutto\":\"2.50\"}]');

-- --------------------------------------------------------

--
-- Struktura tabeli dla tabeli `module_users`
--

CREATE TABLE `module_users` (
  `modUsrId` int(11) NOT NULL,
  `modUsrTable` varchar(60) NOT NULL,
  `modUsrFieldLogin` varchar(60) NOT NULL,
  `modUsrFieldPassword` varchar(60) NOT NULL,
  `modUsrFieldEmail` varchar(60) NOT NULL,
  `modUsrFieldActivationKey` varchar(60) NOT NULL,
  `modUsrRegistrationMode` varchar(40) NOT NULL,
  `modUsrPasswordResetPath` varchar(100) NOT NULL,
  `modUsrMTActivation@pl` text NOT NULL,
  `modUsrMTActivation@en` text NOT NULL,
  `modUsrMTHello@pl` text NOT NULL,
  `modUsrMTHello@en` text NOT NULL,
  `modUsrMTPasswordReminder@pl` text NOT NULL,
  `modUsrMTPasswordReminder@en` text NOT NULL,
  `modUsrMailFrom` varchar(80) NOT NULL
) ENGINE=MyISAM DEFAULT CHARSET=utf8;

--
-- Zrzut danych tabeli `module_users`
--

INSERT INTO `module_users` (`modUsrId`, `modUsrTable`, `modUsrFieldLogin`, `modUsrFieldPassword`, `modUsrFieldEmail`, `modUsrFieldActivationKey`, `modUsrRegistrationMode`, `modUsrPasswordResetPath`, `modUsrMTActivation@pl`, `modUsrMTActivation@en`, `modUsrMTHello@pl`, `modUsrMTHello@en`, `modUsrMTPasswordReminder@pl`, `modUsrMTPasswordReminder@en`, `modUsrMailFrom`) VALUES
(7, 'table_users', 'usr#email', 'usr#password', 'usr#email', 'usr#activation_key', 'hello_activation', '/profil/resetuj-haslo', '<p style=\"margin-bottom: 0cm; line-height: 100%\"><strong>Witamy w programie &quot;Prowadź bezpiecznie&quot;</strong><br />\r\n&nbsp;</p>\r\n\r\n<p style=\"margin-bottom: 0cm; line-height: 100%\">Dziękujemy za założenie <strong>profilu</strong><br />\r\n<br />\r\nW celu ukończenia rejestracji, kliknij w poniższy link aktywacyjny lub wklej go do przeglądarki internetowej:<br />\r\n&nbsp;</p>\r\n{activation_link}\r\n\r\n<p style=\"margin-bottom: 0cm; line-height: 100%\"><br />\r\n<br />\r\n<br />\r\n<br />\r\n<br />\r\nWiadomość została wysłana automatycznie. Prosimy na nią nie odpowiadać.<br />\r\n<br />\r\n<br />\r\nPozdrawiamy</p>\r\n', '', '<p style=\"margin-bottom: 0cm; line-height: 100%\"><strong>Szanowny Użytkowniku!</strong><br />\r\n<br />\r\nDziękujemy za aktywowanie konta<strong>.</strong></p>\r\n\r\n<p style=\"margin-bottom: 0cm; line-height: 100%\"><br />\r\nMożesz się teraz zalogować.<br />\r\n<br />\r\nPo zalogowaniu się, prosimy uzupełnić dane w zakładce Profil.<br />\r\n<br />\r\n<br />\r\n<br />\r\nWiadomość została wysłana automatycznie. Prosimy na nią nie odpowiadać.<br />\r\n<br />\r\nW razie pytań prosimy o kontakt pod adres podany w kontakcie</p>\r\n', '', 'Ktoś zarządał zresetowania hasła dla tego adresu email. Jeśli nie byłeś to Ty, zignoruj tą wiadomość, jeśli jednak chesz zresetować hasło, kliknij w poniższy link:<br />\r\n<br />\r\n{password_reset_link}<br />\r\n<br />\r\nNastępnie zostaniesz poproszony o podanie nowego hasła.<br />\r\n<br />\r\nPozdrawiamy', '', 'pwa@prowadzbezpiecznie.com.pl');

-- --------------------------------------------------------

--
-- Struktura tabeli dla tabeli `pages`
--

CREATE TABLE `pages` (
  `pagId` int(11) NOT NULL,
  `pagTitle@pl` varchar(100) NOT NULL,
  `pagContent@pl` text NOT NULL,
  `pagSlug@pl` varchar(100) NOT NULL,
  `pagLanguages` varchar(200) NOT NULL,
  `pagCategories` varchar(300) NOT NULL,
  `pagSequence` int(11) NOT NULL,
  `pagStatus` varchar(1) NOT NULL,
  `pagOwner_admId` int(11) NOT NULL,
  `pagContent@en` text NOT NULL,
  `pagTitle@en` varchar(100) NOT NULL,
  `pagSlug@en` varchar(100) NOT NULL,
  `pag#obrazek` varchar(255) NOT NULL DEFAULT '',
  `pag#meta_tytul` varchar(255) NOT NULL DEFAULT '',
  `pag#meta_opis` varchar(255) NOT NULL DEFAULT '',
  `pag#meta_slowa` varchar(255) NOT NULL DEFAULT '',
  `pag#zajawka` text DEFAULT NULL,
  `pag#data` date DEFAULT NULL
) ENGINE=MyISAM DEFAULT CHARSET=utf8;

--
-- Zrzut danych tabeli `pages`
--

INSERT INTO `pages` (`pagId`, `pagTitle@pl`, `pagContent@pl`, `pagSlug@pl`, `pagLanguages`, `pagCategories`, `pagSequence`, `pagStatus`, `pagOwner_admId`, `pagContent@en`, `pagTitle@en`, `pagSlug@en`, `pag#obrazek`, `pag#meta_tytul`, `pag#meta_opis`, `pag#meta_slowa`, `pag#zajawka`, `pag#data`) VALUES
(31, 'Regulamin', '<div style=\"text-align: center;\"><br />\r\n<strong><a href=\"/media/pliki/regulamin.pdf\">Regulamin w wersji PDF (kliknij aby zobaczyć)</a><br />\r\n<br />\r\n<a href=\"/media/pliki/regulamin.docx\">Regulamin w wersji DOCX (kliknij aby zobaczyć)</a></strong></div>\r\n', 'regulamin', '', ';10;', 0, '1', 0, '', '', '', '', '', '', '', '', '0000-00-00'),
(50, 'INSTRUKCJA OBSŁUGI APLIKACJI PROWADŹ BEZPIECZNIE', '<div style=\"text-align: center;\"><br />\r\n<strong><a href=\"/media/pliki/instrukcja.pdf\">Instrukcja w wersji PDF (kliknij aby zobaczyć)</a><br />\r\n<br />\r\n<a href=\"/media/pliki/instrukcja.docx\">Instrukcja w wersji DOCX (kliknij aby zobaczyć)</a></strong></div>\r\n', 'instrukcja-obslugi-aplikacji-prowadz-bezpiecznie', '', ';281;', 0, '1', 0, '', '', '', '', '', '', '', '', '0000-00-00'),
(38, 'Polityka cookies', '<h3>Czym są pliki &bdquo;cookies&rdquo;?</h3>\r\nPoprzez pliki &bdquo;cookies&rdquo; należy rozumieć dane informatyczne, w szczeg&oacute;lności pliki tekstowe, przechowywane w urządzeniach końcowych użytkownik&oacute;w przeznaczone do korzystania ze stron internetowych. Pliki te pozwalają rozpoznać urządzenie użytkownika i odpowiednio wyświetlić stronę internetową dostosowaną do jego indywidualnych preferencji. &bdquo;Cookies&rdquo; zazwyczaj zawierają nazwę strony internetowej z kt&oacute;rej pochodzą, czas przechowywania ich na urządzeniu końcowym oraz unikalny numer.\r\n\r\n<h3>Do czego używamy plik&oacute;w &bdquo;cookies&rdquo;?</h3>\r\nPliki &bdquo;cookies&rdquo; używane są w celu dostosowania zawartości stron internetowych do preferencji użytkownika oraz optymalizacji korzystania ze stron internetowych. Używane są r&oacute;wnież w celu tworzenia anonimowych, zagregowanych statystyk, kt&oacute;re pomagają zrozumieć w jaki spos&oacute;b użytkownik korzysta ze stron internetowych co umożliwia ulepszanie ich struktury i zawartości, z wyłączeniem personalnej identyfikacji użytkownika.\r\n\r\n<h3>Jakich plik&oacute;w &bdquo;cookies&rdquo; używamy?</h3>\r\nStosowane są dwa rodzaje plik&oacute;w &bdquo;cookies&rdquo; &ndash; &bdquo;sesyjne&rdquo; oraz &bdquo;stałe&rdquo;. Pierwsze z nich są plikami tymczasowymi, kt&oacute;re pozostają na urządzeniu użytkownika, aż do wylogowania ze strony internetowej lub wyłączenia oprogramowania (przeglądarki internetowej). &bdquo;Stałe&rdquo; pliki pozostają na urządzeniu użytkownika przez czas określony w parametrach plik&oacute;w &bdquo;cookies&rdquo; albo do momentu ich ręcznego usunięcia przez użytkownika. Pliki &bdquo;cookies&rdquo; wykorzystywane przez partner&oacute;w operatora strony internetowej, w tym w szczeg&oacute;lności użytkownik&oacute;w strony internetowej, podlegają ich własnej polityce prywatności.\r\n\r\n<h3>Czy pliki &bdquo;cookies&rdquo; zawierają dane osobowe</h3>\r\nDane osobowe gromadzone przy użyciu plik&oacute;w &bdquo;cookies&rdquo; mogą być zbierane wyłącznie w celu wykonywania określonych funkcji na rzecz użytkownika. Takie dane są zaszyfrowane w spos&oacute;b uniemożliwiający dostęp do nich osobom nieuprawnionym.\r\n\r\n<h3>Usuwanie plik&oacute;w &bdquo;cookies&rdquo;</h3>\r\nStandardowo oprogramowanie służące do przeglądania stron internetowych domyślnie dopuszcza umieszczanie plik&oacute;w &bdquo;cookies&rdquo; na urządzeniu końcowym. Ustawienia te mogą zostać zmienione w taki spos&oacute;b, aby blokować automatyczną obsługę plik&oacute;w &bdquo;cookies&rdquo; w ustawieniach przeglądarki internetowej bądź informować o ich każdorazowym przesłaniu na urządzenie użytkownika. Szczeg&oacute;łowe informacje o możliwości i sposobach obsługi plik&oacute;w &bdquo;cookies&rdquo; dostępne są w ustawieniach oprogramowania (przeglądarki internetowej). Ograniczenie stosowania plik&oacute;w &bdquo;cookies&rdquo;, może wpłynąć na niekt&oacute;re funkcjonalności dostępne na stronie internetowej.<br />\r\n&nbsp;', 'polityka-cookies', '', ';203;', 0, '1', 0, '', '', '', '', 'Polityka prywatności | Sklep internetowy egamart.pl', '', 'polityka prywatności, sklep internetowy egamart.pl, polityka prywatności egamart.pl', '', '0000-00-00'),
(47, 'RODO', 'Korzystanie z Aplikacji wiąże się z koniecznością podania przez Użytkownika danych osobowych. <u><strong>Klauzula informacyjna:</strong></u>\r\n<ol>\r\n	<li>Administrator danych osobowych.</li>\r\n</ol>\r\nAdministratorem danych osobowych jest Bartosz Świder, zam. ul. Krzyżanowskiego 18/10, 35-329 Rzesz&oacute;w, zwany dalej Administratorem.\r\n\r\n<ol style=\"list-style-type:lower-alpha;\">\r\n	<li value=\"2\">Kontakt w sprawach związanych z przetwarzaniem danych osobowych:</li>\r\n	<li>kontakt przez e-mail:&nbsp;<a href=\"mailto:bartoszswider@wp.pl\">bartoszswider@wp.pl</a>;</li>\r\n	<li>kontakt przez pocztę: Bartosz Świder, ul. Krzyżanowskiego 18/10, 35-329 Rzesz&oacute;w.</li>\r\n	<li value=\"3\">Przetwarzanie danych osobowych:</li>\r\n	<li>dane osobowe przetwarzane są w związku z korzystaniem z aplikacji &bdquo;Prowadź bezpiecznie&rdquo;;</li>\r\n	<li>gromadzenie danych następuje poprzez podanie w formularzu rejestracyjnym adresu email oraz uzupełnienie niezbędnych danych w profilu użytkownika tj. imię.</li>\r\n	<li value=\"4\">Podstawa prawna przetwarzania danych:</li>\r\n</ol>\r\n&nbsp;Dane osobowe przetwarzane są na podstawie zgody użytkownika udzielanej w trakcie rejestracji. Podstawa prawna: art. 6 ust 1 lit a <a href=\"https://uodo.gov.pl/pl/404/224\">Rozporządzenie Parlamentu Europejskiego i&nbsp;Rady (UE) 2016/679 z&nbsp;dnia 27 kwietnia 2016 r. w&nbsp;sprawie ochrony os&oacute;b fizycznych w&nbsp;związku z&nbsp;przetwarzaniem danych osobowych i&nbsp;w sprawie swobodnego przepływu takich danych oraz uchylenia dyrektywy 95/46/WE (og&oacute;lne rozporządzenie o&nbsp;ochronie danych)</a>. Podanie danych osobowych jest dobrowolne, aczkolwiek niezbędne do posiadania profilu w aplikacji Prowadź bezpiecznie.\r\n\r\n<ol style=\"list-style-type:lower-alpha;\">\r\n	<li value=\"5\">Przekazywanie danych:</li>\r\n	<li>dane osobowe są̨ i będą wyłącznie przetwarzane przez Administratora Aplikacji;</li>\r\n	<li>w szczeg&oacute;lnych przypadkach dane osobowe mogą̨ zostać́ udostępnione organom publicznym uprawnionym do ich pozyskania na podstawie odrębnych przepis&oacute;w (np.&nbsp;Policji, Prokuraturze, Urzędom Celnym i Skarbowym itp.);</li>\r\n	<li>dane osobowe nie będą przekazywane do państw trzecich.</li>\r\n	<li value=\"6\">Okres przetwarzania danych osobowych:\r\n	<ol style=\"list-style-type:lower-alpha;\">\r\n		<li>dane osobowe będą̨ przetwarzane do momentu odwołania zgody na ich przetwarzanie, a po takim odwołaniu przez okres przedawnienia ewentualnych roszczeń́ przysługujących administratorowi danych i w stosunku do niego;</li>\r\n		<li>Administrator może przetwarzać́ dane osobowe do cel&oacute;w statystycznych i&nbsp;analitycznych przez okres 5 lat od zakończenia użytkowania aplikacji.</li>\r\n	</ol>\r\n	</li>\r\n	<li value=\"7\">Dostęp do danych osobowych:\r\n	<ol style=\"list-style-type:lower-alpha;\">\r\n		<li>Użytkownicy posiadają̨ prawo dostępu do treści swoich danych osobowych, do&nbsp;sprostowania danych oraz prawo do ograniczenia ich przetwarzania;</li>\r\n		<li>ponadto przysługuje użytkownikowi prawo do cofnięcia w dowolnym momencie zgody na przetwarzanie swoich danych osobowych.</li>\r\n	</ol>\r\n	</li>\r\n	<li value=\"8\">Przetwarzane dane osobowe nie są wykorzystywane do zautomatyzowanego podejmowania decyzji, w tym do profilowania.</li>\r\n	<li>Dane osobowe nie będą przekazywane do państw trzecich (tj. poza Europejski Obszar Gospodarczy) ani udostępniane organizacjom międzynarodowym</li>\r\n	<li>Skarga:</li>\r\n</ol>\r\nKażdemu Użytkownikowi przysługuje prawo wniesienia skargi do organu nadzorczego &ndash; Prezesa Urzędu Ochrony Danych Osobowych, właściwego w zakresie ochrony danych osobowych, gdy uzna, że przetwarzanie jego danych osobowych narusza przepisy RODO.<br />\r\n<br />\r\n<br />\r\n&nbsp;', 'rodo', '', ';231;', 0, '1', 0, '', '', '', '', '', '', '', '', '0000-00-00'),
(48, 'Kontakt', '<div style=\"text-align: center;\"><span style=\"font-size:22px;\"><strong>Administrator aplikacji:<br />\r\nBartosz Świder</strong></span><br />\r\n<br />\r\n<span style=\"font-size:18px;\">e-mail: pwa@prowadzbezpiecznie.com.pl<br />\r\ntel.: 512668630</span></div>\r\n', 'kontakt', '', ';12;', 0, '1', 0, '', '', '', '', '', '', '', '', '0000-00-00'),
(49, 'Opis Aplikacji', '<br />\r\nAplikacja Prowadź bezpiecznie skierowana jest do os&oacute;b starszych z ograniczoną percepcją lub mobilnością, kt&oacute;re nadal są czynnymi kierowcami samochod&oacute;w osobowych. Narzędzie to jest prostą aplikacją na telefon i ma postać kr&oacute;tkiego testu sprawdzającego samopoczucie i stan osoby starszej.<br />\r\nPozwala ona zweryfikować czy osoba starsza jest w stanie bezpiecznie dla siebie i innych prowadzić samoch&oacute;d w danym dniu.<br />\r\n<br />\r\nAplikacja opr&oacute;cz możliwości przeprowadzenia testu zawiera alert pogodowy wraz z&nbsp;odpowiednimi ostrzeżeniami, np. informację o spadku ciśnienia atmosferycznego i związaną z tym osłabioną koncentracją, a&nbsp;także z&nbsp;zaleceniem wykonania testu sprawdzającego szybkość reakcji na bodźce, szybkość podjęcia decyzji, itp.<br />\r\nPosiada możliwość lokalizacji, a co za tym idzie połączenie z lokalną prognozą pogody, dzięki czemu pojawiające się alerty są aktualne.<br />\r\n<br />\r\nAplikacja jest bardzo prosta w obsłudze, intuicyjna, dostosowana do wieku i możliwości senior&oacute;w. W aplikacji znajduje się test badający reakcję na&nbsp;bodźce wzrokowe, słuchowe i dźwiękowe. Ponadto znajduje się tam test na badanie znajomości i szybkości rozpoznawania znak&oacute;w drogowych, ćwiczenie polegające na sprawdzeniu, kto ma pierwszeństwo w danej sytuacji na drodze oraz test na koncentrację uwagi.<br />\r\nĆwiczenia są dobierane losowo przy każdym wykonywaniu testu.', 'opis-aplikacji', '', ';280;', 0, '1', 0, '', '', '', '', '', '', '', '', '0000-00-00');

-- --------------------------------------------------------

--
-- Struktura tabeli dla tabeli `poll_lock`
--

CREATE TABLE `poll_lock` (
  `ip` varchar(15) NOT NULL
) ENGINE=MyISAM DEFAULT CHARSET=utf8;

--
-- Zrzut danych tabeli `poll_lock`
--

INSERT INTO `poll_lock` (`ip`) VALUES
('93.105.48.153'),
('46.149.208.62'),
('82.145.220.217'),
('54.209.248.72'),
('62.233.160.233'),
('145.237.2.211'),
('46.113.180.54'),
('100.1.117.153'),
('93.157.74.140'),
('80.54.50.193'),
('78.11.38.148'),
('176.96.163.155'),
('94.232.222.195'),
('194.169.226.195'),
('78.11.38.23'),
('88.156.252.107'),
('176.96.167.196'),
('89.65.23.184'),
('83.13.8.145'),
('145.237.2.212'),
('94.254.136.100'),
('93.144.217.64'),
('77.255.207.95'),
('195.82.181.148'),
('176.96.160.112'),
('176.96.173.242'),
('66.249.81.2'),
('195.117.22.40'),
('89.231.94.13'),
('89.73.91.115'),
('178.42.232.6'),
('87.116.242.34'),
('176.111.239.200'),
('89.77.60.9'),
('109.125.224.203'),
('46.215.93.207'),
('194.181.206.213'),
('95.41.45.67'),
('185.26.182.29'),
('176.221.120.148'),
('93.105.6.254'),
('87.99.17.23'),
('83.31.83.241'),
('213.76.149.160'),
('109.241.96.219'),
('195.184.84.43'),
('83.6.207.148'),
('89.17.235.72'),
('77.255.248.56'),
('46.174.24.12'),
('195.8.101.19'),
('83.15.83.42'),
('83.31.59.236'),
('89.70.140.38');

-- --------------------------------------------------------

--
-- Struktura tabeli dla tabeli `queries`
--

CREATE TABLE `queries` (
  `queId` int(11) NOT NULL,
  `queName` varchar(50) NOT NULL,
  `queTitle@pl` varchar(80) NOT NULL,
  `queTitle@en` varchar(80) NOT NULL,
  `queSQLType` varchar(15) NOT NULL,
  `queSQL` text NOT NULL,
  `quePageLimitVariable` varchar(60) NOT NULL,
  `queFieldFormat` text NOT NULL,
  `quePageLimit` int(11) NOT NULL,
  `queCategories` text NOT NULL,
  `queStatus` varchar(1) NOT NULL,
  `queLanguages` varchar(300) NOT NULL,
  `queValidators` text NOT NULL,
  `queRunIfGET` varchar(60) NOT NULL,
  `queRunNoPOST` varchar(1) NOT NULL
) ENGINE=MyISAM DEFAULT CHARSET=utf8;

--
-- Zrzut danych tabeli `queries`
--

INSERT INTO `queries` (`queId`, `queName`, `queTitle@pl`, `queTitle@en`, `queSQLType`, `queSQL`, `quePageLimitVariable`, `queFieldFormat`, `quePageLimit`, `queCategories`, `queStatus`, `queLanguages`, `queValidators`, `queRunIfGET`, `queRunNoPOST`) VALUES
(35, 'zestawy_testow', 'Zestawy testów', '', 'select', 'SELECT * FROM `table_zestawy` WHERE `ztStatus` = 1', '', '', 0, '', '1', '', '', '', ''),
(27, 'account_update', 'Aktualizacja danych', '', 'update', 'UPDATE table_users SET\r\n`usr#del_name`=\'{post.del_name}\' WHERE usrId=\'{modules.users.user_data.usrId}\'', '', '', 0, ';32;', '1', '', '[{\"queValidKey\":\"del_name\",\"queValidMode\":\"any\",\"queValidMax\":\"50\",\"queValidAttributes\":\"\",\"queValidMin\":\"3\"},{\"queValidKey\":\"del_street\",\"queValidMode\":\"any\",\"queValidMax\":\"100\",\"queValidAttributes\":\"\",\"queValidMin\":\"5\"},{\"queValidKey\":\"del_building_no\",\"queValidMode\":\"any\",\"queValidMax\":\"\",\"queValidAttributes\":\"\",\"queValidMin\":\"\"},{\"queValidKey\":\"del_flat_no\",\"queValidMode\":\"any\",\"queValidMax\":\"\",\"queValidAttributes\":\"\",\"queValidMin\":\"\"},{\"queValidKey\":\"del_postal\",\"queValidMode\":\"any\",\"queValidMax\":\"6\",\"queValidAttributes\":\"\",\"queValidMin\":\"5\"},{\"queValidKey\":\"del_city\",\"queValidMode\":\"any\",\"queValidMax\":\"40\",\"queValidAttributes\":\"\",\"queValidMin\":\"2\"},{\"queValidKey\":\"del_country\",\"queValidMode\":\"any\",\"queValidMax\":\"40\",\"queValidAttributes\":\"\",\"queValidMin\":\"2\"},{\"queValidKey\":\"del_phone\",\"queValidMode\":\"any\",\"queValidMax\":\"20\",\"queValidAttributes\":\"\",\"queValidMin\":\"9\"}]', '', ''),
(12, 'account_data', 'Konto - dane', '', 'select', 'SELECT * FROM table_users WHERE usrId=\'{modules.users.user_data.usrId}\'', '', 'null', 0, ';31;;32;', '1', '', 'null', '', ''),
(13, 'historia', 'Historia testów', '', 'select', 'SELECT * FROM table_historia WHERE `his#uzytkownik`=\'{session.user.users.usrId}\' ORDER BY hisId DESC', 'strona', '', 100, ';286;', '1', '', '', '', '');

-- --------------------------------------------------------

--
-- Struktura tabeli dla tabeli `settings`
--

CREATE TABLE `settings` (
  `setProperty` varchar(60) NOT NULL,
  `setValue` text NOT NULL
) ENGINE=MyISAM DEFAULT CHARSET=utf8;

--
-- Zrzut danych tabeli `settings`
--

INSERT INTO `settings` (`setProperty`, `setValue`) VALUES
('sqlCategories', 'SELECT * FROM categories WHERE catStatus=\'1\' ORDER BY catSequence ASC'),
('sqlPages', 'SELECT * FROM pages WHERE (pagLanguages = \'\' OR pagLanguages LIKE \'%;{language.symbol};%\') AND (pagCategories = \'\' OR pagCategories LIKE \'%;{category.id};%\') AND pagStatus=\'1\' LIMIT {offset.current},{category.limit}');

-- --------------------------------------------------------

--
-- Struktura tabeli dla tabeli `tables`
--

CREATE TABLE `tables` (
  `tabId` int(11) NOT NULL,
  `tabPrefix` varchar(10) NOT NULL,
  `tabName` varchar(30) NOT NULL,
  `tabTitle@pl` varchar(40) NOT NULL,
  `tabTitle@en` varchar(40) NOT NULL,
  `tabInternal` varchar(1) NOT NULL,
  `tabCategories` varchar(1) NOT NULL,
  `tabLanguages` varchar(1) NOT NULL,
  `tabStatuses` varchar(1) NOT NULL,
  `tabFilters` text NOT NULL,
  `tabConditionColor` text NOT NULL,
  `tabDefaultShowFields` text NOT NULL
) ENGINE=MyISAM DEFAULT CHARSET=utf8;

--
-- Zrzut danych tabeli `tables`
--

INSERT INTO `tables` (`tabId`, `tabPrefix`, `tabName`, `tabTitle@pl`, `tabTitle@en`, `tabInternal`, `tabCategories`, `tabLanguages`, `tabStatuses`, `tabFilters`, `tabConditionColor`, `tabDefaultShowFields`) VALUES
(7, 'cat', 'categories', '', '', '1', '0', '1', '1', '', '', '[\"catTitle\",\"catSlug\"]'),
(8, 'tab', 'tables', '', '', '1', '0', '0', '0', '', '', '[\"tabName\",\"tabTitle\"]'),
(9, 'pag', 'pages', '', '', '1', '1', '1', '1', '', '', '[\"pagId\",\"pagTitle\",\"pagSlug\"]'),
(10, 'mod', 'modules', '', '', '1', '1', '1', '1', '', '', '[\"modName\",\"modTitle\"]'),
(20, 'txt', 'texts', '', '', '1', '1', '1', '1', '', '', '[\"txtName\"]'),
(27, 'modShp', 'module_shop', '', '', '1', '1', '1', '1', '', '', ''),
(22, 'modUsr', 'module_users', '', '', '1', '1', '1', '1', '', '', ''),
(34, 'que', 'queries', '', '', '1', '1', '1', '1', '', '', ''),
(33, 'usr', 'table_users', 'Użytkownicy', '', '', '', '', '1', '', '', '[\"usrId\",\"usr#email\",\"usr#del_name\"]'),
(38, 'modCon', 'module_contact_form', '', '', '1', '1', '1', '1', '', '', ''),
(42, 'adm', 'admins', '', '', '1', '', '', '', '', '', ''),
(55, 'zt', 'table_zestawy', 'Zestawy testów', '', '', '', '', '1', '', '', ''),
(56, 'his', 'table_historia', 'Historia testów', '', '', '', '', '', '', '', '');

-- --------------------------------------------------------

--
-- Struktura tabeli dla tabeli `table_historia`
--

CREATE TABLE `table_historia` (
  `hisId` int(11) NOT NULL,
  `his#uzytkownik` varchar(255) NOT NULL DEFAULT '',
  `his#test1` varchar(255) NOT NULL DEFAULT '',
  `his#test2` varchar(255) NOT NULL DEFAULT '',
  `his#test3` varchar(255) NOT NULL DEFAULT '',
  `his#test4` varchar(255) NOT NULL DEFAULT '',
  `his#test5` varchar(255) NOT NULL DEFAULT '',
  `his#test6` varchar(255) NOT NULL DEFAULT '',
  `his#test7` varchar(255) NOT NULL DEFAULT '',
  `his#podsumowanie` varchar(255) NOT NULL DEFAULT '',
  `his#data` datetime DEFAULT NULL
) ENGINE=InnoDB DEFAULT CHARSET=utf8;

--
-- Zrzut danych tabeli `table_historia`
--

INSERT INTO `table_historia` (`hisId`, `his#uzytkownik`, `his#test1`, `his#test2`, `his#test3`, `his#test4`, `his#test5`, `his#test6`, `his#test7`, `his#podsumowanie`, `his#data`) VALUES
(1, '305', 'A', 'B', 'C', 'D', 'E', 'F', 'G', 'Testowy opis podsumowania', '2022-08-31 11:42:00'),
(14, '308', 'Dobrze', 'Dobrze', 'Dobrze', 'Dobrze:1 Źle:0Czas:22', 'Dobrze:0 Źle:1Czas:16', 'Dobrze:undefinedCzas:undefined', 'Dobrze:3 Źle:0Czas:59', '', '2022-09-07 14:54:00'),
(15, '308', 'Źle', 'Dobrze', 'Dobrze', 'Dobrze:1 Źle:0Czas:125', 'Dobrze:0 Źle:1Czas:18', 'Dobrze:undefinedCzas:undefined', 'Dobrze:3 Źle:0Czas:51', '<br/>Warto przypomnieć sobie znaki drogowe.', '2022-09-07 14:57:40'),
(16, '308', 'Źle', 'Dobrze', 'Dobrze', 'Dobrze:1 Źle:0Czas:45', 'Dobrze:1 Źle:0Czas:21', '', 'Dobrze:3 Źle:1Czas:60', '<br/>Warto przypomnieć sobie znaki drogowe.', '2022-09-07 15:01:06'),
(17, '307', 'Dobrze', 'Dobrze', 'Dobrze', 'Dobrze:1, Źle:0,Czas:34', 'Dobrze:1, Źle:0, Czas:43', '', 'Dobrze:3, Źle:0, Czas:40', '', '2022-09-08 07:45:50'),
(18, '307', 'Dobrze', 'Dobrze', 'Dobrze', 'Dobrze:1, Źle:0,Czas:10', 'Dobrze:1, Źle:0, Czas:29', 'Dobrze:true, Czas:130', 'Dobrze:3, Źle:0, Czas:65', '<br/>Ze względu na długi czas reakcji na bodźce sugerujemy abyś odłożył(a) dzisiejszą podróż.', '2022-09-08 15:12:45'),
(19, '2', 'Dobrze', 'Źle', 'Dobrze', 'Dobrze:1, Źle:0,Czas:12', 'Dobrze:1, Źle:0, Czas:10', '', 'Dobrze:3, Źle:0, Czas:42', '<br/>Warto przypomnieć sobie zasady pierwszeństwa w ruchu drogowym.', '2022-09-09 09:03:50'),
(20, '2', 'Źle', 'Źle', 'Dobrze', 'Dobrze:1, Źle:0,Czas:28', 'Dobrze:1, Źle:0, Czas:10', '', 'Dobrze:3, Źle:0, Czas:70', '<br/>Warto przypomnieć sobie znaki drogowe.<br/>Warto przypomnieć sobie zasady pierwszeństwa w ruchu drogowym.', '2022-09-09 10:03:25'),
(21, '307', 'Dobrze', 'Dobrze', 'Dobrze', 'Dobrze:1, Źle:0,Czas:15', 'Dobrze:1, Źle:0, Czas:13', '', 'Dobrze:3, Źle:0, Czas:43', '', '2022-09-09 12:08:26'),
(22, '307', 'Źle', 'Dobrze', 'Dobrze', 'Dobrze:1, Źle:0,Czas:11', 'Dobrze:0, Źle:1, Czas:24', '', 'Dobrze:3, Źle:0, Czas:54', '<br/>Warto przypomnieć sobie znaki drogowe.', '2022-09-15 23:11:00'),
(23, '309', 'Dobrze', 'Dobrze', 'Dobrze', 'Dobrze:1, Źle:0,Czas:11', 'Dobrze:0, Źle:1, Czas:64', '', 'Dobrze:3, Źle:0, Czas:38', '', '2022-09-15 23:18:09'),
(24, '310', 'Dobrze', 'Źle', 'Dobrze', 'Dobrze:1, Źle:0,Czas:27', 'Dobrze:1, Źle:0, Czas:38', '', 'Dobrze:3, Źle:0, Czas:38', '<br/>Warto przypomnieć sobie zasady pierwszeństwa w ruchu drogowym.', '2022-09-16 07:30:03'),
(25, '311', 'Dobrze', 'Dobrze', 'Dobrze', 'Dobrze:1, Źle:0,Czas:59', 'Dobrze:0, Źle:1, Czas:44', '', 'Dobrze:3, Źle:2, Czas:169', '<br/>Ze względu na słabszą koncentrację sugerujemy abyś odłożył(a) dzisiejszą podróż.', '2022-09-16 07:34:00'),
(26, '309', 'Źle', 'Źle', 'Dobrze', 'Dobrze:1, Źle:0,Czas:42', 'Dobrze:1, Źle:0, Czas:15', 'Dobrze:true, Czas:34', 'Dobrze:3, Źle:0, Czas:84', '<br/>Warto przypomnieć sobie znaki drogowe.<br/>Warto przypomnieć sobie zasady pierwszeństwa w ruchu drogowym.', '2022-09-16 07:41:40'),
(27, '313', 'Dobrze', 'Źle', 'Dobrze', 'Dobrze:1, Źle:0,Czas:24', 'Dobrze:0, Źle:1, Czas:26', 'Dobrze:true, Czas:53', 'Dobrze:3, Źle:1, Czas:101', '<br/>Warto przypomnieć sobie zasady pierwszeństwa w ruchu drogowym.', '2022-09-16 09:12:19'),
(28, '315', 'Dobrze', 'Dobrze', 'Dobrze', 'Dobrze:1, Źle:0,Czas:33', 'Dobrze:0, Źle:1, Czas:18', 'Dobrze:true, Czas:24', 'Dobrze:3, Źle:1, Czas:65', '<br/>Ze względu na długi czas reakcji na bodźce sugerujemy abyś odłożył(a) dzisiejszą podróż.', '2022-09-16 10:25:10'),
(29, '314', 'Dobrze', 'Dobrze', 'Dobrze', 'Dobrze:1, Źle:0,Czas:35', 'Dobrze:1, Źle:0, Czas:13', 'Dobrze:true, Czas:16', 'Dobrze:3, Źle:2, Czas:63', '<br/>Ze względu na długi czas reakcji na bodźce sugerujemy abyś odłożył(a) dzisiejszą podróż.', '2022-09-16 10:57:13'),
(30, '307', 'Dobrze', 'Dobrze', 'Dobrze', 'Dobrze:1, Źle:0,Czas:34', 'Dobrze:0, Źle:1, Czas:53', 'Dobrze:true, Czas:25', 'Dobrze:3, Źle:1, Czas:151', '<br/>Ze względu na długi czas reakcji na bodźce sugerujemy abyś odłożył(a) dzisiejszą podróż.', '2022-09-18 15:02:26'),
(31, '307', 'Dobrze', 'Dobrze', 'Dobrze', 'Dobrze:1, Źle:0,Czas:21', 'Dobrze:1, Źle:0, Czas:29', 'Dobrze:true, Czas:75', 'Dobrze:3, Źle:0, Czas:41', '<br/>Ze względu na długi czas reakcji na bodźce sugerujemy abyś odłożył(a) dzisiejszą podróż.', '2022-09-18 15:08:19'),
(32, '307', 'Dobrze', 'Źle', 'Dobrze', 'Dobrze:1, Źle:0,Czas:26', 'Dobrze:1, Źle:0, Czas:18', 'Dobrze:true, Czas:50', 'Dobrze:3, Źle:0, Czas:37', '<br/>Warto przypomnieć sobie zasady pierwszeństwa w ruchu drogowym.', '2022-09-18 15:13:36'),
(33, '309', 'Dobrze', 'Dobrze', 'Dobrze', 'Dobrze:1, Źle:0,Czas:20', 'Dobrze:1, Źle:0, Czas:17', 'Dobrze:true, Czas:13', 'Dobrze:3, Źle:1, Czas:76', '<br/>Ze względu na długi czas reakcji na bodźce sugerujemy abyś odłożył(a) dzisiejszą podróż.', '2022-09-19 08:39:20'),
(34, '310', 'Dobrze', 'Źle', 'Dobrze', 'Dobrze:1, Źle:0,Czas:25', 'Dobrze:1, Źle:0, Czas:12', 'Dobrze:true, Czas:13', 'Dobrze:3, Źle:3, Czas:111', '<br/>Warto przypomnieć sobie zasady pierwszeństwa w ruchu drogowym.<br/>Ze względu na słabszą koncentrację sugerujemy abyś odłożył(a) dzisiejszą podróż.', '2022-09-19 08:41:27'),
(35, '311', 'Źle', 'Źle', 'Dobrze', 'Dobrze:undefined, Źle:1,Czas:undefined', 'Dobrze:0, Źle:1, Czas:24', 'Dobrze:true, Czas:11', 'Dobrze:3, Źle:1, Czas:39', '<br/>Warto przypomnieć sobie znaki drogowe.<br/>Warto przypomnieć sobie zasady pierwszeństwa w ruchu drogowym.<br/>Ze względu na słabszą koncentrację sugerujemy abyś odłożył(a) dzisiejszą podróż.', '2022-09-19 08:43:19'),
(36, '315', 'Dobrze', 'Dobrze', 'Dobrze', 'Dobrze:1, Źle:0,Czas:20', 'Dobrze:0, Źle:1, Czas:21', 'Dobrze:true, Czas:17', 'Dobrze:3, Źle:0, Czas:39', '<br/>Ze względu na długi czas reakcji na bodźce sugerujemy abyś odłożył(a) dzisiejszą podróż.', '2022-09-19 08:45:55'),
(37, '313', 'Dobrze', 'Dobrze', 'Dobrze', 'Dobrze:1, Źle:0,Czas:18', 'Dobrze:1, Źle:0, Czas:15', 'Dobrze:true, Czas:10', 'Dobrze:3, Źle:0, Czas:51', '<br/>Ze względu na długi czas reakcji na bodźce sugerujemy abyś odłożył(a) dzisiejszą podróż.', '2022-09-19 08:47:45'),
(38, '314', 'Dobrze', 'Dobrze', 'Dobrze', 'Dobrze:1, Źle:0,Czas:17', 'Dobrze:1, Źle:0, Czas:16', 'Dobrze:true, Czas:16', 'Dobrze:3, Źle:0, Czas:49', '<br/>Ze względu na długi czas reakcji na bodźce sugerujemy abyś odłożył(a) dzisiejszą podróż.', '2022-09-19 08:56:34'),
(39, '317', 'Dobrze', 'Dobrze', 'Dobrze', 'Dobrze:1, Źle:0,Czas:11', 'Dobrze:0, Źle:1, Czas:111', 'Dobrze:true, Czas:10', 'Dobrze:3, Źle:1, Czas:52', '<br/>Ze względu na długi czas reakcji na bodźce sugerujemy abyś odłożył(a) dzisiejszą podróż.', '2022-09-19 09:11:44'),
(40, '316', 'Dobrze', 'Dobrze', 'Dobrze', 'Dobrze:undefined, Źle:1,Czas:undefined', 'Dobrze:1, Źle:0, Czas:16', '', 'Dobrze:3, Źle:0, Czas:50', '', '2022-09-19 09:15:19'),
(41, '318', 'Dobrze', 'Dobrze', 'Dobrze', 'Dobrze:1, Źle:0,Czas:11', 'Dobrze:1, Źle:0, Czas:14', 'Dobrze:true, Czas:11', 'Dobrze:3, Źle:0, Czas:36', '<br/>Ze względu na długi czas reakcji na bodźce sugerujemy abyś odłożył(a) dzisiejszą podróż.', '2022-09-19 09:27:38'),
(42, '319', 'Dobrze', 'Dobrze', 'Dobrze', 'Dobrze:undefined, Źle:1,Czas:undefined', 'Dobrze:0, Źle:1, Czas:17', '', 'Dobrze:3, Źle:0, Czas:35', '', '2022-09-19 10:08:25'),
(43, '320', 'Dobrze', 'Dobrze', 'Dobrze', 'Dobrze:1, Źle:0,Czas:20', 'Dobrze:0, Źle:1, Czas:25', '', 'Dobrze:3, Źle:0, Czas:42', '', '2022-09-19 10:13:25'),
(44, '321', 'Dobrze', 'Dobrze', 'Dobrze', 'Dobrze:1, Źle:0,Czas:16', 'Dobrze:1, Źle:0, Czas:12', 'Dobrze:true, Czas:8', 'Dobrze:3, Źle:0, Czas:66', '<br/>Ze względu na długi czas reakcji na bodźce sugerujemy abyś odłożył(a) dzisiejszą podróż.', '2022-09-19 10:35:59'),
(45, '322', 'Dobrze', 'Dobrze', 'Dobrze', 'Dobrze:1, Źle:0,Czas:9', 'Dobrze:1, Źle:0, Czas:21', 'Dobrze:true, Czas:14', 'Dobrze:3, Źle:0, Czas:37', '<br/>Ze względu na długi czas reakcji na bodźce sugerujemy abyś odłożył(a) dzisiejszą podróż.', '2022-09-19 10:41:41'),
(46, '323', 'Dobrze', 'Dobrze', 'Dobrze', 'Dobrze:undefined, Źle:1,Czas:undefined', 'Dobrze:0, Źle:1, Czas:11', '', 'Dobrze:3, Źle:0, Czas:42', '', '2022-09-19 10:45:39'),
(47, '324', 'Dobrze', 'Dobrze', 'Dobrze', 'Dobrze:1, Źle:0,Czas:57', 'Dobrze:1, Źle:0, Czas:48', '', 'Dobrze:3, Źle:0, Czas:39', '', '2022-09-19 11:05:57'),
(48, '325', 'Dobrze', 'Dobrze', 'Dobrze', 'Dobrze:1, Źle:0,Czas:17', 'Dobrze:0, Źle:1, Czas:15', 'Dobrze:true, Czas:17', 'Dobrze:3, Źle:0, Czas:92', '<br/>Ze względu na długi czas reakcji na bodźce sugerujemy abyś odłożył(a) dzisiejszą podróż.', '2022-09-19 11:41:48'),
(49, '322', 'Dobrze', 'Dobrze', 'Dobrze', 'Dobrze:1, Źle:0,Czas:29', 'Dobrze:1, Źle:0, Czas:42', 'Dobrze:true, Czas:54', 'Dobrze:3, Źle:0, Czas:40', '<br/>Ze względu na długi czas reakcji na bodźce sugerujemy abyś odłożył(a) dzisiejszą podróż.', '2022-09-20 10:44:28'),
(50, '321', 'Źle', 'Dobrze', 'Dobrze', 'Dobrze:undefined, Źle:1,Czas:undefined', 'Dobrze:1, Źle:0, Czas:18', 'Dobrze:true, Czas:9', 'Dobrze:3, Źle:1, Czas:56', '<br/>Warto przypomnieć sobie znaki drogowe.', '2022-09-20 10:51:03'),
(51, '309', 'Dobrze', 'Dobrze', 'Dobrze', 'Dobrze:1, Źle:0,Czas:16', 'Dobrze:0, Źle:1, Czas:14', '', 'Dobrze:3, Źle:0, Czas:44', '', '2022-09-20 10:52:22'),
(52, '311', 'Dobrze', 'Dobrze', 'Dobrze', 'Dobrze:1, Źle:0,Czas:36', 'Dobrze:1, Źle:0, Czas:16', 'Dobrze:true, Czas:28', 'Dobrze:3, Źle:1, Czas:44', '<br/>Ze względu na długi czas reakcji na bodźce sugerujemy abyś odłożył(a) dzisiejszą podróż.', '2022-09-20 10:56:00'),
(53, '313', 'Dobrze', 'Dobrze', 'Dobrze', 'Dobrze:undefined, Źle:1,Czas:undefined', 'Dobrze:0, Źle:1, Czas:117', 'Dobrze:true, Czas:20', 'Dobrze:3, Źle:1, Czas:44', '<br/>Ze względu na słabszą koncentrację sugerujemy abyś odłożył(a) dzisiejszą podróż.', '2022-09-20 10:59:56'),
(54, '325', 'Dobrze', 'Dobrze', 'Dobrze', 'Dobrze:1, Źle:0,Czas:15', 'Dobrze:1, Źle:0, Czas:33', '', 'Dobrze:3, Źle:0, Czas:36', '', '2022-09-20 11:01:58'),
(55, '324', 'Dobrze', 'Dobrze', 'Dobrze', 'Dobrze:undefined, Źle:1,Czas:undefined', 'Dobrze:0, Źle:1, Czas:15', 'Dobrze:true, Czas:7', 'Dobrze:3, Źle:0, Czas:40', '', '2022-09-20 11:04:31'),
(56, '317', 'Dobrze', 'Dobrze', 'Dobrze', 'Dobrze:1, Źle:0,Czas:42', 'Dobrze:1, Źle:0, Czas:15', 'Dobrze:true, Czas:7', 'Dobrze:3, Źle:1, Czas:69', '<br/>Ze względu na długi czas reakcji na bodźce sugerujemy abyś odłożył(a) dzisiejszą podróż.', '2022-09-20 11:06:08'),
(57, '319', 'Dobrze', 'Dobrze', 'Dobrze', 'Dobrze:1, Źle:0,Czas:100', 'Dobrze:0, Źle:1, Czas:11', 'Dobrze:true, Czas:7', 'Dobrze:3, Źle:0, Czas:44', '<br/>Ze względu na długi czas reakcji na bodźce sugerujemy abyś odłożył(a) dzisiejszą podróż.', '2022-09-20 11:10:33'),
(58, '310', 'Dobrze', 'Dobrze', 'Dobrze', 'Dobrze:1, Źle:0,Czas:17', 'Dobrze:1, Źle:0, Czas:12', 'Dobrze:true, Czas:10', 'Dobrze:3, Źle:0, Czas:51', '<br/>Ze względu na długi czas reakcji na bodźce sugerujemy abyś odłożył(a) dzisiejszą podróż.', '2022-09-20 11:32:36'),
(59, '314', 'Dobrze', 'Dobrze', 'Dobrze', 'Dobrze:undefined, Źle:1,Czas:undefined', 'Dobrze:1, Źle:0, Czas:21', 'Dobrze:true, Czas:23', 'Dobrze:3, Źle:0, Czas:50', '', '2022-09-20 11:34:02'),
(60, '316', 'Dobrze', 'Dobrze', 'Dobrze', 'Dobrze:1, Źle:0,Czas:21', 'Dobrze:1, Źle:0, Czas:12', '', 'Dobrze:3, Źle:0, Czas:47', '', '2022-09-20 11:35:35'),
(61, '320', 'Dobrze', 'Dobrze', 'Dobrze', 'Dobrze:1, Źle:0,Czas:11', 'Dobrze:1, Źle:0, Czas:15', 'Dobrze:true, Czas:10', 'Dobrze:3, Źle:0, Czas:56', '<br/>Ze względu na długi czas reakcji na bodźce sugerujemy abyś odłożył(a) dzisiejszą podróż.', '2022-09-20 13:47:06'),
(62, '323', 'Dobrze', 'Źle', 'Dobrze', 'Dobrze:undefined, Źle:1,Czas:undefined', 'Dobrze:1, Źle:0, Czas:19', '', 'Dobrze:3, Źle:0, Czas:38', '<br/>Warto przypomnieć sobie zasady pierwszeństwa w ruchu drogowym.', '2022-09-20 13:53:24'),
(63, '318', 'Dobrze', 'Dobrze', 'Dobrze', 'Dobrze:1, Źle:0,Czas:20', 'Dobrze:0, Źle:1, Czas:28', 'Dobrze:true, Czas:31', 'Dobrze:3, Źle:0, Czas:52', '<br/>Ze względu na długi czas reakcji na bodźce sugerujemy abyś odłożył(a) dzisiejszą podróż.', '2022-09-20 13:55:10'),
(64, '315', 'Dobrze', 'Dobrze', 'Dobrze', 'Dobrze:1, Źle:0,Czas:15', 'Dobrze:1, Źle:0, Czas:14', 'Dobrze:true, Czas:12', 'Dobrze:3, Źle:0, Czas:72', '<br/>Ze względu na długi czas reakcji na bodźce sugerujemy abyś odłożył(a) dzisiejszą podróż.', '2022-09-20 13:58:37'),
(65, '325', 'Dobrze', 'Dobrze', 'Dobrze', 'Dobrze:1, Źle:0,Czas:16', 'Dobrze:1, Źle:0, Czas:14', 'Dobrze:true, Czas:12', 'Dobrze:3, Źle:0, Czas:50', '<br/>Ze względu na długi czas reakcji na bodźce sugerujemy abyś odłożył(a) dzisiejszą podróż.', '2022-09-21 07:39:27'),
(66, '318', 'Dobrze', 'Dobrze', 'Dobrze', 'Dobrze:1, Źle:0,Czas:14', 'Dobrze:1, Źle:0, Czas:14', 'Dobrze:true, Czas:14', 'Dobrze:3, Źle:1, Czas:45', '<br/>Ze względu na długi czas reakcji na bodźce sugerujemy abyś odłożył(a) dzisiejszą podróż.', '2022-09-21 07:42:06'),
(67, '311', 'Dobrze', 'Dobrze', 'Dobrze', 'Dobrze:1, Źle:0,Czas:12', 'Dobrze:0, Źle:1, Czas:19', '', 'Dobrze:3, Źle:0, Czas:51', '', '2022-09-21 07:44:01'),
(68, '316', 'Dobrze', 'Źle', 'Dobrze', 'Dobrze:1, Źle:0,Czas:14', 'Dobrze:1, Źle:0, Czas:13', 'Dobrze:true, Czas:12', 'Dobrze:3, Źle:0, Czas:59', '<br/>Warto przypomnieć sobie zasady pierwszeństwa w ruchu drogowym.', '2022-09-21 07:46:13'),
(69, '309', 'Dobrze', 'Dobrze', 'Dobrze', 'Dobrze:1, Źle:0,Czas:16', 'Dobrze:0, Źle:1, Czas:9', '', 'Dobrze:3, Źle:0, Czas:44', '', '2022-09-21 07:48:17'),
(70, '321', 'Dobrze', 'Dobrze', 'Dobrze', 'Dobrze:1, Źle:0,Czas:11', 'Dobrze:0, Źle:1, Czas:14', '', 'Dobrze:3, Źle:0, Czas:37', '', '2022-09-21 08:27:49'),
(71, '322', 'Dobrze', 'Źle', 'Dobrze', 'Dobrze:1, Źle:0,Czas:9', 'Dobrze:0, Źle:1, Czas:38', 'Dobrze:true, Czas:7', 'Dobrze:3, Źle:2, Czas:53', '<br/>Warto przypomnieć sobie zasady pierwszeństwa w ruchu drogowym.<br/>Ze względu na słabszą koncentrację sugerujemy abyś odłożył(a) dzisiejszą podróż.', '2022-09-21 08:29:10'),
(72, '310', 'Dobrze', 'Dobrze', 'Dobrze', 'Dobrze:undefined, Źle:1,Czas:undefined', 'Dobrze:1, Źle:0, Czas:47', 'Dobrze:true, Czas:20', 'Dobrze:3, Źle:1, Czas:53', '', '2022-09-21 08:31:26'),
(73, '324', 'Źle', 'Dobrze', 'Dobrze', 'Dobrze:undefined, Źle:1,Czas:undefined', 'Dobrze:0, Źle:1, Czas:10', '', 'Dobrze:3, Źle:0, Czas:46', '<br/>Warto przypomnieć sobie znaki drogowe.', '2022-09-21 08:36:39'),
(74, '319', 'Dobrze', 'Źle', 'Dobrze', 'Dobrze:undefined, Źle:1,Czas:undefined', 'Dobrze:1, Źle:0, Czas:12', 'Dobrze:true, Czas:11', 'Dobrze:3, Źle:1, Czas:46', '<br/>Warto przypomnieć sobie zasady pierwszeństwa w ruchu drogowym.', '2022-09-21 08:38:51'),
(75, '315', 'Dobrze', 'Źle', 'Dobrze', 'Dobrze:1, Źle:0,Czas:18', 'Dobrze:1, Źle:0, Czas:21', '', 'Dobrze:3, Źle:0, Czas:42', '<br/>Warto przypomnieć sobie zasady pierwszeństwa w ruchu drogowym.', '2022-09-21 12:05:37'),
(76, '320', 'Dobrze', 'Dobrze', 'Dobrze', 'Dobrze:1, Źle:0,Czas:13', 'Dobrze:0, Źle:1, Czas:20', 'Dobrze:true, Czas:8', 'Dobrze:3, Źle:0, Czas:49', '<br/>Ze względu na długi czas reakcji na bodźce sugerujemy abyś odłożył(a) dzisiejszą podróż.<br/>Życzymy udanej podróży', '2022-09-21 12:07:32'),
(77, '317', 'Dobrze', 'Dobrze', 'Dobrze', 'Dobrze:1, Źle:0,Czas:13', 'Dobrze:1, Źle:0, Czas:12', 'Dobrze:true, Czas:27', 'Dobrze:3, Źle:0, Czas:37', '<br/>Ze względu na długi czas reakcji na bodźce sugerujemy abyś odłożył(a) dzisiejszą podróż.<br/>Życzymy udanej podróży', '2022-09-21 12:18:00'),
(78, '313', 'Dobrze', 'Źle', 'Dobrze', 'Dobrze:undefined, Źle:1,Czas:undefined', 'Dobrze:0, Źle:1, Czas:14', 'Dobrze:true, Czas:8', 'Dobrze:3, Źle:0, Czas:29', '<br/>Warto przypomnieć sobie zasady pierwszeństwa w ruchu drogowym.', '2022-09-21 12:19:38'),
(79, '314', 'Dobrze', 'Dobrze', 'Dobrze', 'Dobrze:undefined, Źle:1,Czas:undefined', 'Dobrze:0, Źle:1, Czas:12', '', 'Dobrze:3, Źle:1, Czas:52', '<br/>Ze względu na słabszą koncentrację sugerujemy abyś odłożył(a) dzisiejszą podróż.', '2022-09-21 12:20:59'),
(80, '323', 'Dobrze', 'Dobrze', 'Dobrze', 'Dobrze:1, Źle:0,Czas:53', 'Dobrze:1, Źle:0, Czas:18', 'Dobrze:true, Czas:28', 'Dobrze:3, Źle:0, Czas:46', '<br/>Ze względu na długi czas reakcji na bodźce sugerujemy abyś odłożył(a) dzisiejszą podróż.<br/>Życzymy udanej podróży', '2022-09-21 12:22:41'),
(81, '325', 'Dobrze', 'Dobrze', 'Dobrze', 'Dobrze:1, Źle:0,Czas:1600', 'Dobrze:1, Źle:0, Czas:1900', 'Dobrze:true, Czas:1100', 'Dobrze:3, Źle:0, Czas:5000', '<br/>Ze względu na długi czas reakcji na bodźce sugerujemy abyś odłożył(a) dzisiejszą podróż.<br/>Życzymy udanej podróży', '2022-09-22 07:34:32'),
(82, '310', 'Dobrze', 'Dobrze', 'Dobrze', 'Dobrze:1, Źle:0,Czas:1000', 'Dobrze:1, Źle:0, Czas:1200', 'Dobrze:true, Czas:1100', 'Dobrze:3, Źle:0, Czas:4800', '<br/>Ze względu na długi czas reakcji na bodźce sugerujemy abyś odłożył(a) dzisiejszą podróż.<br/>Życzymy udanej podróży', '2022-09-22 07:43:15'),
(83, '319', 'Dobrze', 'Dobrze', 'Dobrze', 'Dobrze:1, Źle:0,Czas:1100', 'Dobrze:0, Źle:1, Czas:1100', 'Dobrze:true, Czas:500', 'Dobrze:3, Źle:0, Czas:3900', '<br/>Ze względu na długi czas reakcji na bodźce sugerujemy abyś odłożył(a) dzisiejszą podróż.<br/>Życzymy udanej podróży', '2022-09-22 07:49:31'),
(84, '316', 'Dobrze', 'Dobrze', 'Dobrze', 'Dobrze:1, Źle:0,Czas:1100', 'Dobrze:0, Źle:1, Czas:1700', 'Dobrze:true, Czas:600', 'Dobrze:3, Źle:0, Czas:4300', '<br/>Ze względu na długi czas reakcji na bodźce sugerujemy abyś odłożył(a) dzisiejszą podróż.<br/>Życzymy udanej podróży', '2022-09-22 07:53:07'),
(85, '313', 'Dobrze', 'Dobrze', 'Dobrze', 'Dobrze:1, Źle:0,Czas:1200', 'Dobrze:1, Źle:0, Czas:1300', 'Dobrze:true, Czas:500', 'Dobrze:3, Źle:0, Czas:4800', '<br/>Ze względu na długi czas reakcji na bodźce sugerujemy abyś odłożył(a) dzisiejszą podróż.<br/>Życzymy udanej podróży', '2022-09-22 08:00:24'),
(86, '324', 'Dobrze', 'Dobrze', 'Dobrze', 'Dobrze:1, Źle:0,Czas:1100', 'Dobrze:1, Źle:0, Czas:1000', 'Dobrze:true, Czas:600', 'Dobrze:3, Źle:0, Czas:4000', '<br/>Ze względu na długi czas reakcji na bodźce sugerujemy abyś odłożył(a) dzisiejszą podróż.<br/>Życzymy udanej podróży', '2022-09-22 08:04:27'),
(87, '311', 'Dobrze', 'Dobrze', 'Dobrze', 'Dobrze:1, Źle:0,Czas:1000', 'Dobrze:1, Źle:0, Czas:900', 'Dobrze:true, Czas:800', 'Dobrze:3, Źle:0, Czas:3200', '<br/>Ze względu na długi czas reakcji na bodźce sugerujemy abyś odłożył(a) dzisiejszą podróż.<br/>Życzymy udanej podróży', '2022-09-22 08:13:12'),
(88, '309', 'Dobrze', 'Dobrze', 'Dobrze', 'Dobrze:1, Źle:0,Czas:1300', 'Dobrze:1, Źle:0, Czas:1000', 'Dobrze:true, Czas:1000', 'Dobrze:3, Źle:0, Czas:3200', '<br/>Ze względu na długi czas reakcji na bodźce sugerujemy abyś odłożył(a) dzisiejszą podróż.<br/>Życzymy udanej podróży', '2022-09-22 09:16:46'),
(89, '317', 'Dobrze', 'Dobrze', 'Dobrze', 'Dobrze:1, Źle:0,Czas:1000', 'Dobrze:1, Źle:0, Czas:1100', 'Dobrze:true, Czas:700', 'Dobrze:3, Źle:0, Czas:3000', '<br/>Ze względu na długi czas reakcji na bodźce sugerujemy abyś odłożył(a) dzisiejszą podróż.<br/>Życzymy udanej podróży', '2022-09-22 09:18:47'),
(90, '320', 'Dobrze', 'Dobrze', 'Dobrze', 'Dobrze:undefined, Źle:1,Czas:undefined', 'Dobrze:0, Źle:1, Czas:1200', '', 'Dobrze:3, Źle:2, Czas:5900', '<br/>Ze względu na słabszą koncentrację sugerujemy abyś odłożył(a) dzisiejszą podróż.', '2022-09-22 09:20:21'),
(91, '314', 'Dobrze', 'Dobrze', 'Dobrze', 'Dobrze:1, Źle:0,Czas:1700', 'Dobrze:1, Źle:0, Czas:1100', '', 'Dobrze:3, Źle:0, Czas:3700', '<br/>Życzymy udanej podróży', '2022-09-22 10:04:50'),
(92, '315', 'Dobrze', 'Dobrze', 'Dobrze', 'Dobrze:1, Źle:0,Czas:1500', 'Dobrze:1, Źle:0, Czas:2300', 'Dobrze:true, Czas:800', 'Dobrze:3, Źle:0, Czas:4200', '<br/>Ze względu na długi czas reakcji na bodźce sugerujemy abyś odłożył(a) dzisiejszą podróż.<br/>Życzymy udanej podróży', '2022-09-22 10:06:35'),
(93, '323', 'Dobrze', 'Dobrze', 'Dobrze', 'Dobrze:1, Źle:0,Czas:1100', 'Dobrze:1, Źle:0, Czas:1100', 'Dobrze:true, Czas:1200', 'Dobrze:3, Źle:0, Czas:5100', '<br/>Ze względu na długi czas reakcji na bodźce sugerujemy abyś odłożył(a) dzisiejszą podróż.<br/>Życzymy udanej podróży', '2022-09-22 10:08:16'),
(94, '318', 'Dobrze', 'Dobrze', 'Dobrze', 'Dobrze:1, Źle:0,Czas:1900', 'Dobrze:0, Źle:1, Czas:1100', 'Dobrze:true, Czas:2000', 'Dobrze:3, Źle:2, Czas:4300', '<br/>Ze względu na słabszą koncentrację sugerujemy abyś odłożył(a) dzisiejszą podróż.<br/>Ze względu na długi czas reakcji na bodźce sugerujemy abyś odłożył(a) dzisiejszą podróż.', '2022-09-22 10:09:47'),
(95, '321', 'Dobrze', 'Dobrze', 'Dobrze', 'Dobrze:1, Źle:0,Czas:1000', 'Dobrze:1, Źle:0, Czas:1100', 'Dobrze:true, Czas:1300', 'Dobrze:3, Źle:0, Czas:3800', '<br/>Ze względu na długi czas reakcji na bodźce sugerujemy abyś odłożył(a) dzisiejszą podróż.<br/>Życzymy udanej podróży', '2022-09-22 10:11:05'),
(96, '322', 'Dobrze', 'Źle', 'Dobrze', 'Dobrze:undefined, Źle:1,Czas:undefined', 'Dobrze:0, Źle:1, Czas:900', 'Dobrze:true, Czas:900', 'Dobrze:3, Źle:0, Czas:3300', '<br/>Warto przypomnieć sobie zasady pierwszeństwa w ruchu drogowym.', '2022-09-22 10:12:50'),
(97, '2', 'Dobrze', 'Dobrze', 'Dobrze', 'Dobrze:1, Źle:0,Czas:1.1', 'Dobrze:1, Źle:0, Czas:1.3', 'Pominięte', 'Dobrze:3, Źle:0, Czas:4.3', '<br/>Życzymy udanej podróży', '2022-09-22 11:35:15'),
(98, '2', 'Źle', 'Źle', 'Dobrze', 'Dobrze:undefined, Źle:1,Czas:NaN', 'Dobrze:0, Źle:1, Czas:8.8', 'Pominięte', 'Dobrze:3, Źle:0, Czas:4.3', '<br/>Warto przypomnieć sobie znaki drogowe.<br/>Warto przypomnieć sobie zasady pierwszeństwa w ruchu drogowym.', '2022-09-22 11:36:39'),
(99, '319', 'Dobrze', 'Dobrze', 'Dobrze', 'Czas:2', 'Czas:1.1', 'Dobrze:true, Czas:1.4', 'Czas:4.8', '<br/>Życzymy udanej podróży', '2022-09-23 07:43:42'),
(100, '310', 'Dobrze', 'Dobrze', 'Dobrze', 'Czas:2.7', 'Czas:1.6', 'Dobrze:true, Czas:1.2', 'Czas:3.7', '<br/>Życzymy udanej podróży', '2022-09-23 07:46:23'),
(101, '313', 'Źle', 'Źle', 'Dobrze', 'Czas:3.1', 'Czas:2', 'Pominięte', 'Czas:7.7', '<br/>Warto przypomnieć sobie znaki drogowe.<br/>Warto przypomnieć sobie zasady pierwszeństwa w ruchu drogowym.', '2022-09-23 07:53:20'),
(102, '316', 'Dobrze', 'Źle', 'Dobrze', 'Czas:3.7', 'Czas:2.2', 'Dobrze:true, Czas:4.9', 'Czas:10.3', '<br/>Warto przypomnieć sobie zasady pierwszeństwa w ruchu drogowym.', '2022-09-23 07:56:05'),
(103, '321', 'Dobrze', 'Dobrze', 'Dobrze', 'Czas:3.9', 'Czas:2.5', 'Dobrze:true, Czas:2.3', 'Czas:7.4', '<br/>Życzymy udanej podróży', '2022-09-23 07:58:05'),
(104, '318', 'Dobrze', 'Dobrze', 'Dobrze', 'Czas:4.7', 'Czas:5.8', 'Dobrze:true, Czas:6.1', 'Czas:8.3', '<br/>Ze względu na słabszą koncentrację sugerujemy abyś odłożył(a) dzisiejszą podróż.<br/>Ze względu na długi czas reakcji na bodźce sugerujemy abyś odłożył(a) dzisiejszą podróż.', '2022-09-23 08:00:08'),
(105, '309', 'Dobrze', 'Dobrze', 'Dobrze', 'Czas:2.5', 'Czas:1.9', 'Dobrze:true, Czas:0.9', 'Czas:5', '<br/>Życzymy udanej podróży', '2022-09-23 08:59:47'),
(106, '314', 'Dobrze', 'Dobrze', 'Dobrze', 'Czas:1.1', 'Czas:1.4', 'Pominięte', 'Czas:4.5', '<br/>Życzymy udanej podróży', '2022-09-23 09:02:25'),
(107, '325', 'Dobrze', 'Dobrze', 'Dobrze', 'Czas:1.7', 'Czas:2.4', 'Dobrze:true, Czas:0.9', 'Czas:4.1', '<br/>Życzymy udanej podróży', '2022-09-23 09:04:01'),
(108, '321', 'Dobrze', 'Dobrze', 'Dobrze', 'Czas:5.3', 'Czas:1.4', 'Dobrze:true, Czas:0.8', 'Czas:3.9', '<br/>Życzymy udanej podróży', '2022-09-23 09:05:52'),
(109, '320', 'Dobrze', 'Dobrze', 'Dobrze', 'Czas:1.5', 'Czas:2.1', 'Dobrze:true, Czas:1', 'Czas:6.2', '<br/>Życzymy udanej podróży', '2022-09-23 09:07:25'),
(110, '322', 'Dobrze', 'Dobrze', 'Dobrze', 'Czas:1.9', 'Czas:6.4', 'Dobrze:true, Czas:3.9', 'Czas:4.5', '<br/>Życzymy udanej podróży', '2022-09-23 10:20:54'),
(111, '324', 'Dobrze', 'Dobrze', 'Dobrze', 'Czas:1.7', 'Czas:1.7', 'Dobrze:true, Czas:1.1', 'Czas:6.1', '<br/>Życzymy udanej podróży', '2022-09-23 10:22:29'),
(112, '317', 'Dobrze', 'Dobrze', 'Dobrze', 'Czas:1.1', 'Czas:1.5', 'Dobrze:true, Czas:0.6', 'Czas:6.9', '<br/>Ze względu na słabszą koncentrację sugerujemy abyś odłożył(a) dzisiejszą podróż.', '2022-09-23 10:24:58'),
(113, '323', 'Dobrze', 'Dobrze', 'Dobrze', 'Czas:2.2', 'Czas:1.9', 'Dobrze:true, Czas:1.4', 'Czas:4.2', '<br/>Życzymy udanej podróży', '2022-09-23 10:27:00'),
(114, '311', 'Dobrze', 'Dobrze', 'Dobrze', 'Czas:1.5', 'Czas:1.5', 'Pominięte', 'Czas:4.9', '<br/>Ze względu na słabszą koncentrację sugerujemy abyś odłożył(a) dzisiejszą podróż.', '2022-09-23 10:28:02'),
(115, '315', 'Dobrze', 'Dobrze', 'Dobrze', 'Czas:4.3', 'Czas:1', 'Dobrze:true, Czas:2.2', 'Czas:4.6', '<br/>Życzymy udanej podróży', '2022-09-23 10:29:21'),
(116, '319', 'Dobrze', 'Dobrze', 'Czas:1.3s', 'Dobrze', 'Dobrze', 'Dobrze:true, Czas:1.1', 'Czas:3.4s', '<br/>Życzymy udanej podróży', '2022-09-26 08:23:33'),
(117, '316', 'Dobrze', 'Dobrze', 'Czas:2.1s', 'Dobrze', 'Źle, czas:1.2s', 'Dobrze:true, Czas:0.9', 'Czas:4.6s', '<br/>Życzymy udanej podróży', '2022-09-26 08:26:11'),
(118, '311', 'Dobrze', 'Źle', 'Czas:1.7s', 'Dobrze', 'Dobrze', 'Dobrze:true, Czas:4.4', 'Czas:7.7s', '<br/>Warto przypomnieć sobie zasady pierwszeństwa w ruchu drogowym.<br/>Ze względu na słabszą koncentrację sugerujemy abyś odłożył(a) dzisiejszą podróż.', '2022-09-26 08:28:05'),
(119, '310', 'Dobrze', 'Dobrze', 'Czas:2.1s', 'Dobrze', 'Dobrze', 'Dobrze:true, Czas:1', 'Czas:4.3s', '<br/>Życzymy udanej podróży', '2022-09-26 08:31:18'),
(120, '325', 'Dobrze', 'Źle', 'Czas:2.4s', 'Dobrze', 'Dobrze', 'Dobrze:true, Czas:1.5', 'Czas:4.3s', '<br/>Warto przypomnieć sobie zasady pierwszeństwa w ruchu drogowym.<br/>Ze względu na długi czas reakcji na bodźce sugerujemy abyś odłożył(a) dzisiejszą podróż.', '2022-09-26 08:37:52'),
(121, '309', 'Dobrze', 'Dobrze', 'Czas:1.2s', 'Dobrze', 'Dobrze', 'Dobrze:true, Czas:1.3', 'Czas:3.7s', '<br/>Życzymy udanej podróży', '2022-09-26 09:52:54'),
(122, '313', 'Dobrze', 'Dobrze', 'Czas:2.9s', 'Dobrze', 'Dobrze', 'Dobrze:true, Czas:1.2', 'Czas:4.3s', '<br/>Życzymy udanej podróży', '2022-09-26 09:54:46'),
(123, '320', 'Dobrze', 'Dobrze', 'Czas:1.5s', 'Źle, czas:1.2s', 'Dobrze', 'Dobrze:true, Czas:1.5', 'Czas:5.1s', '<br/>Ze względu na słabszą koncentrację sugerujemy abyś odłożył(a) dzisiejszą podróż.', '2022-09-26 09:57:20'),
(124, '318', 'Dobrze', 'Dobrze', 'Czas:3.1s', 'Dobrze', 'Dobrze', 'Dobrze:true, Czas:4.9', 'Czas:7.3s', '<br/>Ze względu na długi czas reakcji na bodźce sugerujemy abyś odłożył(a) dzisiejszą podróż.<br/>Życzymy udanej podróży', '2022-09-26 10:02:05'),
(125, '307', 'Dobrze', 'Dobrze', 'Czas:2.3s', 'Dobrze', 'Dobrze', 'Dobrze:true, Czas:5.7', 'Czas:9.2s', '<br/>Ze względu na długi czas reakcji na bodźce sugerujemy abyś odłożył(a) dzisiejszą podróż.<br/>Życzymy udanej podróży', '2022-09-26 10:09:50'),
(126, '307', 'Dobrze', 'Źle', 'Czas:2.1s', 'Dobrze', 'Dobrze', 'Dobrze:true, Czas:1', 'Czas:3.5s', '<br/>Warto przypomnieć sobie zasady pierwszeństwa w ruchu drogowym.', '2022-09-26 10:27:34'),
(127, '314', 'Dobrze', 'Dobrze', 'Czas:1.4s', 'Dobrze', 'Źle, czas:1.2s', 'Pominięte', 'Czas:3s', '<br/>Życzymy udanej podróży', '2022-09-26 10:32:11'),
(128, '315', 'Dobrze, czas: 3.3s', 'Dobrze', 'Czas:1.1s', 'Dobrze, czas:2s', 'Dobrze, czas:5.7s', 'Dobrze', 'Czas:5s, dobre:3, złe:2', '<br/>Życzymy udanej podróży', '2022-09-26 12:29:37'),
(129, '324', 'Dobrze, czas: 3.3s', 'Dobrze', 'Czas:1.1s', 'Źle, czas:1.8s', 'Źle, czas:1.1s', 'Dobrze', 'Czas:3.6s, dobre:3, złe:0', '<br/>Życzymy udanej podróży', '2022-09-26 12:31:36'),
(130, '317', 'Dobrze, czas: 2.6s', 'Dobrze', 'Czas:4.9s', 'Dobrze, czas:1.6s', 'Dobrze, czas:1.8s', 'Dobrze', 'Czas:4.8s, dobre:3, złe:3', '<br/>Ze względu na słabszą koncentrację sugerujemy abyś odłożył(a) dzisiejszą podróż.', '2022-09-26 12:33:31'),
(131, '321', 'Dobrze, czas: 4.5s', 'Źle', 'Czas:7.9s', 'Dobrze, czas:2.7s', 'Źle, czas:1.9s', 'Dobrze', 'Czas:10.9s, dobre:3, złe:4', '<br/>Warto przypomnieć sobie zasady pierwszeństwa w ruchu drogowym.<br/>Ze względu na słabszą koncentrację sugerujemy abyś odłożył(a) dzisiejszą podróż.<br/>Ze względu na długi czas reakcji na bodźce sugerujemy abyś odłożył(a) dzisiejszą podróż.', '2022-09-26 12:35:17'),
(132, '323', 'Źle, czas: 3s', 'Dobrze', 'Czas:2s', 'Dobrze, czas:1.3s', 'Dobrze, czas:1.3s', 'Dobrze', 'Czas:4s, dobre:3, złe:0', '<br/>Warto przypomnieć sobie znaki drogowe.', '2022-09-26 12:40:15'),
(133, '322', 'Dobrze, czas: 2.5s', 'Dobrze', 'Czas:5.9s', 'Dobrze, czas:1.9s', 'Źle, czas:2.1s', 'Pominięte', 'Czas:5.3s, dobre:3, złe:0', '<br/>Życzymy udanej podróży', '2022-09-26 12:42:50'),
(134, '323', 'Dobrze, czas: 4.2s', 'Dobrze', 'Czas:2.1s', 'Dobrze, czas:2.6s', 'Dobrze, czas:1.6s', 'Dobrze', 'Czas:5.5s, dobre:3, złe:1', '<br/>Życzymy udanej podróży', '2022-09-27 13:50:27'),
(135, '316', 'Dobrze, czas: 3.3s', 'Dobrze', 'Czas:1.1s', 'Dobrze, czas:2.1s', 'Dobrze, czas:1.3s', 'Dobrze', 'Czas:3.8s, dobre:3, złe:1', '<br/>Życzymy udanej podróży', '2022-09-27 13:52:11'),
(136, '310', 'Dobrze, czas: 1.6s', 'Źle', 'Czas:2.6s', 'Źle, czas:4.1s', 'Źle, czas:1.5s', 'Pominięte', 'Czas:5.3s, dobre:3, złe:3', '<br/>Warto przypomnieć sobie zasady pierwszeństwa w ruchu drogowym.<br/>Ze względu na słabszą koncentrację sugerujemy abyś odłożył(a) dzisiejszą podróż.', '2022-09-27 13:53:28'),
(137, '322', 'Dobrze, czas: 3.9s', 'Źle', 'Czas:0.9s', 'Dobrze, czas:2s', 'Źle, czas:1.4s', 'Dobrze', 'Czas:3.2s, dobre:3, złe:0', '<br/>Warto przypomnieć sobie zasady pierwszeństwa w ruchu drogowym.', '2022-09-27 13:55:00'),
(138, '321', 'Dobrze, czas: 2.6s', 'Dobrze', 'Czas:1.3s', 'Dobrze, czas:1.3s', 'Dobrze, czas:1.2s', 'Dobrze', 'Czas:3.9s, dobre:3, złe:1', '<br/>Życzymy udanej podróży', '2022-09-27 13:56:16'),
(139, '311', 'Dobrze, czas: 1.6s', 'Dobrze', 'Czas:1.3s', 'Dobrze, czas:1.2s', 'Źle, czas:1.8s', 'Pominięte', 'Czas:2.7s, dobre:3, złe:0', '<br/>Życzymy udanej podróży', '2022-09-27 13:57:35'),
(140, '309', 'Dobrze, czas: 8.4s', 'Dobrze', 'Czas:1.3s', 'Dobrze, czas:1.3s', 'Dobrze, czas:3.3s', 'Dobrze', 'Czas:4.9s, dobre:3, złe:0', '<br/>Życzymy udanej podróży', '2022-09-27 14:56:39'),
(141, '324', 'Dobrze, czas: 4.3s', 'Dobrze', 'Czas:1.3s', 'Dobrze, czas:1.2s', 'Dobrze, czas:1.5s', 'Dobrze', 'Czas:6s, dobre:3, złe:0', '<br/>Życzymy udanej podróży', '2022-09-27 14:57:56'),
(142, '320', 'Dobrze, czas: 1.8s', 'Źle', 'Czas:2.9s', 'Dobrze, czas:1.9s', 'Dobrze, czas:1.9s', 'Dobrze', 'Czas:4.6s, dobre:3, złe:0', '<br/>Warto przypomnieć sobie zasady pierwszeństwa w ruchu drogowym.', '2022-09-27 15:04:13'),
(143, '313', 'Dobrze, czas: 2.9s', 'Dobrze', 'Czas:1s', 'Źle, czas:3.5s', 'Źle, czas:2.3s', 'Pominięte', 'Czas:3.6s, dobre:3, złe:0', '<br/>Życzymy udanej podróży', '2022-09-27 15:05:18'),
(144, '318', 'Dobrze, czas: 3.1s', 'Dobrze', 'Czas:3.5s', 'Dobrze, czas:1.7s', 'Dobrze, czas:1.4s', 'Dobrze', 'Czas:5.3s, dobre:3, złe:0', '<br/>Życzymy udanej podróży', '2022-09-27 15:07:04'),
(145, '325', 'Dobrze, czas: 4.1s', 'Dobrze', 'Czas:6.3s', 'Dobrze, czas:1.2s', 'Źle, czas:3.9s', 'Dobrze', 'Czas:2.9s, dobre:3, złe:1', '<br/>Życzymy udanej podróży', '2022-09-27 15:08:33'),
(146, '315', 'Dobrze, czas: 2.6s', 'Dobrze', 'Czas:1.2s', 'Dobrze, czas:2.8s', 'Dobrze, czas:1.5s', 'Dobrze', 'Czas:3.1s, dobre:3, złe:0', '<br/>Życzymy udanej podróży', '2022-09-27 16:21:13'),
(147, '319', 'Dobrze, czas: 5s', 'Dobrze', 'Czas:0.9s', 'Dobrze, czas:1s', 'Źle, czas:4.1s', 'Pominięte', 'Czas:2.6s, dobre:3, złe:0', '<br/>Życzymy udanej podróży', '2022-09-27 16:22:04'),
(148, '317', 'Dobrze, czas: 1.8s', 'Dobrze', 'Czas:2.9s', 'Dobrze, czas:1.3s', 'Dobrze, czas:1.1s', 'Dobrze', 'Czas:4.6s, dobre:3, złe:1', '<br/>Życzymy udanej podróży', '2022-09-27 16:23:24'),
(149, '314', 'Dobrze, czas: 1.1s', 'Dobrze', 'Czas:1.2s', 'Dobrze, czas:4.3s', 'Dobrze, czas:4.8s', 'Pominięte', 'Czas:2.2s, dobre:3, złe:0', '<br/>Życzymy udanej podróży', '2022-09-27 16:24:26'),
(150, '314', 'Dobrze, czas: 2.5s', 'Dobrze', 'Czas:1.3s', 'Dobrze, czas:2.5s', 'Dobrze, czas:1.3s', 'Dobrze', 'Czas:2.7s, dobre:3, złe:0', '<br/>Życzymy udanej podróży', '2022-09-28 07:48:38'),
(151, '316', 'Dobrze, czas: 3.3s', 'Dobrze', 'Czas:1.5s', 'Dobrze, czas:2s', 'Dobrze, czas:1.4s', 'Dobrze', 'Czas:4.5s, dobre:3, złe:1', '<br/>Życzymy udanej podróży', '2022-09-28 07:50:11'),
(152, '320', 'Dobrze, czas: 2.9s', 'Dobrze', 'Czas:1.2s', 'Źle, czas:1.8s', 'Dobrze, czas:1.4s', 'Pominięte', 'Czas:4.1s, dobre:3, złe:0', '<br/>Życzymy udanej podróży', '2022-09-28 07:51:23'),
(153, '311', 'Dobrze, czas: 2.2s', 'Źle', 'Czas:1.2s', 'Źle, czas:1.4s', 'Źle, czas:2.2s', 'Dobrze', 'Czas:5s, dobre:3, złe:1', '<br/>Warto przypomnieć sobie zasady pierwszeństwa w ruchu drogowym.<br/>Ze względu na słabszą koncentrację sugerujemy abyś odłożył(a) dzisiejszą podróż.', '2022-09-28 07:52:35'),
(154, '309', 'Dobrze, czas: 4.3s', 'Dobrze', 'Czas:1.2s', 'Dobrze, czas:1.4s', 'Dobrze, czas:1.4s', 'Dobrze', 'Czas:4.5s, dobre:3, złe:0', '<br/>Życzymy udanej podróży', '2022-09-28 07:54:16'),
(155, '310', 'Źle, czas: 1.8s', 'Źle', 'Czas:1.6s', 'Źle, czas:1.6s', 'Źle, czas:1.2s', 'Dobrze', 'Czas:4.6s, dobre:3, złe:1', '<br/>Warto przypomnieć sobie znaki drogowe.<br/>Warto przypomnieć sobie zasady pierwszeństwa w ruchu drogowym.<br/>Ze względu na słabszą koncentrację sugerujemy abyś odłożył(a) dzisiejszą podróż.', '2022-09-28 12:49:06'),
(156, '313', 'Dobrze, czas: 2.6s', 'Dobrze', 'Czas:3.2s', 'Dobrze, czas:1.3s', 'Dobrze, czas:1.4s', 'Dobrze', 'Czas:4.8s, dobre:3, złe:0', '<br/>Życzymy udanej podróży', '2022-09-28 12:50:17'),
(157, '317', 'Źle, czas: 2.3s', 'Źle', 'Czas:5s', 'Dobrze, czas:0.8s', 'Źle, czas:1.6s', 'Pominięte', 'Czas:4.4s, dobre:3, złe:1', '<br/>Warto przypomnieć sobie znaki drogowe.<br/>Warto przypomnieć sobie zasady pierwszeństwa w ruchu drogowym.', '2022-09-28 12:51:09'),
(158, '325', 'Dobrze, czas: 3s', 'Źle', 'Czas:1s', 'Dobrze, czas:2.5s', 'Źle, czas:1s', 'Pominięte', 'Czas:3.9s, dobre:3, złe:0', '<br/>Warto przypomnieć sobie zasady pierwszeństwa w ruchu drogowym.', '2022-09-28 12:52:15'),
(159, '315', 'Dobrze, czas: 1.9s', 'Dobrze', 'Czas:1.2s', 'Dobrze, czas:1.3s', 'Dobrze, czas:3.5s', 'Dobrze', 'Czas:4.1s, dobre:3, złe:2', '<br/>Życzymy udanej podróży', '2022-09-28 12:53:31'),
(160, '318', 'Dobrze, czas: 2.9s', 'Dobrze', 'Czas:1s', 'Dobrze, czas:1.2s', 'Dobrze, czas:1.3s', 'Dobrze', 'Czas:4.9s, dobre:3, złe:1', '<br/>Życzymy udanej podróży', '2022-09-29 09:54:51'),
(161, '324', 'Dobrze, czas: 3.7s', 'Dobrze', 'Czas:1.5s', 'Dobrze, czas:4.2s', 'Dobrze, czas:1.7s', 'Dobrze', 'Czas:4.1s, dobre:3, złe:0', '<br/>Życzymy udanej podróży', '2022-09-29 12:48:02'),
(162, '319', 'Dobrze, czas: 2.5s', 'Źle', 'Czas:1.3s', 'Źle, czas:1.1s', 'Źle, czas:1s', 'Pominięte', 'Czas:3.2s, dobre:3, złe:0', '<br/>Warto przypomnieć sobie zasady pierwszeństwa w ruchu drogowym.', '2022-09-29 12:49:19'),
(163, '323', 'Źle, czas: 2.6s', 'Dobrze', 'Czas:6.2s', 'Źle, czas:1.8s', 'Źle, czas:1.1s', 'Dobrze', 'Czas:4s, dobre:3, złe:0', '<br/>Warto przypomnieć sobie znaki drogowe.', '2022-09-29 12:50:53'),
(164, '321', 'Dobrze, czas: 4s', 'Dobrze', 'Czas:1s', 'Źle, czas:3s', 'Źle, czas:1.1s', 'Pominięte', 'Czas:4.8s, dobre:3, złe:0', '<br/>Życzymy udanej podróży', '2022-09-29 12:52:10'),
(165, '322', 'Dobrze, czas: 2.1s', 'Dobrze', 'Czas:1.5s', 'Dobrze, czas:0.9s', 'Dobrze, czas:1s', 'Dobrze', 'Czas:3.8s, dobre:3, złe:0', '<br/>Życzymy udanej podróży', '2022-09-29 12:56:06'),
(166, '309', 'Dobrze, czas: 4s', 'Dobrze', 'Czas:1.3s', 'Dobrze, czas:1.4s', 'Dobrze, czas:1.3s', 'Dobrze', 'Czas:5.3s, dobre:3, złe:0', '<br/>Życzymy udanej podróży', '2022-09-29 13:18:13'),
(167, '310', 'Dobrze, czas: 3.3s', 'Źle', 'Czas:1s', 'Dobrze, czas:1.7s', 'Dobrze, czas:1.3s', 'Dobrze', 'Czas:5s, dobre:3, złe:2', '<br/>Warto przypomnieć sobie zasady pierwszeństwa w ruchu drogowym.', '2022-09-29 13:19:48'),
(168, '311', 'Dobrze, czas: 3.5s', 'Dobrze', 'Czas:2.8s', 'Dobrze, czas:1.3s', 'Dobrze, czas:1.3s', 'Dobrze', 'Czas:4.9s, dobre:3, złe:0', '<br/>Życzymy udanej podróży', '2022-09-29 13:20:58'),
(169, '315', 'Dobrze, czas: 6.5s', 'Dobrze', 'Czas:1.2s', 'Dobrze, czas:1.6s', 'Dobrze, czas:0.8s', 'Dobrze', 'Czas:3.4s, dobre:3, złe:0', '<br/>Życzymy udanej podróży', '2022-09-29 13:22:37'),
(170, '313', 'Dobrze, czas: 4.6s', 'Dobrze', 'Czas:1s', 'Dobrze, czas:1.6s', 'Dobrze, czas:1.7s', 'Dobrze', 'Czas:4.2s, dobre:3, złe:0', '<br/>Życzymy udanej podróży', '2022-09-29 13:23:49'),
(171, '314', 'Dobrze, czas: 5.8s', 'Dobrze', 'Czas:1.5s', 'Źle, czas:2.9s', 'Źle, czas:1.1s', 'Dobrze', 'Czas:3.6s, dobre:3, złe:0', '<br/>Życzymy udanej podróży', '2022-09-29 13:25:33'),
(172, '325', 'Dobrze, czas: 4.4s', 'Źle', 'Czas:1.2s', 'Źle, czas:2.6s', 'Źle, czas:3s', 'Dobrze', 'Czas:4.9s, dobre:3, złe:0', '<br/>Warto przypomnieć sobie zasady pierwszeństwa w ruchu drogowym.', '2022-09-29 13:27:16'),
(173, '316', 'Dobrze, czas: 2.5s', 'Dobrze', 'Czas:5s', 'Dobrze, czas:2.6s', 'Dobrze, czas:1.2s', 'Dobrze', 'Czas:3.8s, dobre:3, złe:0', '<br/>Życzymy udanej podróży', '2022-09-29 13:28:39'),
(174, '317', 'Dobrze, czas: 2.9s', 'Dobrze', 'Czas:1.4s', 'Dobrze, czas:1.7s', 'Dobrze, czas:1.4s', 'Dobrze', 'Czas:5.4s, dobre:3, złe:0', '<br/>Życzymy udanej podróży', '2022-09-29 13:42:12'),
(175, '320', 'Dobrze, czas: 2.7s', 'Dobrze', 'Czas:3.7s', 'Źle, czas:3s', 'Dobrze, czas:1.3s', 'Dobrze', 'Czas:5s, dobre:3, złe:2', '<br/>Ze względu na słabszą koncentrację sugerujemy abyś odłożył(a) dzisiejszą podróż.<br/>Ze względu na długi czas reakcji na bodźce sugerujemy abyś odłożył(a) dzisiejszą podróż.', '2022-09-29 13:44:05'),
(176, '319', 'Dobrze, czas: 2.7s', 'Dobrze', 'Czas:2.1s', 'Dobrze, czas:5.2s', 'Dobrze, czas:4.1s', 'Dobrze', 'Czas:3.6s, dobre:3, złe:0', '<br/>Życzymy udanej podróży', '2022-09-29 13:45:40'),
(177, '318', 'Źle, czas: 2.7s', 'Źle', 'Czas:3.9s', 'Źle, czas:1.2s', 'Źle, czas:1.5s', 'Pominięte', 'Czas:5.6s, dobre:3, złe:0', '<br/>Warto przypomnieć sobie znaki drogowe.<br/>Warto przypomnieć sobie zasady pierwszeństwa w ruchu drogowym.', '2022-09-29 13:49:39'),
(178, '324', 'Dobrze, czas: 1.8s', 'Dobrze', 'Czas:1.4s', 'Dobrze, czas:1.4s', 'Źle, czas:1.1s', 'Dobrze', 'Czas:3.9s, dobre:3, złe:0', '<br/>Życzymy udanej podróży', '2022-09-29 15:03:30'),
(179, '322', 'Źle, czas: 3.1s', 'Dobrze', 'Czas:1.3s', 'Dobrze, czas:1.8s', 'Dobrze, czas:1.4s', 'Dobrze', 'Czas:4.3s, dobre:3, złe:0', '<br/>Warto przypomnieć sobie znaki drogowe.', '2022-09-29 15:05:20'),
(180, '321', 'Dobrze, czas: 2.8s', 'Dobrze', 'Czas:3.5s', 'Dobrze, czas:7.5s', 'Dobrze, czas:1.2s', 'Dobrze', 'Czas:2.6s, dobre:3, złe:0', '<br/>Życzymy udanej podróży', '2022-09-29 15:09:19'),
(181, '323', 'Dobrze, czas: 2.7s', 'Dobrze', 'Czas:1.4s', 'Dobrze, czas:2.1s', 'Dobrze, czas:1.4s', 'Dobrze', 'Czas:4s, dobre:3, złe:1', '<br/>Życzymy udanej podróży', '2022-09-29 15:12:41'),
(182, '321', 'Dobrze, czas: 3.1s', 'Dobrze', 'Czas:2s', 'Dobrze, czas:1.7s', 'Dobrze, czas:2.1s', 'Dobrze', 'Czas:5.6s, dobre:3, złe:0', '<br/>Życzymy udanej podróży', '2022-09-30 08:36:17'),
(183, '322', 'Dobrze, czas: 2.8s', 'Dobrze', 'Czas:1.7s', 'Dobrze, czas:2s', 'Dobrze, czas:1.3s', 'Dobrze', 'Czas:5s, dobre:3, złe:0', '<br/>Życzymy udanej podróży', '2022-09-30 08:43:14'),
(184, '320', 'Dobrze, czas: 6.8s', 'Dobrze', 'Czas:2s', 'Dobrze, czas:1.8s', 'Dobrze, czas:1.3s', 'Dobrze', 'Czas:4s, dobre:3, złe:0', '<br/>Życzymy udanej podróży', '2022-09-30 08:48:57'),
(185, '319', 'Dobrze, czas: 3.1s', 'Dobrze', 'Czas:1.2s', 'Dobrze, czas:1.3s', 'Dobrze, czas:5.8s', 'Dobrze', 'Czas:5.2s, dobre:3, złe:0', '<br/>Życzymy udanej podróży', '2022-09-30 08:50:45'),
(186, '318', 'Dobrze, czas: 5.3s', 'Dobrze', 'Czas:4s', 'Dobrze, czas:5.6s', 'Dobrze, czas:4.5s', 'Dobrze', 'Czas:8.3s, dobre:3, złe:1', '<br/>Ze względu na długi czas reakcji na bodźce sugerujemy abyś odłożył(a) dzisiejszą podróż.<br/>Życzymy udanej podróży', '2022-09-30 08:56:44'),
(187, '317', 'Dobrze, czas: 3.9s', 'Dobrze', 'Czas:1.2s', 'Dobrze, czas:1.2s', 'Dobrze, czas:3.5s', 'Dobrze', 'Czas:3.7s, dobre:3, złe:0', '<br/>Życzymy udanej podróży', '2022-09-30 09:55:46'),
(188, '316', 'Dobrze, czas: 5.9s', 'Źle', 'Czas:1.6s', 'Dobrze, czas:1.2s', 'Dobrze, czas:1.4s', 'Dobrze', 'Czas:6.9s, dobre:3, złe:4', '<br/>Warto przypomnieć sobie zasady pierwszeństwa w ruchu drogowym.<br/>Ze względu na słabszą koncentrację sugerujemy abyś odłożył(a) dzisiejszą podróż.', '2022-09-30 10:01:15'),
(189, '324', 'Dobrze, czas: 4.2s', 'Dobrze', 'Czas:1s', 'Źle, czas:1.7s', 'Dobrze, czas:9.2s', 'Dobrze', 'Czas:3.5s, dobre:3, złe:0', '<br/>Życzymy udanej podróży', '2022-09-30 10:02:51'),
(190, '323', 'Dobrze, czas: 6.6s', 'Dobrze', 'Czas:1.1s', 'Dobrze, czas:4s', 'Dobrze, czas:2.7s', 'Dobrze', 'Czas:5.6s, dobre:3, złe:2', '<br/>Życzymy udanej podróży', '2022-09-30 11:07:56'),
(191, '325', 'Dobrze, czas: 3.9s', 'Dobrze', 'Czas:2.8s', 'Źle, czas:1.6s', 'Źle, czas:1.3s', 'Pominięte', 'Czas:3.8s, dobre:3, złe:1', '<br/>Ze względu na słabszą koncentrację sugerujemy abyś odłożył(a) dzisiejszą podróż.', '2022-09-30 11:09:00'),
(192, '314', 'Dobrze, czas: 3.9s', 'Dobrze', 'Czas:1.3s', 'Źle, czas:3.8s', 'Dobrze, czas:1.3s', 'Dobrze', 'Czas:5.2s, dobre:3, złe:0', '<br/>Życzymy udanej podróży', '2022-09-30 11:14:43'),
(193, '313', 'Dobrze, czas: 2.1s', 'Źle', 'Czas:1.5s', 'Źle, czas:1.6s', 'Dobrze, czas:2s', 'Dobrze', 'Czas:4.5s, dobre:3, złe:1', '<br/>Warto przypomnieć sobie zasady pierwszeństwa w ruchu drogowym.', '2022-09-30 11:16:31'),
(194, '315', 'Źle, czas: 2.1s', 'Źle', 'Czas:1.9s', 'Dobrze, czas:1.4s', 'Dobrze, czas:2.7s', 'Dobrze', 'Czas:6.5s, dobre:3, złe:0', '<br/>Warto przypomnieć sobie znaki drogowe.<br/>Warto przypomnieć sobie zasady pierwszeństwa w ruchu drogowym.', '2022-09-30 11:17:57'),
(195, '311', 'Dobrze, czas: 3.7s', 'Dobrze', 'Czas:2.1s', 'Dobrze, czas:1.3s', 'Źle, czas:2.4s', 'Dobrze', 'Czas:3.4s, dobre:3, złe:0', '<br/>Życzymy udanej podróży', '2022-09-30 11:31:25'),
(196, '309', 'Dobrze, czas: 7.2s', 'Dobrze', 'Czas:2.2s', 'Dobrze, czas:4.8s', 'Źle, czas:3.4s', 'Dobrze', 'Czas:8.2s, dobre:3, złe:1', '<br/>Ze względu na długi czas reakcji na bodźce sugerujemy abyś odłożył(a) dzisiejszą podróż.<br/>Życzymy udanej podróży', '2022-09-30 11:35:54'),
(197, '309', 'Dobrze, czas: 6.2s', 'Dobrze', 'Czas:1.9s', 'Dobrze, czas:3.4s', 'Dobrze, czas:1.8s', 'Dobrze', 'Czas:6s, dobre:3, złe:0', '<br/>Życzymy udanej podróży', '2022-10-02 18:06:47'),
(198, '310', 'Dobrze, czas: 9.8s', 'Źle', 'Czas:2.3s', 'Dobrze, czas:1.7s', 'Źle, czas:2.9s', 'Dobrze', 'Czas:7.3s, dobre:3, złe:1', '<br/>Warto przypomnieć sobie zasady pierwszeństwa w ruchu drogowym.', '2022-10-02 18:08:43'),
(199, '311', 'Dobrze, czas: 7.3s', 'Dobrze', 'Czas:2.5s', 'Dobrze, czas:2.1s', 'Dobrze, czas:2.3s', 'Dobrze', 'Czas:5s, dobre:3, złe:0', '<br/>Ze względu na długi czas reakcji na bodźce sugerujemy abyś odłożył(a) dzisiejszą podróż.<br/>Życzymy udanej podróży', '2022-10-02 18:11:30'),
(200, '315', 'Dobrze, czas: 12.9s', 'Dobrze', 'Czas:1.9s', 'Dobrze, czas:2.4s', 'Źle, czas:1.4s', 'Dobrze', 'Czas:6.4s, dobre:3, złe:0', '<br/>Ze względu na długi czas reakcji na bodźce sugerujemy abyś odłożył(a) dzisiejszą podróż.<br/>Życzymy udanej podróży', '2022-10-02 18:13:37'),
(201, '313', 'Dobrze, czas: 7.7s', 'Dobrze', 'Czas:1.7s', 'Źle, czas:2.1s', 'Źle, czas:5s', 'Dobrze', 'Czas:5.9s, dobre:3, złe:0', '<br/>Ze względu na długi czas reakcji na bodźce sugerujemy abyś odłożył(a) dzisiejszą podróż.<br/>Życzymy udanej podróży', '2022-10-02 18:25:40'),
(202, '314', 'Dobrze, czas: 7.6s', 'Dobrze', 'Czas:1.5s', 'Dobrze, czas:1.7s', 'Źle, czas:7.3s', 'Pominięte', 'Czas:8.9s, dobre:3, złe:0', '<br/>Życzymy udanej podróży', '2022-10-02 18:28:12'),
(203, '325', 'Dobrze, czas: 6.4s', 'Dobrze', 'Czas:1.5s', 'Dobrze, czas:1.5s', 'Dobrze, czas:1.5s', 'Dobrze', 'Czas:5.4s, dobre:3, złe:0', '<br/>Życzymy udanej podróży', '2022-10-02 18:30:09'),
(204, '323', 'Dobrze, czas: 5.1s', 'Dobrze', 'Czas:1.9s', 'Dobrze, czas:1.6s', 'Źle, czas:3.2s', 'Dobrze', 'Czas:4.5s, dobre:3, złe:0', '<br/>Życzymy udanej podróży', '2022-10-02 18:32:03'),
(205, '324', 'Dobrze, czas: 7.1s', 'Dobrze', 'Czas:1.9s', 'Dobrze, czas:1.7s', 'Źle, czas:4.9s', 'Dobrze', 'Czas:8.4s, dobre:3, złe:0', '<br/>Życzymy udanej podróży', '2022-10-02 18:43:44'),
(206, '316', 'Dobrze, czas: 13.8s', 'Dobrze', 'Czas:1s', 'Dobrze, czas:2s', 'Źle, czas:11.2s', 'Pominięte', 'Czas:7.6s, dobre:3, złe:0', '<br/>Ze względu na długi czas reakcji na bodźce sugerujemy abyś odłożył(a) dzisiejszą podróż.<br/>Życzymy udanej podróży', '2022-10-02 18:46:25'),
(207, '317', 'Dobrze, czas: 7.7s', 'Dobrze', 'Czas:2.7s', 'Dobrze, czas:2.5s', 'Źle, czas:5.2s', 'Pominięte', 'Czas:5.3s, dobre:3, złe:0', '<br/>Życzymy udanej podróży', '2022-10-02 18:54:57'),
(208, '318', 'Dobrze, czas: 4.5s', 'Dobrze', 'Czas:2.5s', 'Dobrze, czas:2.9s', 'Dobrze, czas:4.7s', 'Pominięte', 'Czas:5.9s, dobre:3, złe:0', '<br/>Życzymy udanej podróży', '2022-10-02 19:02:17'),
(209, '319', 'Dobrze, czas: 6.1s', 'Dobrze', 'Czas:1.9s', 'Dobrze, czas:2.8s', 'Dobrze, czas:6.4s', 'Dobrze', 'Czas:7.9s, dobre:3, złe:2', '<br/>Ze względu na długi czas reakcji na bodźce sugerujemy abyś odłożył(a) dzisiejszą podróż.<br/>Życzymy udanej podróży', '2022-10-02 19:07:10'),
(210, '320', 'Dobrze, czas: 6.3s', 'Źle', 'Czas:2.9s', 'Źle, czas:2.7s', 'Dobrze, czas:4.2s', 'Dobrze', 'Czas:7.4s, dobre:3, złe:2', '<br/>Warto przypomnieć sobie zasady pierwszeństwa w ruchu drogowym.<br/>Ze względu na słabszą koncentrację sugerujemy abyś odłożył(a) dzisiejszą podróż.', '2022-10-02 19:09:59'),
(211, '321', 'Dobrze, czas: 4.3s', 'Dobrze', 'Czas:1.6s', 'Źle, czas:5.3s', 'Źle, czas:5s', 'Dobrze', 'Czas:4s, dobre:3, złe:0', '<br/>Ze względu na długi czas reakcji na bodźce sugerujemy abyś odłożył(a) dzisiejszą podróż.<br/>Życzymy udanej podróży', '2022-10-02 19:12:39'),
(212, '322', 'Źle, czas: 6.1s', 'Dobrze', 'Czas:1.7s', 'Dobrze, czas:1.7s', 'Źle, czas:1.4s', 'Pominięte', 'Czas:5.7s, dobre:3, złe:1', '<br/>Warto przypomnieć sobie znaki drogowe.', '2022-10-02 19:14:14'),
(213, '321', 'Dobrze, czas: 4.3s', 'Dobrze', 'Czas:2s', 'Dobrze, czas:2.5s', 'Dobrze, czas:5.8s', 'Dobrze', 'Czas:6.3s, dobre:3, złe:0', '<br/>Życzymy udanej podróży', '2022-10-03 07:45:45'),
(214, '315', 'Dobrze, czas: 3.6s', 'Dobrze', 'Czas:2.4s', 'Dobrze, czas:1.7s', 'Dobrze, czas:3.1s', 'Dobrze', 'Czas:4.2s, dobre:3, złe:2', '<br/>Życzymy udanej podróży', '2022-10-03 07:47:58'),
(215, '324', 'Dobrze, czas: 1.9s', 'Dobrze', 'Czas:1.6s', 'Źle, czas:2.3s', 'Źle, czas:2.4s', 'Pominięte', 'Czas:6.6s, dobre:3, złe:0', '<br/>Życzymy udanej podróży', '2022-10-03 07:49:10'),
(216, '318', 'Dobrze, czas: 2.6s', 'Dobrze', 'Czas:3.4s', 'Dobrze, czas:2.9s', 'Dobrze, czas:1s', 'Dobrze', 'Czas:5.1s, dobre:3, złe:1', '<br/>Życzymy udanej podróży', '2022-10-03 08:07:15'),
(217, '320', 'Dobrze, czas: 3.2s', 'Źle', 'Czas:1.2s', 'Źle, czas:1.5s', 'Dobrze, czas:1.5s', 'Dobrze', 'Czas:5.3s, dobre:3, złe:0', '<br/>Warto przypomnieć sobie zasady pierwszeństwa w ruchu drogowym.', '2022-10-03 08:09:30'),
(218, '314', 'Dobrze, czas: 2.5s', 'Dobrze', 'Czas:1.1s', 'Źle, czas:2s', 'Dobrze, czas:2s', 'Dobrze', 'Czas:4.5s, dobre:3, złe:0', '<br/>Życzymy udanej podróży', '2022-10-03 08:11:29'),
(219, '309', 'Dobrze, czas: 2s', 'Dobrze', 'Czas:2.3s', 'Dobrze, czas:1.4s', 'Dobrze, czas:1.6s', 'Dobrze', 'Czas:4.1s, dobre:3, złe:0', '<br/>Życzymy udanej podróży', '2022-10-03 09:20:23'),
(220, '316', 'Dobrze, czas: 3.1s', 'Dobrze', 'Czas:1.5s', 'Źle, czas:1.3s', 'Źle, czas:1.9s', 'Dobrze', 'Czas:4.6s, dobre:3, złe:0', '<br/>Życzymy udanej podróży', '2022-10-03 09:23:30'),
(221, '319', 'Dobrze, czas: 3.7s', 'Dobrze', 'Czas:1.6s', 'Dobrze, czas:1.7s', 'Dobrze, czas:2s', 'Dobrze', 'Czas:4.7s, dobre:3, złe:0', '<br/>Życzymy udanej podróży', '2022-10-03 09:25:48'),
(222, '322', 'Dobrze, czas: 50.6s', 'Źle', 'Czas:2.5s', 'Dobrze, czas:1.4s', 'Źle, czas:1.6s', 'Pominięte', 'Czas:4.7s, dobre:3, złe:0', '<br/>Warto przypomnieć sobie zasady pierwszeństwa w ruchu drogowym.<br/>Ze względu na długi czas reakcji na bodźce sugerujemy abyś odłożył(a) dzisiejszą podróż.', '2022-10-03 09:30:22'),
(223, '310', 'Dobrze, czas: 4s', 'Dobrze', 'Czas:1.2s', 'Źle, czas:1.1s', 'Źle, czas:1.1s', 'Pominięte', 'Czas:4.4s, dobre:3, złe:0', '<br/>Życzymy udanej podróży', '2022-10-03 12:25:00'),
(224, '311', 'Dobrze, czas: 3.6s', 'Dobrze', 'Czas:1.3s', 'Dobrze, czas:1.9s', 'Źle, czas:1.3s', 'Dobrze', 'Czas:4.5s, dobre:3, złe:2', '<br/>Ze względu na słabszą koncentrację sugerujemy abyś odłożył(a) dzisiejszą podróż.', '2022-10-03 13:07:00'),
(225, '317', 'Dobrze, czas: 3.1s', 'Dobrze', 'Czas:2s', 'Źle, czas:2s', 'Źle, czas:1.3s', 'Dobrze', 'Czas:4.6s, dobre:3, złe:0', '<br/>Życzymy udanej podróży', '2022-10-03 13:18:18'),
(226, '313', 'Dobrze, czas: 4.6s', 'Dobrze', 'Czas:1.3s', 'Dobrze, czas:1.7s', 'Źle, czas:2.2s', 'Dobrze', 'Czas:5.8s, dobre:3, złe:0', '<br/>Życzymy udanej podróży', '2022-10-03 13:20:55'),
(227, '316', 'Dobrze, czas: 2.7s', 'Źle', 'Czas:1.1s', 'Źle, czas:3.9s', 'Dobrze, czas:1.1s', 'Dobrze', 'Czas:3.6s, dobre:3, złe:0', '<br/>Warto przypomnieć sobie zasady pierwszeństwa w ruchu drogowym.', '2022-10-04 07:58:34'),
(228, '323', 'Dobrze, czas: 3.8s', 'Dobrze', 'Czas:2s', 'Dobrze, czas:2s', 'Dobrze, czas:2.7s', 'Dobrze', 'Czas:4.4s, dobre:3, złe:0', '<br/>Życzymy udanej podróży', '2022-10-04 08:07:51'),
(229, '313', 'Dobrze, czas: 3s', 'Dobrze', 'Czas:4.7s', 'Dobrze, czas:75.7s', 'Dobrze, czas:1.3s', 'Dobrze', 'Czas:6.1s, dobre:3, złe:0', '<br/>Ze względu na długi czas reakcji na bodźce sugerujemy abyś odłożył(a) dzisiejszą podróż.<br/>Życzymy udanej podróży', '2022-10-04 08:12:15'),
(230, '310', 'Dobrze, czas: 3.3s', 'Dobrze', 'Czas:2.2s', 'Źle, czas:3s', 'Dobrze, czas:1.2s', 'Dobrze', 'Czas:5.5s, dobre:3, złe:0', '<br/>Życzymy udanej podróży', '2022-10-04 08:14:26'),
(231, '318', 'Dobrze, czas: 2.4s', 'Źle', 'Czas:1.7s', 'Dobrze, czas:4.1s', 'Dobrze, czas:1.2s', 'Dobrze', 'Czas:5s, dobre:3, złe:0', '<br/>Warto przypomnieć sobie zasady pierwszeństwa w ruchu drogowym.', '2022-10-04 08:34:21'),
(232, '320', 'Dobrze, czas: 5.9s', 'Dobrze', 'Czas:1.4s', 'Dobrze, czas:2.5s', 'Źle, czas:4.7s', 'Pominięte', 'Czas:4.3s, dobre:3, złe:0', '<br/>Życzymy udanej podróży', '2022-10-04 08:35:48'),
(233, '314', 'Dobrze, czas: 2.6s', 'Źle', 'Czas:1.5s', 'Dobrze, czas:2.2s', 'Dobrze, czas:1.3s', 'Dobrze', 'Czas:5.5s, dobre:3, złe:0', '<br/>Warto przypomnieć sobie zasady pierwszeństwa w ruchu drogowym.', '2022-10-04 08:46:47'),
(234, '309', 'Dobrze, czas: 2.2s', 'Dobrze', 'Czas:1.5s', 'Dobrze, czas:1.4s', 'Dobrze, czas:1.3s', 'Dobrze', 'Czas:4.6s, dobre:3, złe:0', '<br/>Życzymy udanej podróży', '2022-10-04 10:18:35'),
(235, '325', 'Dobrze, czas: 4.1s', 'Dobrze', 'Czas:1.2s', 'Dobrze, czas:1.1s', 'Dobrze, czas:1.6s', 'Dobrze', 'Czas:4.5s, dobre:3, złe:1', '<br/>Życzymy udanej podróży', '2022-10-04 10:21:10');
INSERT INTO `table_historia` (`hisId`, `his#uzytkownik`, `his#test1`, `his#test2`, `his#test3`, `his#test4`, `his#test5`, `his#test6`, `his#test7`, `his#podsumowanie`, `his#data`) VALUES
(236, '324', 'Źle, czas: 4.4s', 'Dobrze', 'Czas:1.1s', 'Źle, czas:1.5s', 'Źle, czas:1.4s', 'Dobrze', 'Czas:3.3s, dobre:3, złe:0', '<br/>Warto przypomnieć sobie znaki drogowe.', '2022-10-04 10:24:59'),
(237, '319', 'Dobrze, czas: 4.2s', 'Dobrze', 'Czas:3.6s', 'Dobrze, czas:1.2s', 'Dobrze, czas:1.5s', 'Dobrze', 'Czas:3.7s, dobre:3, złe:1', '<br/>Życzymy udanej podróży', '2022-10-04 10:26:43'),
(238, '311', 'Dobrze, czas: 3.5s', 'Źle', 'Czas:1.3s', 'Źle, czas:3.8s', 'Dobrze, czas:1.6s', 'Dobrze', 'Czas:4.5s, dobre:3, złe:0', '<br/>Warto przypomnieć sobie zasady pierwszeństwa w ruchu drogowym.', '2022-10-04 10:28:34'),
(239, '315', 'Źle, czas: 2.9s', 'Dobrze', 'Czas:1.3s', 'Dobrze, czas:1.3s', 'Dobrze, czas:1.4s', 'Dobrze', 'Czas:8.3s, dobre:3, złe:0', '<br/>Warto przypomnieć sobie znaki drogowe.', '2022-10-04 12:58:46'),
(240, '317', 'Dobrze, czas: 2.4s', 'Dobrze', 'Czas:2s', 'Dobrze, czas:1.7s', 'Dobrze, czas:1.2s', 'Dobrze', 'Czas:3.3s, dobre:3, złe:0', '<br/>Życzymy udanej podróży', '2022-10-04 13:00:16'),
(241, '321', 'Dobrze, czas: 5s', 'Dobrze', 'Czas:3.4s', 'Dobrze, czas:6s', 'Dobrze, czas:3.3s', 'Dobrze', 'Czas:7.6s, dobre:3, złe:0', '<br/>Ze względu na długi czas reakcji na bodźce sugerujemy abyś odłożył(a) dzisiejszą podróż.<br/>Życzymy udanej podróży', '2022-10-04 13:03:53'),
(242, '322', 'Dobrze, czas: 2.4s', 'Dobrze', 'Czas:3.7s', 'Dobrze, czas:4.4s', 'Dobrze, czas:1.5s', 'Dobrze', 'Czas:5.2s, dobre:3, złe:0', '<br/>Życzymy udanej podróży', '2022-10-04 13:05:26'),
(243, '321', 'Dobrze, czas: 3.3s', 'Dobrze', 'Czas:2.2s', 'Dobrze, czas:1.4s', 'Dobrze, czas:2.5s', 'Dobrze', 'Czas:5.2s, dobre:3, złe:0', '<br/>Życzymy udanej podróży', '2022-10-05 08:19:50'),
(244, '313', 'Dobrze, czas: 3.9s', 'Dobrze', 'Czas:1.3s', 'Dobrze, czas:1.5s', 'Dobrze, czas:1.7s', 'Dobrze', 'Czas:6.7s, dobre:3, złe:2', '<br/>Życzymy udanej podróży', '2022-10-05 08:21:58'),
(245, '310', 'Dobrze, czas: 3.2s', 'Dobrze', 'Czas:3.3s', 'Dobrze, czas:1.5s', 'Dobrze, czas:1.3s', 'Dobrze', 'Czas:4.9s, dobre:3, złe:0', '<br/>Życzymy udanej podróży', '2022-10-05 08:23:21'),
(246, '324', 'Dobrze, czas: 7.7s', 'Dobrze', 'Czas:1.3s', 'Źle, czas:3.6s', 'Źle, czas:1.3s', 'Dobrze', 'Czas:5.1s, dobre:3, złe:1', '<br/>Ze względu na słabszą koncentrację sugerujemy abyś odłożył(a) dzisiejszą podróż.', '2022-10-05 08:24:41'),
(247, '311', 'Dobrze, czas: 3.2s', 'Dobrze', 'Czas:1.3s', 'Dobrze, czas:1s', 'Źle, czas:1.2s', 'Dobrze', 'Czas:4.2s, dobre:3, złe:2', '<br/>Ze względu na słabszą koncentrację sugerujemy abyś odłożył(a) dzisiejszą podróż.', '2022-10-05 09:39:13'),
(248, '323', 'Źle, czas: 3.3s', 'Dobrze', 'Czas:1.1s', 'Źle, czas:4.4s', 'Źle, czas:1.2s', 'Dobrze', 'Czas:5.8s, dobre:3, złe:2', '<br/>Warto przypomnieć sobie znaki drogowe.<br/>Ze względu na słabszą koncentrację sugerujemy abyś odłożył(a) dzisiejszą podróż.', '2022-10-05 09:40:51'),
(249, '316', 'Dobrze, czas: 3s', 'Dobrze', 'Czas:1.2s', 'Dobrze, czas:4.9s', 'Dobrze, czas:1.1s', 'Dobrze', 'Czas:3.1s, dobre:3, złe:0', '<br/>Życzymy udanej podróży', '2022-10-05 09:42:36'),
(250, '319', 'Dobrze, czas: 3s', 'Dobrze', 'Czas:5.1s', 'Dobrze, czas:2.2s', 'Dobrze, czas:1.3s', 'Dobrze', 'Czas:4.2s, dobre:3, złe:0', '<br/>Życzymy udanej podróży', '2022-10-05 09:44:05'),
(251, '309', 'Dobrze, czas: 11.5s', 'Dobrze', 'Czas:3.7s', 'Dobrze, czas:2.7s', 'Dobrze, czas:8.3s', 'Dobrze', 'Czas:8.5s, dobre:3, złe:0', '<br/>Ze względu na długi czas reakcji na bodźce sugerujemy abyś odłożył(a) dzisiejszą podróż.<br/>Życzymy udanej podróży', '2022-10-05 09:46:17'),
(252, '322', 'Dobrze, czas: 6s', 'Źle', 'Czas:1.8s', 'Dobrze, czas:2.5s', 'Dobrze, czas:1.5s', 'Dobrze', 'Czas:5.2s, dobre:3, złe:0', '<br/>Warto przypomnieć sobie zasady pierwszeństwa w ruchu drogowym.', '2022-10-05 09:49:12'),
(253, '315', 'Dobrze, czas: 2.8s', 'Dobrze', 'Czas:1s', 'Dobrze, czas:2.7s', 'Dobrze, czas:1.4s', 'Dobrze', 'Czas:4.8s, dobre:3, złe:0', '<br/>Życzymy udanej podróży', '2022-10-05 11:19:01'),
(254, '314', 'Dobrze, czas: 2.9s', 'Dobrze', 'Czas:1.4s', 'Dobrze, czas:1.6s', 'Dobrze, czas:1.8s', 'Dobrze', 'Czas:3.5s, dobre:3, złe:0', '<br/>Życzymy udanej podróży', '2022-10-05 11:21:13'),
(255, '320', 'Dobrze, czas: 4.5s', 'Dobrze', 'Czas:2.8s', 'Źle, czas:1.9s', 'Dobrze, czas:3.2s', 'Dobrze', 'Czas:3.5s, dobre:3, złe:0', '<br/>Życzymy udanej podróży', '2022-10-05 11:22:55'),
(256, '318', 'Dobrze, czas: 3.9s', 'Dobrze', 'Czas:1s', 'Dobrze, czas:2.8s', 'Dobrze, czas:1.2s', 'Dobrze', 'Czas:4s, dobre:3, złe:0', '<br/>Życzymy udanej podróży', '2022-10-05 11:42:57'),
(257, '317', 'Dobrze, czas: 3.1s', 'Dobrze', 'Czas:1.1s', 'Dobrze, czas:1.9s', 'Dobrze, czas:1.1s', 'Dobrze', 'Czas:4.8s, dobre:3, złe:0', '<br/>Życzymy udanej podróży', '2022-10-05 12:40:15'),
(258, '325', 'Źle, czas: 16.1s', 'Dobrze', 'Czas:1.2s', 'Dobrze, czas:1.9s', 'Dobrze, czas:2.2s', 'Dobrze', 'Czas:3.9s, dobre:3, złe:0', '<br/>Warto przypomnieć sobie znaki drogowe.<br/>Ze względu na długi czas reakcji na bodźce sugerujemy abyś odłożył(a) dzisiejszą podróż.', '2022-10-05 12:42:17'),
(259, '325', 'Dobrze, czas: 5.4s', 'Dobrze', 'Czas:1.9s', 'Dobrze, czas:42.5s', 'Dobrze, czas:2s', 'Dobrze', 'Czas:9.8s, dobre:3, złe:0', '<br/>Ze względu na długi czas reakcji na bodźce sugerujemy abyś odłożył(a) dzisiejszą podróż.', '2022-10-07 08:44:40'),
(260, '309', 'Dobrze, czas: 10.4s', 'Dobrze', 'Czas:1.5s', 'Dobrze, czas:2s', 'Dobrze, czas:5s', 'Dobrze', 'Czas:6.9s, dobre:3, złe:0', '<br/>Ze względu na długi czas reakcji na bodźce sugerujemy abyś odłożył(a) dzisiejszą podróż.', '2022-10-07 08:46:27'),
(261, '313', 'Dobrze, czas: 5.8s', 'Dobrze', 'Czas:1.8s', 'Dobrze, czas:1.7s', 'Dobrze, czas:2.2s', 'Dobrze', 'Czas:6s, dobre:3, złe:0', '<br/>Ze względu na długi czas reakcji na bodźce sugerujemy abyś odłożył(a) dzisiejszą podróż.', '2022-10-07 08:49:36'),
(262, '319', 'Dobrze, czas: 12.1s', 'Źle', 'Czas:2.2s', 'Dobrze, czas:1.9s', 'Dobrze, czas:1.7s', 'Dobrze', 'Czas:6.3s, dobre:3, złe:0', '<br/>Warto przypomnieć sobie zasady pierwszeństwa w ruchu drogowym.<br/>Ze względu na długi czas reakcji na bodźce sugerujemy abyś odłożył(a) dzisiejszą podróż.', '2022-10-07 08:52:01'),
(263, '316', 'Dobrze, czas: 5.2s', 'Dobrze', 'Czas:2.9s', 'Dobrze, czas:1.9s', 'Dobrze, czas:1.4s', 'Dobrze', 'Czas:4.9s, dobre:3, złe:0', '<br/>Ze względu na długi czas reakcji na bodźce sugerujemy abyś odłożył(a) dzisiejszą podróż.', '2022-10-07 08:57:28'),
(264, '320', 'Dobrze, czas: 4.8s', 'Dobrze', 'Czas:4.2s', 'Źle, czas:2.6s', 'Źle, czas:5.6s', 'Dobrze', 'Czas:5.5s, dobre:3, złe:0', '<br/>Życzymy udanej podróży', '2022-10-07 09:32:59'),
(265, '310', 'Dobrze, czas: 5.7s', 'Dobrze', 'Czas:1.5s', 'Dobrze, czas:1.5s', 'Dobrze, czas:1.5s', 'Dobrze', 'Czas:7.6s, dobre:3, złe:1', '<br/>Życzymy udanej podróży', '2022-10-07 09:34:13'),
(266, '311', 'Dobrze, czas: 5.7s', 'Źle', 'Czas:1.7s', 'Dobrze, czas:3.6s', 'Dobrze, czas:4.5s', 'Dobrze', 'Czas:5.5s, dobre:3, złe:2', '<br/>Warto przypomnieć sobie zasady pierwszeństwa w ruchu drogowym.', '2022-10-07 09:35:39'),
(267, '323', 'Źle, czas: 6.3s', 'Dobrze', 'Czas:2s', 'Dobrze, czas:2.1s', 'Źle, czas:2.7s', 'Pominięte', 'Czas:5.8s, dobre:3, złe:0', '<br/>Warto przypomnieć sobie znaki drogowe.', '2022-10-07 09:37:03'),
(268, '321', 'Dobrze, czas: 7.6s', 'Dobrze', 'Czas:4.9s', 'Dobrze, czas:8.7s', 'Dobrze, czas:7.3s', 'Dobrze', 'Czas:6.6s, dobre:3, złe:1', '<br/>Ze względu na długi czas reakcji na bodźce sugerujemy abyś odłożył(a) dzisiejszą podróż.', '2022-10-07 09:40:03'),
(269, '322', 'Dobrze, czas: 14.2s', 'Dobrze', 'Czas:1.5s', 'Dobrze, czas:1.6s', 'Dobrze, czas:1.6s', 'Dobrze', 'Czas:4.9s, dobre:3, złe:1', '<br/>Ze względu na długi czas reakcji na bodźce sugerujemy abyś odłożył(a) dzisiejszą podróż.', '2022-10-08 07:44:42'),
(270, '321', 'Dobrze, czas: 5.3s', 'Dobrze', 'Czas:2.4s', 'Dobrze, czas:2.6s', 'Źle, czas:1.6s', 'Dobrze', 'Czas:7.8s, dobre:3, złe:0', '<br/>Życzymy udanej podróży', '2022-10-08 07:46:50'),
(271, '320', 'Dobrze, czas: 5.6s', 'Dobrze', 'Czas:1.8s', 'Dobrze, czas:3.1s', 'Źle, czas:5.1s', 'Dobrze', 'Czas:5.7s, dobre:3, złe:0', '<br/>Ze względu na długi czas reakcji na bodźce sugerujemy abyś odłożył(a) dzisiejszą podróż.', '2022-10-08 07:48:09'),
(272, '319', 'Dobrze, czas: 6.5s', 'Dobrze', 'Czas:3.9s', 'Źle, czas:2.6s', 'Źle, czas:4.9s', 'Dobrze', 'Czas:7.3s, dobre:3, złe:3', '<br/>Ze względu na słabszą koncentrację sugerujemy abyś odłożył(a) dzisiejszą podróż.<br/>Ze względu na długi czas reakcji na bodźce sugerujemy abyś odłożył(a) dzisiejszą podróż.', '2022-10-08 07:49:46'),
(273, '318', 'Dobrze, czas: 9.5s', 'Dobrze', 'Czas:2.9s', 'Dobrze, czas:3.1s', 'Dobrze, czas:2.4s', 'Dobrze', 'Czas:9s, dobre:3, złe:1', '<br/>Ze względu na długi czas reakcji na bodźce sugerujemy abyś odłożył(a) dzisiejszą podróż.', '2022-10-08 07:51:50'),
(274, '317', 'Dobrze, czas: 3.1s', 'Dobrze', 'Czas:1.6s', 'Źle, czas:2.8s', 'Dobrze, czas:3s', 'Dobrze', 'Czas:4s, dobre:3, złe:0', '<br/>Życzymy udanej podróży', '2022-10-08 08:16:27'),
(275, '316', 'Źle, czas: 4.7s', 'Źle', 'Czas:2s', 'Źle, czas:1.4s', 'Dobrze, czas:2.2s', 'Dobrze', 'Czas:8.4s, dobre:3, złe:3', '<br/>Warto przypomnieć sobie znaki drogowe.<br/>Warto przypomnieć sobie zasady pierwszeństwa w ruchu drogowym.<br/>Ze względu na słabszą koncentrację sugerujemy abyś odłożył(a) dzisiejszą podróż.', '2022-10-08 08:17:49'),
(276, '324', 'Źle, czas: 5s', 'Dobrze', 'Czas:1.7s', 'Źle, czas:2s', 'Dobrze, czas:6.1s', 'Pominięte', 'Czas:6.2s, dobre:3, złe:1', '<br/>Warto przypomnieć sobie znaki drogowe.', '2022-10-08 08:19:20'),
(277, '323', 'Źle, czas: 9.3s', 'Źle', 'Czas:2.2s', 'Dobrze, czas:2.7s', 'Dobrze, czas:2.4s', 'Dobrze', 'Czas:8.1s, dobre:3, złe:0', '<br/>Warto przypomnieć sobie znaki drogowe.<br/>Warto przypomnieć sobie zasady pierwszeństwa w ruchu drogowym.', '2022-10-08 08:20:51'),
(278, '325', 'Dobrze, czas: 5s', 'Dobrze', 'Czas:1.4s', 'Dobrze, czas:2.9s', 'Dobrze, czas:1.4s', 'Dobrze', 'Czas:5.4s, dobre:3, złe:0', '<br/>Życzymy udanej podróży', '2022-10-08 08:33:26'),
(279, '325', 'Dobrze, czas: 2.5s', 'Dobrze', 'Czas:1.5s', 'Dobrze, czas:1.7s', 'Dobrze, czas:1.7s', 'Dobrze', 'Czas:4.7s, dobre:3, złe:1', '<br/>Życzymy udanej podróży', '2022-10-10 11:14:28'),
(280, '309', 'Dobrze, czas: 3.4s', 'Dobrze', 'Czas:2.4s', 'Źle, czas:1.4s', 'Dobrze, czas:1.3s', 'Dobrze', 'Czas:4.8s, dobre:3, złe:1', '<br/>Życzymy udanej podróży', '2022-10-10 11:15:38'),
(281, '313', 'Dobrze, czas: 3.2s', 'Dobrze', 'Czas:1s', 'Źle, czas:1.4s', 'Źle, czas:3.2s', 'Dobrze', 'Czas:4.4s, dobre:3, złe:0', '<br/>Życzymy udanej podróży', '2022-10-10 11:17:08'),
(282, '320', 'Dobrze, czas: 2.7s', 'Źle', 'Czas:1.4s', 'Źle, czas:1.2s', 'Dobrze, czas:1.2s', 'Dobrze', 'Czas:4.3s, dobre:3, złe:0', '<br/>Warto przypomnieć sobie zasady pierwszeństwa w ruchu drogowym.', '2022-10-10 11:18:43'),
(283, '323', 'Dobrze, czas: 3.6s', 'Dobrze', 'Czas:1.4s', 'Dobrze, czas:1.2s', 'Dobrze, czas:1.4s', 'Dobrze', 'Czas:7.7s, dobre:3, złe:0', '<br/>Życzymy udanej podróży', '2022-10-10 11:24:44'),
(284, '317', 'Dobrze, czas: 3.6s', 'Dobrze', 'Czas:1.1s', 'Dobrze, czas:1.3s', 'Dobrze, czas:1.6s', 'Dobrze', 'Czas:5.2s, dobre:3, złe:0', '<br/>Życzymy udanej podróży', '2022-10-10 11:27:09'),
(285, '316', 'Źle, czas: 6.1s', 'Dobrze', 'Czas:6.6s', 'Dobrze, czas:2.6s', 'Źle, czas:1.5s', 'Dobrze', 'Czas:4.9s, dobre:3, złe:0', '<br/>Warto przypomnieć sobie znaki drogowe.', '2022-10-10 11:56:57'),
(286, '319', 'Dobrze, czas: 2.8s', 'Źle', 'Czas:1.4s', 'Dobrze, czas:2s', 'Dobrze, czas:1.8s', 'Dobrze', 'Czas:4.4s, dobre:3, złe:0', '<br/>Warto przypomnieć sobie zasady pierwszeństwa w ruchu drogowym.', '2022-10-10 11:58:19'),
(287, '310', 'Dobrze, czas: 3.6s', 'Dobrze', 'Czas:3.2s', 'Dobrze, czas:2s', 'Źle, czas:5.2s', 'Dobrze', 'Czas:7.7s, dobre:3, złe:2', '<br/>Ze względu na słabszą koncentrację sugerujemy abyś odłożył(a) dzisiejszą podróż.<br/>Ze względu na długi czas reakcji na bodźce sugerujemy abyś odłożył(a) dzisiejszą podróż.', '2022-10-10 11:59:43'),
(288, '324', 'Dobrze, czas: 3.3s', 'Dobrze', 'Czas:4s', 'Dobrze, czas:5s', 'Dobrze, czas:1.4s', 'Dobrze', 'Czas:8.2s, dobre:3, złe:0', '<br/>Życzymy udanej podróży', '2022-10-10 12:31:32'),
(289, '318', 'Dobrze, czas: 5.5s', 'Dobrze', 'Czas:2.6s', 'Dobrze, czas:4.5s', 'Dobrze, czas:4.2s', 'Dobrze', 'Czas:9.1s, dobre:3, złe:1', '<br/>Ze względu na długi czas reakcji na bodźce sugerujemy abyś odłożył(a) dzisiejszą podróż.', '2022-10-10 12:33:30'),
(290, '311', 'Dobrze, czas: 3.7s', 'Dobrze', 'Czas:1.3s', 'Dobrze, czas:3s', 'Dobrze, czas:1.3s', 'Dobrze', 'Czas:4.6s, dobre:3, złe:0', '<br/>Życzymy udanej podróży', '2022-10-10 12:42:31'),
(291, '314', 'Dobrze, czas: 2.7s', 'Dobrze', 'Czas:1.7s', 'Dobrze, czas:1.4s', 'Dobrze, czas:2.4s', 'Dobrze', 'Czas:9.1s, dobre:3, złe:0', '<br/>Życzymy udanej podróży', '2022-10-10 13:31:59'),
(292, '315', 'Dobrze, czas: 2.3s', 'Dobrze', 'Czas:2.1s', 'Dobrze, czas:5.7s', 'Dobrze, czas:1.2s', 'Dobrze', 'Czas:4.4s, dobre:3, złe:0', '<br/>Życzymy udanej podróży', '2022-10-10 13:33:41'),
(293, '321', 'Dobrze, czas: 3.3s', 'Dobrze', 'Czas:1s', 'Dobrze, czas:3.3s', 'Dobrze, czas:1.2s', 'Dobrze', 'Czas:3.6s, dobre:3, złe:0', '<br/>Życzymy udanej podróży', '2022-10-10 15:14:08'),
(294, '322', 'Dobrze, czas: 2.3s', 'Dobrze', 'Czas:2.8s', 'Dobrze, czas:1.2s', 'Źle, czas:2.1s', 'Dobrze', 'Czas:10.5s, dobre:3, złe:3', '<br/>Ze względu na słabszą koncentrację sugerujemy abyś odłożył(a) dzisiejszą podróż.', '2022-10-10 15:15:31'),
(295, '309', 'Dobrze, czas: 5.8s', 'Dobrze', 'Czas:3.2s', 'Dobrze, czas:3.6s', 'Dobrze, czas:3.5s', 'Dobrze', 'Czas:4.6s, dobre:3, złe:0', '<br/>Ze względu na długi czas reakcji na bodźce sugerujemy abyś odłożył(a) dzisiejszą podróż.', '2022-10-11 08:27:40'),
(296, '314', 'Dobrze, czas: 5.3s', 'Dobrze', 'Czas:1.5s', 'Dobrze, czas:1.2s', 'Dobrze, czas:2.2s', 'Dobrze', 'Czas:4s, dobre:3, złe:0', '<br/>Życzymy udanej podróży', '2022-10-11 08:29:40'),
(297, '316', 'Dobrze, czas: 2.7s', 'Dobrze', 'Czas:1.7s', 'Dobrze, czas:1.4s', 'Dobrze, czas:1.4s', 'Dobrze', 'Czas:3.9s, dobre:3, złe:0', '<br/>Życzymy udanej podróży', '2022-10-11 08:31:14'),
(298, '310', 'Dobrze, czas: 16.9s', 'Dobrze', 'Czas:1.3s', 'Dobrze, czas:1.5s', 'Dobrze, czas:2.2s', 'Dobrze', 'Czas:4.3s, dobre:3, złe:0', '<br/>Ze względu na długi czas reakcji na bodźce sugerujemy abyś odłożył(a) dzisiejszą podróż.', '2022-10-11 09:27:07'),
(299, '325', 'Dobrze, czas: 3.3s', 'Dobrze', 'Czas:1.2s', 'Dobrze, czas:2.7s', 'Dobrze, czas:1s', 'Dobrze', 'Czas:4.2s, dobre:3, złe:1', '<br/>Życzymy udanej podróży', '2022-10-11 09:28:11'),
(300, '320', 'Dobrze, czas: 3.2s', 'Dobrze', 'Czas:0.9s', 'Dobrze, czas:1.7s', 'Dobrze, czas:1.3s', 'Dobrze', 'Czas:5s, dobre:3, złe:0', '<br/>Życzymy udanej podróży', '2022-10-11 09:49:18'),
(301, '318', 'Dobrze, czas: 2.9s', 'Dobrze', 'Czas:2.3s', 'Dobrze, czas:1.2s', 'Dobrze, czas:1.7s', 'Dobrze', 'Czas:6.2s, dobre:3, złe:0', '<br/>Życzymy udanej podróży', '2022-10-11 09:50:42'),
(302, '316', 'Dobrze, czas: 4.2s', 'Dobrze', 'Czas:2.1s', 'Dobrze, czas:1.9s', 'Dobrze, czas:2.1s', 'Dobrze', 'Czas:5.1s, dobre:3, złe:1', '<br/>Życzymy udanej podróży', '2022-10-11 10:13:52'),
(303, '313', 'Dobrze, czas: 3s', 'Dobrze', 'Czas:2.6s', 'Dobrze, czas:2.1s', 'Dobrze, czas:1.3s', 'Dobrze', 'Czas:4.6s, dobre:3, złe:0', '<br/>Życzymy udanej podróży', '2022-10-11 10:15:07'),
(304, '311', 'Dobrze, czas: 2.7s', 'Dobrze', 'Czas:1.4s', 'Dobrze, czas:1.3s', 'Dobrze, czas:1.6s', 'Dobrze', 'Czas:4.2s, dobre:3, złe:0', '<br/>Życzymy udanej podróży', '2022-10-11 10:53:06'),
(305, '319', 'Dobrze, czas: 2.6s', 'Dobrze', 'Czas:2.3s', 'Dobrze, czas:1.7s', 'Dobrze, czas:1.3s', 'Dobrze', 'Czas:4.2s, dobre:3, złe:0', '<br/>Życzymy udanej podróży', '2022-10-11 10:54:26'),
(306, '324', 'Dobrze, czas: 4.2s', 'Dobrze', 'Czas:1.3s', 'Dobrze, czas:2.5s', 'Dobrze, czas:1.1s', 'Dobrze', 'Czas:3.8s, dobre:3, złe:0', '<br/>Życzymy udanej podróży', '2022-10-11 11:34:24'),
(307, '315', 'Dobrze, czas: 6.3s', 'Dobrze', 'Czas:1.8s', 'Dobrze, czas:1.4s', 'Dobrze, czas:1.2s', 'Dobrze', 'Czas:6.4s, dobre:3, złe:0', '<br/>Życzymy udanej podróży', '2022-10-11 11:37:01'),
(308, '323', 'Dobrze, czas: 3s', 'Źle', 'Czas:1.7s', 'Dobrze, czas:1.5s', 'Dobrze, czas:2s', 'Dobrze', 'Czas:4.9s, dobre:3, złe:2', '<br/>Warto przypomnieć sobie zasady pierwszeństwa w ruchu drogowym.', '2022-10-11 13:51:22'),
(309, '322', 'Źle, czas: 2.1s', 'Źle', 'Czas:2s', 'Dobrze, czas:1.5s', 'Dobrze, czas:1.4s', 'Dobrze', 'Czas:5.9s, dobre:3, złe:1', '<br/>Warto przypomnieć sobie znaki drogowe.<br/>Warto przypomnieć sobie zasady pierwszeństwa w ruchu drogowym.', '2022-10-11 13:52:40'),
(310, '321', 'Dobrze, czas: 4.3s', 'Źle', 'Czas:1s', 'Dobrze, czas:2.8s', 'Dobrze, czas:1.4s', 'Dobrze', 'Czas:4.3s, dobre:3, złe:0', '<br/>Warto przypomnieć sobie zasady pierwszeństwa w ruchu drogowym.', '2022-10-11 15:16:26'),
(311, '322', 'Źle, czas: 4.4s', 'Dobrze', 'Czas:1.7s', 'Dobrze, czas:2.1s', 'Dobrze, czas:2.6s', 'Dobrze', 'Czas:4.9s, dobre:3, złe:1', '<br/>Warto przypomnieć sobie znaki drogowe.', '2022-10-12 07:43:08'),
(312, '321', 'Dobrze, czas: 2.9s', 'Dobrze', 'Czas:1.4s', 'Dobrze, czas:1.7s', 'Dobrze, czas:2s', 'Dobrze', 'Czas:6.1s, dobre:3, złe:3', '<br/>Ze względu na słabszą koncentrację sugerujemy abyś odłożył(a) dzisiejszą podróż.', '2022-10-12 07:45:14'),
(313, '309', 'Dobrze, czas: 2.6s', 'Dobrze', 'Czas:1.4s', 'Źle, czas:1.1s', 'Źle, czas:1s', 'Dobrze', 'Czas:4.5s, dobre:3, złe:0', '<br/>Życzymy udanej podróży', '2022-10-12 09:12:09'),
(314, '313', 'Dobrze, czas: 5.4s', 'Dobrze', 'Czas:1.2s', 'Źle, czas:1.6s', 'Źle, czas:1.4s', 'Pominięte', 'Czas:4.7s, dobre:3, złe:2', '<br/>Ze względu na słabszą koncentrację sugerujemy abyś odłożył(a) dzisiejszą podróż.', '2022-10-12 09:13:14'),
(315, '320', 'Dobrze, czas: 3.3s', 'Dobrze', 'Czas:2.1s', 'Dobrze, czas:1.9s', 'Dobrze, czas:1.7s', 'Dobrze', 'Czas:4.9s, dobre:3, złe:2', '<br/>Życzymy udanej podróży', '2022-10-12 10:55:25'),
(316, '316', 'Dobrze, czas: 3.6s', 'Dobrze', 'Czas:1.5s', 'Źle, czas:1.1s', 'Źle, czas:3.3s', 'Dobrze', 'Czas:4.6s, dobre:3, złe:1', '<br/>Ze względu na słabszą koncentrację sugerujemy abyś odłożył(a) dzisiejszą podróż.', '2022-10-12 11:07:14'),
(317, '318', 'Dobrze, czas: 4.9s', 'Dobrze', 'Czas:2s', 'Dobrze, czas:2.8s', 'Źle, czas:2.3s', 'Dobrze', 'Czas:4.9s, dobre:3, złe:0', '<br/>Życzymy udanej podróży', '2022-10-12 11:13:48'),
(318, '324', 'Dobrze, czas: 4s', 'Dobrze', 'Czas:1.1s', 'Dobrze, czas:1.9s', 'Dobrze, czas:1.6s', 'Dobrze', 'Czas:3.3s, dobre:3, złe:0', '<br/>Życzymy udanej podróży', '2022-10-12 11:36:24'),
(319, '314', 'Źle, czas: 4.1s', 'Dobrze', 'Czas:2.1s', 'Źle, czas:1.8s', 'Źle, czas:1.2s', 'Dobrze', 'Czas:8.1s, dobre:3, złe:0', '<br/>Warto przypomnieć sobie znaki drogowe.', '2022-10-12 11:51:10'),
(320, '311', 'Dobrze, czas: 2.9s', 'Dobrze', 'Czas:2.3s', 'Dobrze, czas:2s', 'Dobrze, czas:1.3s', 'Dobrze', 'Czas:4.9s, dobre:3, złe:0', '<br/>Życzymy udanej podróży', '2022-10-12 11:54:49'),
(321, '310', 'Dobrze, czas: 2.8s', 'Dobrze', 'Czas:1.2s', 'Dobrze, czas:2s', 'Dobrze, czas:1.6s', 'Dobrze', 'Czas:6.1s, dobre:3, złe:3', '<br/>Ze względu na słabszą koncentrację sugerujemy abyś odłożył(a) dzisiejszą podróż.', '2022-10-12 13:27:38'),
(322, '319', 'Dobrze, czas: 2.5s', 'Dobrze', 'Czas:1.3s', 'Dobrze, czas:1s', 'Źle, czas:1.8s', 'Dobrze', 'Czas:3.3s, dobre:3, złe:2', '<br/>Ze względu na słabszą koncentrację sugerujemy abyś odłożył(a) dzisiejszą podróż.', '2022-10-12 14:13:05'),
(323, '315', 'Dobrze, czas: 2s', 'Dobrze', 'Czas:1.1s', 'Źle, czas:2.7s', 'Źle, czas:6.8s', 'Dobrze', 'Czas:3.6s, dobre:3, złe:0', '<br/>Życzymy udanej podróży', '2022-10-12 14:59:11'),
(324, '323', 'Dobrze, czas: 2.7s', 'Źle', 'Czas:0.9s', 'Źle, czas:8.8s', 'Dobrze, czas:3.2s', 'Pominięte', 'Czas:4.1s, dobre:3, złe:0', '<br/>Warto przypomnieć sobie zasady pierwszeństwa w ruchu drogowym.', '2022-10-12 15:23:12'),
(325, '309', 'Dobrze, czas: 27.5s', 'Dobrze', 'Czas:8.6s', 'Źle, czas:2s', 'Źle, czas:9.4s', 'Dobrze', 'Czas:6.2s, dobre:3, złe:0', '<br/>Ze względu na długi czas reakcji na bodźce sugerujemy abyś odłożył(a) dzisiejszą podróż.', '2022-10-13 08:09:56'),
(326, '310', 'Dobrze, czas: 5.3s', 'Dobrze', 'Czas:2.5s', 'Dobrze, czas:4.6s', 'Źle, czas:2.9s', 'Dobrze', 'Czas:5.5s, dobre:3, złe:0', '<br/>Ze względu na długi czas reakcji na bodźce sugerujemy abyś odłożył(a) dzisiejszą podróż.', '2022-10-13 08:14:13'),
(327, '311', 'Dobrze, czas: 6.8s', 'Dobrze', 'Czas:2.3s', 'Dobrze, czas:7.5s', 'Źle, czas:4.6s', 'Dobrze', 'Czas:6.1s, dobre:3, złe:0', '<br/>Ze względu na długi czas reakcji na bodźce sugerujemy abyś odłożył(a) dzisiejszą podróż.', '2022-10-13 08:21:51'),
(328, '315', 'Dobrze, czas: 5.2s', 'Źle', 'Czas:4.2s', 'Dobrze, czas:5.6s', 'Źle, czas:21.4s', 'Dobrze', 'Czas:12.2s, dobre:3, złe:4', '<br/>Warto przypomnieć sobie zasady pierwszeństwa w ruchu drogowym.<br/>Ze względu na słabszą koncentrację sugerujemy abyś odłożył(a) dzisiejszą podróż.<br/>Ze względu na długi czas reakcji na bodźce sugerujemy abyś odłożył(a) dzisiejszą podróż.', '2022-10-13 08:32:46'),
(329, '313', 'Dobrze, czas: 8.8s', 'Źle', 'Czas:3.7s', 'Źle, czas:4.1s', 'Dobrze, czas:4.1s', 'Dobrze', 'Czas:7.4s, dobre:3, złe:2', '<br/>Warto przypomnieć sobie zasady pierwszeństwa w ruchu drogowym.<br/>Ze względu na słabszą koncentrację sugerujemy abyś odłożył(a) dzisiejszą podróż.<br/>Ze względu na długi czas reakcji na bodźce sugerujemy abyś odłożył(a) dzisiejszą podróż.', '2022-10-13 08:43:13'),
(330, '314', 'Dobrze, czas: 6.6s', 'Dobrze', 'Czas:2.3s', 'Dobrze, czas:2.6s', 'Dobrze, czas:2.3s', 'Dobrze', 'Czas:6.2s, dobre:3, złe:0', '<br/>Życzymy udanej podróży', '2022-10-13 09:01:23'),
(331, '325', 'Dobrze, czas: 5.7s', 'Dobrze', 'Czas:10s', 'Źle, czas:3.2s', 'Źle, czas:2.4s', 'Dobrze', 'Czas:6.2s, dobre:3, złe:0', '<br/>Ze względu na długi czas reakcji na bodźce sugerujemy abyś odłożył(a) dzisiejszą podróż.', '2022-10-13 09:09:54'),
(332, '323', 'Dobrze, czas: 6.7s', 'Dobrze', 'Czas:5.3s', 'Dobrze, czas:19.6s', 'Dobrze, czas:4s', 'Dobrze', 'Czas:11.9s, dobre:3, złe:2', '<br/>Ze względu na długi czas reakcji na bodźce sugerujemy abyś odłożył(a) dzisiejszą podróż.', '2022-10-13 09:13:08'),
(333, '324', 'Dobrze, czas: 5.7s', 'Dobrze', 'Czas:2.3s', 'Źle, czas:3.7s', 'Źle, czas:8.6s', 'Pominięte', 'Czas:5.6s, dobre:3, złe:0', '<br/>Ze względu na długi czas reakcji na bodźce sugerujemy abyś odłożył(a) dzisiejszą podróż.', '2022-10-13 09:17:06'),
(334, '316', 'Dobrze, czas: 5s', 'Dobrze', 'Czas:3.2s', 'Źle, czas:1.3s', 'Dobrze, czas:2.4s', 'Dobrze', 'Czas:4.4s, dobre:3, złe:0', '<br/>Życzymy udanej podróży', '2022-10-13 09:38:03'),
(335, '317', 'Dobrze, czas: 6.2s', 'Dobrze', 'Czas:3.2s', 'Dobrze, czas:1.9s', 'Dobrze, czas:4.9s', 'Dobrze', 'Czas:5s, dobre:3, złe:1', '<br/>Życzymy udanej podróży', '2022-10-13 09:52:08'),
(336, '318', 'Dobrze, czas: 4.6s', 'Dobrze', 'Czas:4.2s', 'Dobrze, czas:4.1s', 'Źle, czas:4.1s', 'Dobrze', 'Czas:9.3s, dobre:3, złe:0', '<br/>Ze względu na długi czas reakcji na bodźce sugerujemy abyś odłożył(a) dzisiejszą podróż.', '2022-10-13 09:55:55'),
(337, '319', 'Dobrze, czas: 4.9s', 'Dobrze', 'Czas:2.1s', 'Dobrze, czas:6.9s', 'Źle, czas:4.6s', 'Dobrze', 'Czas:8.1s, dobre:3, złe:0', '<br/>Ze względu na długi czas reakcji na bodźce sugerujemy abyś odłożył(a) dzisiejszą podróż.', '2022-10-13 10:00:53'),
(338, '319', 'Dobrze, czas: 6.1s', 'Dobrze', 'Czas:2.4s', 'Dobrze, czas:2.1s', 'Dobrze, czas:1.7s', 'Dobrze', 'Czas:4.4s, dobre:3, złe:0', '<br/>Życzymy udanej podróży', '2022-10-14 08:52:29'),
(339, '322', 'Dobrze, czas: 4.9s', 'Dobrze', 'Czas:2s', 'Dobrze, czas:3.1s', 'Dobrze, czas:1.5s', 'Dobrze', 'Czas:6.4s, dobre:3, złe:3', '<br/>Ze względu na słabszą koncentrację sugerujemy abyś odłożył(a) dzisiejszą podróż.', '2022-10-14 08:55:29'),
(340, '321', 'Źle, czas: 4.1s', 'Źle', 'Czas:1.9s', 'Źle, czas:2.1s', 'Źle, czas:4.8s', 'Dobrze', 'Czas:10.3s, dobre:3, złe:0', '<br/>Warto przypomnieć sobie znaki drogowe.<br/>Warto przypomnieć sobie zasady pierwszeństwa w ruchu drogowym.', '2022-10-14 08:58:10'),
(341, '320', 'Dobrze, czas: 5.2s', 'Źle', 'Czas:2.5s', 'Źle, czas:4.9s', 'Dobrze, czas:5.2s', 'Dobrze', 'Czas:7.8s, dobre:3, złe:0', '<br/>Warto przypomnieć sobie zasady pierwszeństwa w ruchu drogowym.<br/>Ze względu na długi czas reakcji na bodźce sugerujemy abyś odłożył(a) dzisiejszą podróż.', '2022-10-14 09:00:42'),
(342, '318', 'Dobrze, czas: 5s', 'Dobrze', 'Czas:2.9s', 'Dobrze, czas:2.6s', 'Źle, czas:3.6s', 'Pominięte', 'Czas:5.2s, dobre:3, złe:1', '<br/>Życzymy udanej podróży', '2022-10-14 09:09:39'),
(343, '317', 'Dobrze, czas: 5.6s', 'Dobrze', 'Czas:5.5s', 'Dobrze, czas:7s', 'Dobrze, czas:3.4s', 'Dobrze', 'Czas:7.8s, dobre:3, złe:2', '<br/>Ze względu na długi czas reakcji na bodźce sugerujemy abyś odłożył(a) dzisiejszą podróż.', '2022-10-14 09:11:26'),
(344, '316', 'Dobrze, czas: 8.3s', 'Dobrze', 'Czas:1.9s', 'Źle, czas:2.2s', 'Źle, czas:5.5s', 'Dobrze', 'Czas:5.3s, dobre:3, złe:0', '<br/>Ze względu na długi czas reakcji na bodźce sugerujemy abyś odłożył(a) dzisiejszą podróż.', '2022-10-14 09:13:19'),
(345, '324', 'Dobrze, czas: 8.6s', 'Dobrze', 'Czas:2s', 'Dobrze, czas:2.9s', 'Dobrze, czas:8.3s', 'Dobrze', 'Czas:9.6s, dobre:3, złe:4', '<br/>Ze względu na słabszą koncentrację sugerujemy abyś odłożył(a) dzisiejszą podróż.<br/>Ze względu na długi czas reakcji na bodźce sugerujemy abyś odłożył(a) dzisiejszą podróż.', '2022-10-14 09:15:58'),
(346, '323', 'Dobrze, czas: 6.5s', 'Dobrze', 'Czas:3s', 'Źle, czas:2.7s', 'Źle, czas:6.1s', 'Dobrze', 'Czas:5.1s, dobre:3, złe:1', '<br/>Ze względu na słabszą koncentrację sugerujemy abyś odłożył(a) dzisiejszą podróż.<br/>Ze względu na długi czas reakcji na bodźce sugerujemy abyś odłożył(a) dzisiejszą podróż.', '2022-10-14 12:41:57'),
(347, '314', 'Dobrze, czas: 5.2s', 'Dobrze', 'Czas:1.5s', 'Źle, czas:1.4s', 'Źle, czas:2.2s', 'Dobrze', 'Czas:6.1s, dobre:3, złe:2', '<br/>Ze względu na słabszą koncentrację sugerujemy abyś odłożył(a) dzisiejszą podróż.', '2022-10-14 14:10:23'),
(348, '313', 'Dobrze, czas: 4.6s', 'Dobrze', 'Czas:2s', 'Źle, czas:2s', 'Źle, czas:3s', 'Dobrze', 'Czas:8.8s, dobre:3, złe:1', '<br/>Ze względu na słabszą koncentrację sugerujemy abyś odłożył(a) dzisiejszą podróż.', '2022-10-14 14:13:51'),
(349, '315', 'Źle, czas: 5.2s', 'Źle', 'Czas:1.8s', 'Dobrze, czas:5.2s', 'Źle, czas:3.7s', 'Dobrze', 'Czas:9.7s, dobre:3, złe:3', '<br/>Warto przypomnieć sobie znaki drogowe.<br/>Warto przypomnieć sobie zasady pierwszeństwa w ruchu drogowym.<br/>Ze względu na słabszą koncentrację sugerujemy abyś odłożył(a) dzisiejszą podróż.<br/>Ze względu na długi czas reakcji na bodźce sugerujemy a', '2022-10-14 14:15:46'),
(350, '311', 'Dobrze, czas: 5.7s', 'Dobrze', 'Czas:3.3s', 'Dobrze, czas:2s', 'Dobrze, czas:3s', 'Dobrze', 'Czas:7.4s, dobre:3, złe:0', '<br/>Życzymy udanej podróży', '2022-10-14 14:17:24'),
(351, '310', 'Dobrze, czas: 5.1s', 'Dobrze', 'Czas:1.5s', 'Dobrze, czas:1.5s', 'Dobrze, czas:1.7s', 'Dobrze', 'Czas:5.9s, dobre:3, złe:2', '<br/>Życzymy udanej podróży', '2022-10-14 16:48:58'),
(352, '309', 'Dobrze, czas: 6.1s', 'Dobrze', 'Czas:1.5s', 'Dobrze, czas:1.9s', 'Dobrze, czas:1.9s', 'Dobrze', 'Czas:4.5s, dobre:3, złe:0', '<br/>Życzymy udanej podróży', '2022-10-14 17:02:59'),
(353, '309', 'Dobrze, czas: 10.7s', 'Źle', 'Czas:5.4s', 'Dobrze, czas:6.4s', 'Dobrze, czas:6s', 'Dobrze', 'Czas:7.2s, dobre:3, złe:0', '<br/>Warto przypomnieć sobie zasady pierwszeństwa w ruchu drogowym.<br/>Ze względu na długi czas reakcji na bodźce sugerujemy abyś odłożył(a) dzisiejszą podróż.', '2022-10-16 16:30:37'),
(354, '310', 'Dobrze, czas: 11.3s', 'Dobrze', 'Czas:5.4s', 'Dobrze, czas:6.7s', 'Dobrze, czas:1.8s', 'Dobrze', 'Czas:5.1s, dobre:3, złe:1', '<br/>Ze względu na długi czas reakcji na bodźce sugerujemy abyś odłożył(a) dzisiejszą podróż.', '2022-10-16 16:35:57'),
(355, '311', 'Dobrze, czas: 6s', 'Dobrze', 'Czas:3.4s', 'Dobrze, czas:5.7s', 'Dobrze, czas:2.8s', 'Dobrze', 'Czas:8.4s, dobre:3, złe:0', '<br/>Ze względu na długi czas reakcji na bodźce sugerujemy abyś odłożył(a) dzisiejszą podróż.', '2022-10-16 16:39:32'),
(356, '313', 'Dobrze, czas: 3.7s', 'Dobrze', 'Czas:3.4s', 'Dobrze, czas:2.6s', 'Dobrze, czas:8.2s', 'Dobrze', 'Czas:5.9s, dobre:3, złe:1', '<br/>Ze względu na długi czas reakcji na bodźce sugerujemy abyś odłożył(a) dzisiejszą podróż.', '2022-10-16 16:45:39'),
(357, '315', 'Dobrze, czas: 4.6s', 'Dobrze', 'Czas:3.1s', 'Dobrze, czas:2.6s', 'Dobrze, czas:4.3s', 'Dobrze', 'Czas:6s, dobre:3, złe:0', '<br/>Życzymy udanej podróży', '2022-10-16 16:51:27'),
(358, '314', 'Dobrze, czas: 4.5s', 'Dobrze', 'Czas:3.2s', 'Dobrze, czas:2.2s', 'Dobrze, czas:7.3s', 'Dobrze', 'Czas:5.4s, dobre:3, złe:0', '<br/>Ze względu na długi czas reakcji na bodźce sugerujemy abyś odłożył(a) dzisiejszą podróż.', '2022-10-16 16:56:24'),
(359, '323', 'Dobrze, czas: 5s', 'Dobrze', 'Czas:3.9s', 'Dobrze, czas:3.9s', 'Źle, czas:3.6s', 'Dobrze', 'Czas:4.4s, dobre:3, złe:0', '<br/>Ze względu na długi czas reakcji na bodźce sugerujemy abyś odłożył(a) dzisiejszą podróż.', '2022-10-16 17:02:38'),
(360, '325', 'Dobrze, czas: 6.1s', 'Dobrze', 'Czas:3.2s', 'Dobrze, czas:4.4s', 'Dobrze, czas:2.6s', 'Dobrze', 'Czas:6.6s, dobre:3, złe:2', '<br/>Życzymy udanej podróży', '2022-10-16 17:11:02'),
(361, '324', 'Dobrze, czas: 5.6s', 'Dobrze', 'Czas:2.4s', 'Dobrze, czas:2.7s', 'Źle, czas:1.8s', 'Pominięte', 'Czas:4.2s, dobre:3, złe:0', '<br/>Życzymy udanej podróży', '2022-10-16 17:18:50'),
(362, '317', 'Dobrze, czas: 4.1s', 'Dobrze', 'Czas:1.7s', 'Dobrze, czas:1.8s', 'Dobrze, czas:1.7s', 'Dobrze', 'Czas:5.6s, dobre:3, złe:0', '<br/>Życzymy udanej podróży', '2022-10-16 17:26:10'),
(363, '316', 'Dobrze, czas: 4.6s', 'Dobrze', 'Czas:2.1s', 'Dobrze, czas:2.2s', 'Dobrze, czas:2.5s', 'Dobrze', 'Czas:8.7s, dobre:3, złe:0', '<br/>Życzymy udanej podróży', '2022-10-16 17:33:25'),
(364, '318', 'Dobrze, czas: 5.9s', 'Dobrze', 'Czas:3.4s', 'Dobrze, czas:2.2s', 'Źle, czas:2.5s', 'Dobrze', 'Czas:7.8s, dobre:3, złe:2', '<br/>Ze względu na słabszą koncentrację sugerujemy abyś odłożył(a) dzisiejszą podróż.', '2022-10-16 17:38:02'),
(365, '320', 'Dobrze, czas: 6s', 'Dobrze', 'Czas:2.3s', 'Źle, czas:4.1s', 'Źle, czas:2.3s', 'Dobrze', 'Czas:7.1s, dobre:3, złe:1', '<br/>Ze względu na słabszą koncentrację sugerujemy abyś odłożył(a) dzisiejszą podróż.', '2022-10-16 18:22:44'),
(366, '319', 'Dobrze, czas: 4.9s', 'Dobrze', 'Czas:2.2s', 'Dobrze, czas:1.6s', 'Dobrze, czas:1.5s', 'Dobrze', 'Czas:6.5s, dobre:3, złe:0', '<br/>Życzymy udanej podróży', '2022-10-16 18:25:00'),
(367, '322', 'Dobrze, czas: 5.5s', 'Dobrze', 'Czas:2s', 'Dobrze, czas:1.5s', 'Źle, czas:1.7s', 'Dobrze', 'Czas:5.7s, dobre:3, złe:0', '<br/>Życzymy udanej podróży', '2022-10-16 18:30:01'),
(368, '321', 'Źle, czas: 5.6s', 'Dobrze', 'Czas:1.6s', 'Dobrze, czas:2.5s', 'Dobrze, czas:2.2s', 'Dobrze', 'Czas:5.5s, dobre:3, złe:0', '<br/>Warto przypomnieć sobie znaki drogowe.', '2022-10-16 18:33:04'),
(369, '325', 'Dobrze, czas: 5.5s', 'Dobrze', 'Czas:1.3s', 'Dobrze, czas:1.7s', 'Dobrze, czas:1.1s', 'Dobrze', 'Czas:4.3s, dobre:3, złe:1', '<br/>Życzymy udanej podróży', '2022-10-18 08:51:08'),
(370, '317', 'Dobrze, czas: 2.2s', 'Dobrze', 'Czas:1.1s', 'Dobrze, czas:1.1s', 'Dobrze, czas:1.3s', 'Dobrze', 'Czas:4.2s, dobre:3, złe:2', '<br/>Życzymy udanej podróży', '2022-10-18 09:20:14');

-- --------------------------------------------------------

--
-- Struktura tabeli dla tabeli `table_users`
--

CREATE TABLE `table_users` (
  `usrId` int(11) NOT NULL,
  `usrStatus` varchar(1) DEFAULT NULL,
  `usr#email` varchar(80) NOT NULL DEFAULT '',
  `usr#password` varchar(255) NOT NULL DEFAULT '',
  `usr#del_name` varchar(500) NOT NULL DEFAULT '',
  `usr#del_street` varchar(200) NOT NULL DEFAULT '',
  `usr#del_building_no` varchar(20) NOT NULL DEFAULT '',
  `usr#del_flat_no` varchar(10) NOT NULL DEFAULT '',
  `usr#del_postal` varchar(6) NOT NULL DEFAULT '',
  `usr#del_city` varchar(100) NOT NULL DEFAULT '',
  `usr#del_country` varchar(100) NOT NULL DEFAULT '',
  `usr#activation_key` varchar(40) NOT NULL DEFAULT '',
  `usr#del_phone` varchar(20) NOT NULL DEFAULT '',
  `usr#rodo` varchar(255) NOT NULL DEFAULT ''
) ENGINE=MyISAM DEFAULT CHARSET=utf8;

--
-- Zrzut danych tabeli `table_users`
--

INSERT INTO `table_users` (`usrId`, `usrStatus`, `usr#email`, `usr#password`, `usr#del_name`, `usr#del_street`, `usr#del_building_no`, `usr#del_flat_no`, `usr#del_postal`, `usr#del_city`, `usr#del_country`, `usr#activation_key`, `usr#del_phone`, `usr#rodo`) VALUES
(2, '1', 'adam@setmax.pl', '4ff31359eb87088ab845936c211eeb5d01894117', 'Adam', '', '', '', '', '', '', '', '', ''),
(305, NULL, 'merwin@vp.pl', '4ff31359eb87088ab845936c211eeb5d01894117', 'Merwin', '', '', '', '', '', '', '', '', 'tak'),
(306, NULL, 'sylwia.gwiazdowska@onet.pl', 'd714f83e11dd0a35ffd56527c45ebfdae3908d61', '', '', '', '', '', '', '', 'a918daecde2ed664db4e12abb88fb610ea378d54', '', 'tak'),
(307, NULL, 'bartoszswider666@gmail.com', '2f6bcb92ee3e7577103c3e3b99955307b3f1b2f5', 'Bartosz', '', '', '', '', '', '', '', '', 'tak'),
(308, NULL, 'thebillek@gmail.com', 'cc5715c94ee6c2c736f39fc6d70380a6a1d73a26', '', '', '', '', '', '', '', '', '', 'tak'),
(309, NULL, 'wiesioszerus@wp.pl', '7c4a8d09ca3762af61e59520943dc26494f8941b', 'Wiesław', '', '', '', '', '', '', '', '', 'tak'),
(310, '', 'danusia.szer@interia.pl', '7c4a8d09ca3762af61e59520943dc26494f8941b', 'Danuta', '', '', '', '', '', '', '', '', 'tak'),
(311, NULL, 'werakawka@poczta.fm', '7c4a8d09ca3762af61e59520943dc26494f8941b', 'Wera', '', '', '', '', '', '', '', '', 'tak'),
(312, '1', 'krzystofkozikowski@o2.pl', '7c4a8d09ca3762af61e59520943dc26494f8941b', '', '', '', '', '', '', '', '0154af525d0609ccb2fbddad9aea5805839f3343', '', 'tak'),
(313, NULL, 'tbroda@op.pl', '7c4a8d09ca3762af61e59520943dc26494f8941b', 'Tomasz', '', '', '', '', '', '', '', '', 'tak'),
(314, '1', 'annat1945@yahoo.com', '7c4a8d09ca3762af61e59520943dc26494f8941b', 'Anna', '', '', '', '', '', '', '', '', 'tak'),
(316, '1', 'm.chrzan@op.pl', '7c4a8d09ca3762af61e59520943dc26494f8941b', 'Maciej', '', '', '', '', '', '', '', '', 'tak'),
(315, NULL, 'krzysztofkozikowski@o2.pl', '7c4a8d09ca3762af61e59520943dc26494f8941b', 'Krzysztof', '', '', '', '', '', '', '', '', 'tak'),
(317, NULL, 'dabrowskidariusz@onet.pl', '7c4a8d09ca3762af61e59520943dc26494f8941b', 'Dariusz', '', '', '', '', '', '', '', '', 'tak'),
(318, NULL, 'dorotak1949@vp.pl', '7c4a8d09ca3762af61e59520943dc26494f8941b', 'Dorota ', '', '', '', '', '', '', '', '', 'tak'),
(319, '1', 'maciej.kostek@onet.eu', '7c4a8d09ca3762af61e59520943dc26494f8941b', 'Maciej', '', '', '', '', '', '', '', '', 'tak'),
(320, '1', 'ireneuszs1944@interia.pl', '7c4a8d09ca3762af61e59520943dc26494f8941b', 'Ireneusz', '', '', '', '', '', '', '', '', 'tak'),
(321, '1', 'jacekmajcher@yahoo.com', '7c4a8d09ca3762af61e59520943dc26494f8941b', 'Jacek', '', '', '', '', '', '', '', '', 'tak'),
(322, '1', 'slomka.kamil@gmail.com', '7c4a8d09ca3762af61e59520943dc26494f8941b', 'Kamil', '', '', '', '', '', '', '', '', 'tak'),
(323, '1', 'Barbara.guzowska-swider@tlen.pl', '7c4a8d09ca3762af61e59520943dc26494f8941b', 'Barbara', '', '', '', '', '', '', '', '', 'tak'),
(324, '1', 'b27swider@wp.pl', '7c4a8d09ca3762af61e59520943dc26494f8941b', 'Bronisław', '', '', '', '', '', '', '', '', 'tak'),
(325, '1', 'd_kandefer@poczta.fm', '7c4a8d09ca3762af61e59520943dc26494f8941b', 'Teresa', '', '', '', '', '', '', '', '', 'tak');

-- --------------------------------------------------------

--
-- Struktura tabeli dla tabeli `table_zestawy`
--

CREATE TABLE `table_zestawy` (
  `ztId` int(11) NOT NULL,
  `ztStatus` varchar(1) DEFAULT NULL,
  `zt#nazwa` varchar(255) NOT NULL DEFAULT '',
  `zt#t1_pytanie` varchar(255) NOT NULL DEFAULT '',
  `zt#t1_znak` varchar(255) NOT NULL DEFAULT '',
  `zt#t1_odpowiedz` varchar(255) NOT NULL DEFAULT '',
  `zt#t2_pytanie` varchar(255) NOT NULL DEFAULT '',
  `zt#t2_obraz` varchar(255) NOT NULL DEFAULT '',
  `zt#t2_odpowiedz` varchar(255) NOT NULL DEFAULT '',
  `zt#t3_pytanie` varchar(255) NOT NULL DEFAULT '',
  `zt#t3_obraz` varchar(255) NOT NULL DEFAULT '',
  `zt#t3_odpowiedz` varchar(255) NOT NULL DEFAULT ''
) ENGINE=InnoDB DEFAULT CHARSET=utf8;

--
-- Zrzut danych tabeli `table_zestawy`
--

INSERT INTO `table_zestawy` (`ztId`, `ztStatus`, `zt#nazwa`, `zt#t1_pytanie`, `zt#t1_znak`, `zt#t1_odpowiedz`, `zt#t2_pytanie`, `zt#t2_obraz`, `zt#t2_odpowiedz`, `zt#t3_pytanie`, `zt#t3_obraz`, `zt#t3_odpowiedz`) VALUES
(1, '1', 'Test 1', 'Który ze znaków to - Zakaz wjazdu', '/media/znaki_drogowe/1.png', 'A', 'Kto ma pierwszeństwo na tej krzyżówce', '/media/krzyzowki/1.png', '1', 'Który ze znaków to - Skrzyżowanie z drogą podżędną', '/media/znaki_drogowe/18.png', 'C'),
(2, '1', 'Test 2', 'Który ze znaków to - Nakaz jazdy w lewo', '/media/znaki_drogowe/2.png', 'C', 'Kto ma pierwszeństwo na tej krzyżówce', '/media/krzyzowki/2.png', '2', 'Który ze znaków to - Zakaz wjazdu', '/media/znaki_drogowe/2.png', 'A'),
(3, '1', 'Test 3', 'Który ze znaków to - Nakaz skrętu w lewo', '/media/znaki_drogowe/3.png', 'C', 'Kto ma pierwszeństwo na tej krzyżówce', '/media/krzyzowki/3.png', '1', 'Który ze znaków to - Zakaz wyprzedzania', '/media/znaki_drogowe/12.png', 'C'),
(4, '1', 'Test 4', 'Który ze znaków to - Droga z pierwszeństwem przejazdu', '/media/znaki_drogowe/4.png', 'A', 'Kto ma pierwszeństwo na tej krzyżówce', '/media/krzyzowki/4.png', '2', 'Który ze znaków to - Zakaz zatrzymywania i postoju', '/media/znaki_drogowe/14.png', 'B'),
(5, '1', 'Test 5', 'Który ze znaków to - Zakaz wjazdu', '/media/znaki_drogowe/5.png', 'C', 'Kto przejeżdża ostatni na tej krzyżówce?', '/media/krzyzowki/5.png', '3', 'Który ze znaków to - Rondo', '/media/znaki_drogowe/18.png', 'A'),
(6, '1', 'Test 6', 'Który ze znaków to - Zakaz skrętu w prawo', '/media/znaki_drogowe/6.png', 'B', 'Kto ma pierwszeństwo na tej krzyżówce', '/media/krzyzowki/6.png', '3', 'Który ze znaków to - Droga z pierwszeństwem', '/media/znaki_drogowe/1.png', 'B'),
(7, '1', 'Test 7', 'Który ze znaków to - Droga dwukierunkowa', '/media/znaki_drogowe/7.png', 'A', 'Kto ma pierwszeństwo na tej krzyżówce', '/media/krzyzowki/7.png', '1', 'Który ze znaków to - Zwężenie drogi', '/media/znaki_drogowe/21.png', 'C'),
(8, '1', 'Test 8', 'Który ze znaków to - Zakaz skrętu w prawo', '/media/znaki_drogowe/8.png', 'C', 'Kto ma pierwszeństwo na tej krzyżówce', '/media/krzyzowki/8.png', '3', 'Który ze znaków to - Zakaz zatrzymywania się i postoju', '/media/znaki_drogowe/20.png', 'A'),
(9, '1', 'Test 9', 'Który ze znaków to - Zakaz wyprzedzania', '/media/znaki_drogowe/9.png', 'A', 'Kto ma pierwszeństwo na tej krzyżówce', '/media/krzyzowki/9.png', '2', 'Który ze znaków to - Ustąp pierwszeństwa przejazdu', '/media/znaki_drogowe/15.png', 'B'),
(10, '1', 'Test 10', 'Który ze znaków to - Nakaz skrętu w lewo', '/media/znaki_drogowe/10.png', 'A', 'Kto ma pierwszeństwo na tej krzyżówce', '/media/krzyzowki/10.png', '1', 'Który ze znaków to - Droga z pierwszeństwem przejazdu', '/media/znaki_drogowe/9.png', 'B'),
(11, '1', 'Test 11', 'Który ze znaków to - Nakaz skrętu w prawo', '/media/znaki_drogowe/11.png', 'C', 'Kto ma pierwszeństwo na tej krzyżówce', '/media/krzyzowki/11.png', '3', 'Który ze znaków to - Dwa niebezpieczne zakręty pierwszy w prawo', '/media/znaki_drogowe/6.png', 'C'),
(12, '1', 'Test 12', 'Który ze znaków to - Droga bez przejazdu', '/media/znaki_drogowe/12.png', 'A', 'Kto ma pierwszeństwo na tej krzyżówce', '/media/krzyzowki/12.png', '1', 'Który ze znaków to - Droga z pierwszeństwem przejazdu', '/media/znaki_drogowe/9.png', 'B'),
(13, '1', 'Test 13', 'Który ze znaków to - Koniec drogi z pierwszeństwem', '/media/znaki_drogowe/13.png', 'A', 'Kto ma pierwszeństwo na tej krzyżówce', '/media/krzyzowki/13.png', '1', 'Który ze znaków to - Droga z pierwszeństwem', '/media/znaki_drogowe/11.png', 'B'),
(14, '1', 'Test 14', 'Który ze znaków to - Uwaga zakręt', '/media/znaki_drogowe/14.png', 'C', 'Kto ma pierszeństwo na tej krzyżówce', '/media/krzyzowki/14.png', '2', 'Który ze znaków to - Uwaga prawostronne zwężenie jezdni ', '/media/znaki_drogowe/21.png', 'C'),
(15, '1', 'Test 15', 'Który ze znaków to - Ustąp pierwszeństwa przejazdu', '/media/znaki_drogowe/15.png', 'B', 'Kto ma pierwszeństwo na tej krzyżówce', '/media/krzyzowki/15.png', '3', 'Który ze znaków to - Zakaz zatrzymywania i postoju', '/media/znaki_drogowe/20.png', 'A'),
(16, '1', 'Test 16', 'Który ze znaków to - Zakaz zatrzymywania i postoju', '/media/znaki_drogowe/16.png', 'A', 'Kto ma pierszeństwo na tej krzyżówce', '/media/krzyzowki/16.png', '3', 'Który ze znaków to - Droga z pierwszeństwem', '/media/znaki_drogowe/10.png', 'C'),
(17, '1', 'Test 17', 'Który ze znaków to - Nakaz jazdy w prawo lub lewo', '/media/znaki_drogowe/17.png', 'C', 'Kto ma pierwszeństwo na tej krzyżówce', '/media/krzyzowki/17.png', '1', 'Który ze znaków to - Zakaz wyprzedzania', '/media/znaki_drogowe/11.png', 'A'),
(18, '1', 'Test 18', 'Który ze znaków to - Nakaz jazdy w prawo lub lewo', '/media/znaki_drogowe/18.png', 'B', 'Kto ma pierwszeństwo na tej krzyżówce', '/media/krzyzowki/18.png', '1', 'Który ze znaków to - Droga z pierwszeństwem', '/media/znaki_drogowe/4.png', 'A'),
(19, '1', 'Test 19', 'Który ze znaków to - Droga z pierwszeństwem przejazdu', '/media/znaki_drogowe/19.png', 'C', 'Kto ma pierwszeństwo na tej krzyżówce', '/media/krzyzowki/19.png', '2', 'Który ze znaków to - Ustąp pierwszeństwa przejazdu', '/media/znaki_drogowe/15.png', 'B'),
(20, '1', 'Test 20', 'Który ze znaków to - Koniec drogi z pierwszeństwem przejazdu', '/media/znaki_drogowe/20.png', 'C', 'Kto ma pierszeństwo na tej krzyżówce', '/media/krzyzowki/20.png', '1', 'Który ze znaków to - Zakaz skrętu w prawo', '/media/znaki_drogowe/7.png', 'B'),
(21, '1', 'Test 21', 'Który ze znaków to - Prawostronne zwężenie drogi', '/media/znaki_drogowe/21.png', 'C', 'Kto ma pierwszeństwo na tej krzyżówce', '/media/krzyzowki/21.png', '3', 'Który ze znaków to - Nakaz jazdy w prawo lub w lewo', '/media/znaki_drogowe/17.png', 'C');

-- --------------------------------------------------------

--
-- Struktura tabeli dla tabeli `texts`
--

CREATE TABLE `texts` (
  `txtId` int(11) NOT NULL,
  `txtName` varchar(80) NOT NULL,
  `txtContent@pl` text NOT NULL,
  `txtContent@en` text NOT NULL,
  `txtLanguages` text NOT NULL,
  `txtCategories` text NOT NULL,
  `txtStatus` varchar(1) NOT NULL,
  `txtSequence` int(11) NOT NULL
) ENGINE=MyISAM DEFAULT CHARSET=utf8;

--
-- Zrzut danych tabeli `texts`
--

INSERT INTO `texts` (`txtId`, `txtName`, `txtContent@pl`, `txtContent@en`, `txtLanguages`, `txtCategories`, `txtStatus`, `txtSequence`) VALUES
(15, 'motd', '<p style=\"text-align: center;\"><span style=\"font-size: 18px;\">&nbsp;&nbsp;&nbsp;&nbsp;&nbsp;&nbsp;&nbsp;&nbsp;&nbsp;&nbsp;&nbsp;&nbsp;&nbsp;&nbsp;&nbsp;&nbsp;&nbsp;&nbsp;&nbsp;Informujemy,&nbsp;iż Zam&oacute;wienia składane do .... będą&nbsp;realizowane przed ...... &nbsp;&nbsp;&nbsp;&nbsp;&nbsp;&nbsp;&nbsp;&nbsp;&nbsp;&nbsp;&nbsp;&nbsp;&nbsp;&nbsp;&nbsp; &nbsp;&nbsp;&nbsp;&nbsp;&nbsp;&nbsp;&nbsp; Zam&oacute;wienia składane&nbsp;od dnia ....... będą realizowane&nbsp;po .....</span></p>\r\n', '', '', '', '0', 0),
(17, 'tresc_rejestracja', 'Dzięki rejestracji otrzymasz wgląd do historii swoich zam&oacute;wień oraz możliwość zapisania na stałe swoich danych.<br />\r\n<br />\r\nJeśli zapomniałeś hasła do swojego konta, możesz je zresetować, klikając <a href=\"http://gfree24.pl/konto/resetuj-haslo\">tutaj</a>.', '', '', '', '1', 0),
(12, 'meta_tytul', 'Prowadź bezpiecznie', '', '', '', '1', 0),
(13, 'meta_opis', 'Prowadź bezpiecznie - Aplikacja pozwala zweryfikować czy osoba starsza jest w stanie bezpiecznie dla siebie i innych prowadzić samochód w danym dniu.', '', '', '', '1', 0),
(14, 'meta_slowa', 'Prowadź bezpiecznie', '', '', '', '1', 0),
(43, 'O_Projekcie', '<br />\r\n<strong>Aplikacja &quot;Prowadź bezpiecznie&quot;</strong> pozwala zweryfikować czy osoba starsza z ograniczoną mobilnością i/lub percepcją jest w stanie bezpiecznie dla siebie i innych prowadzić samoch&oacute;d w danym dniu.<br />\r\nMa ona formę kr&oacute;tkiego testu, gdzie badana jest znajomość zasad ruchu drogowego oraz szybkość reakcji na bodźce i koncentracja uwagi.<br />\r\nPonadto aplikacja zawiera alert pogodowy wraz z&nbsp;odpowiednimi ostrzeżeniami, np. informację o spadku ciśnienia atmosferycznego i związaną z tym osłabioną koncentracją czy możliwością wystąpienia np. burzy.<br />\r\n<br />\r\n&nbsp;', '', '', ';1;', '1', 0);

--
-- Indeksy dla zrzutów tabel
--

--
-- Indeksy dla tabeli `admins`
--
ALTER TABLE `admins`
  ADD PRIMARY KEY (`admId`);

--
-- Indeksy dla tabeli `categories`
--
ALTER TABLE `categories`
  ADD PRIMARY KEY (`catId`);

--
-- Indeksy dla tabeli `customFields`
--
ALTER TABLE `customFields`
  ADD PRIMARY KEY (`cfiId`);

--
-- Indeksy dla tabeli `grid`
--
ALTER TABLE `grid`
  ADD UNIQUE KEY `grid_pair` (`griAdmin_admId`,`griTable`);

--
-- Indeksy dla tabeli `modules`
--
ALTER TABLE `modules`
  ADD PRIMARY KEY (`modId`);

--
-- Indeksy dla tabeli `module_shop`
--
ALTER TABLE `module_shop`
  ADD PRIMARY KEY (`modShpId`);

--
-- Indeksy dla tabeli `module_users`
--
ALTER TABLE `module_users`
  ADD PRIMARY KEY (`modUsrId`);

--
-- Indeksy dla tabeli `pages`
--
ALTER TABLE `pages`
  ADD PRIMARY KEY (`pagId`);

--
-- Indeksy dla tabeli `queries`
--
ALTER TABLE `queries`
  ADD PRIMARY KEY (`queId`);

--
-- Indeksy dla tabeli `tables`
--
ALTER TABLE `tables`
  ADD PRIMARY KEY (`tabId`);

--
-- Indeksy dla tabeli `table_historia`
--
ALTER TABLE `table_historia`
  ADD PRIMARY KEY (`hisId`);

--
-- Indeksy dla tabeli `table_users`
--
ALTER TABLE `table_users`
  ADD PRIMARY KEY (`usrId`);

--
-- Indeksy dla tabeli `table_zestawy`
--
ALTER TABLE `table_zestawy`
  ADD PRIMARY KEY (`ztId`);

--
-- Indeksy dla tabeli `texts`
--
ALTER TABLE `texts`
  ADD PRIMARY KEY (`txtId`);

--
-- AUTO_INCREMENT dla zrzuconych tabel
--

--
-- AUTO_INCREMENT dla tabeli `admins`
--
ALTER TABLE `admins`
  MODIFY `admId` int(11) NOT NULL AUTO_INCREMENT, AUTO_INCREMENT=7;

--
-- AUTO_INCREMENT dla tabeli `categories`
--
ALTER TABLE `categories`
  MODIFY `catId` int(11) NOT NULL AUTO_INCREMENT, AUTO_INCREMENT=287;

--
-- AUTO_INCREMENT dla tabeli `customFields`
--
ALTER TABLE `customFields`
  MODIFY `cfiId` int(11) NOT NULL AUTO_INCREMENT, AUTO_INCREMENT=395;

--
-- AUTO_INCREMENT dla tabeli `modules`
--
ALTER TABLE `modules`
  MODIFY `modId` int(11) NOT NULL AUTO_INCREMENT, AUTO_INCREMENT=15;

--
-- AUTO_INCREMENT dla tabeli `module_users`
--
ALTER TABLE `module_users`
  MODIFY `modUsrId` int(11) NOT NULL AUTO_INCREMENT, AUTO_INCREMENT=8;

--
-- AUTO_INCREMENT dla tabeli `pages`
--
ALTER TABLE `pages`
  MODIFY `pagId` int(11) NOT NULL AUTO_INCREMENT, AUTO_INCREMENT=51;

--
-- AUTO_INCREMENT dla tabeli `queries`
--
ALTER TABLE `queries`
  MODIFY `queId` int(11) NOT NULL AUTO_INCREMENT, AUTO_INCREMENT=36;

--
-- AUTO_INCREMENT dla tabeli `tables`
--
ALTER TABLE `tables`
  MODIFY `tabId` int(11) NOT NULL AUTO_INCREMENT, AUTO_INCREMENT=57;

--
-- AUTO_INCREMENT dla tabeli `table_historia`
--
ALTER TABLE `table_historia`
  MODIFY `hisId` int(11) NOT NULL AUTO_INCREMENT, AUTO_INCREMENT=371;

--
-- AUTO_INCREMENT dla tabeli `table_users`
--
ALTER TABLE `table_users`
  MODIFY `usrId` int(11) NOT NULL AUTO_INCREMENT, AUTO_INCREMENT=326;

--
-- AUTO_INCREMENT dla tabeli `table_zestawy`
--
ALTER TABLE `table_zestawy`
  MODIFY `ztId` int(11) NOT NULL AUTO_INCREMENT, AUTO_INCREMENT=22;

--
-- AUTO_INCREMENT dla tabeli `texts`
--
ALTER TABLE `texts`
  MODIFY `txtId` int(11) NOT NULL AUTO_INCREMENT, AUTO_INCREMENT=44;
COMMIT;

